{"file_id":"F35","vid":"V1807","name":"CAP","var_intrvl":"discrete","var_dcml":null,"var_wgt":null,"var_is_wgt":null,"loc_start_pos":"72","loc_end_pos":"73","loc_width":"2","loc_rec_seg_no":"1","labl":"Cap\u00edtulo","var_imputation":null,"var_security":null,"var_resp_unit":null,"var_analysis_unit":null,"var_qstn_preqtxt":null,"var_qstn_qstnlit":null,"var_qstn_postqtxt":null,"var_qstn_ivuinstr":null,"var_universe":"El universo para la Encuesta Longitudinal de Colombia (ELCO) est\u00e1 conformado por la poblaci\u00f3n civil no institucional residente en todo el territorio nacional, excluyendo San Andr\u00e9s, Providencia y los departamentos de Amazonas, Guain\u00eda y Vaup\u00e9s.","var_universe_clusion":"I","var_sumstat":[{"value":"350648","type":"vald","wgtd":null},{"value":"0","type":"invd","wgtd":null}],"var_txt":null,"var_catgry":[{"value":"0","labl":null,"is_missing":null,"stats":[{"value":"61","type":"freq","wgtd":null}]},{"value":"G1","labl":null,"is_missing":null,"stats":[{"value":"242484","type":"freq","wgtd":null}]},{"value":"G2","labl":null,"is_missing":null,"stats":[{"value":"28202","type":"freq","wgtd":null}]},{"value":"G3","labl":null,"is_missing":null,"stats":[{"value":"58086","type":"freq","wgtd":null}]},{"value":"G4","labl":null,"is_missing":null,"stats":[{"value":"10860","type":"freq","wgtd":null}]},{"value":"G5","labl":null,"is_missing":null,"stats":[{"value":"10955","type":"freq","wgtd":null}]}],"var_codinstr":null,"var_concept":[],"var_format":{"type":"character","schema":"other","category":null,"name":null},"var_notes":null,"var_val_range":{"min":null,"max":null},"fid":"F35","sid":"814","survey_idno":"DANE-DIMPE-ELCO-2019"}

Capítulo

El universo para la Encuesta Longitudinal de Colombia (ELCO) está conformado por la población civil no institucional residente en todo el territorio nacional, excluyendo San Andrés, Providencia y los departamentos de Amazonas, Guainía y Vaupés.
