{"file_id":"F52","vid":"V2699","name":"P2383","var_intrvl":"discrete","var_dcml":null,"var_wgt":null,"var_is_wgt":null,"loc_start_pos":"160","loc_end_pos":"160","loc_width":"1","loc_rec_seg_no":"1","labl":"8. \u00bfCu\u00e1nto tiempo estuvo buscando trabajo?","var_imputation":null,"var_security":null,"var_resp_unit":null,"var_analysis_unit":null,"var_qstn_preqtxt":null,"var_qstn_qstnlit":"8. \u00bfCu\u00e1nto tiempo estuvo buscando trabajo?\n\n1.\tMenos de una semana\n2.\tEntre 1 semana y 1 mes\n3.\tEntre 1 mes y 3 meses\n4.\tEntre 3 meses y 6 meses\n5.\tEntre 6 meses y 1 a\u00f1o\n6.\tM\u00e1s de 1 a\u00f1o","var_qstn_postqtxt":null,"var_qstn_ivuinstr":null,"var_universe":"El universo para la Encuesta Longitudinal de Colombia (ELCO) est\u00e1 conformado por la poblaci\u00f3n civil no institucional residente en todo el territorio nacional, excluyendo San Andr\u00e9s, Providencia y los departamentos de Amazonas, Guain\u00eda y Vaup\u00e9s.","var_universe_clusion":"I","var_sumstat":[{"value":"497","type":"vald","wgtd":null},{"value":"0","type":"invd","wgtd":null}],"var_txt":null,"var_catgry":[{"value":"1","labl":"Menos de una semana","is_missing":null,"stats":[{"value":"13","type":"freq","wgtd":null}]},{"value":"2","labl":"Entre 1 semana y 1 mes","is_missing":null,"stats":[{"value":"62","type":"freq","wgtd":null}]},{"value":"3","labl":"Entre 1 mes y 3 meses","is_missing":null,"stats":[{"value":"93","type":"freq","wgtd":null}]},{"value":"4","labl":"Entre 3 meses y 6 meses","is_missing":null,"stats":[{"value":"76","type":"freq","wgtd":null}]},{"value":"5","labl":"Entre 6 meses y 1 a\u00f1o","is_missing":null,"stats":[{"value":"106","type":"freq","wgtd":null}]},{"value":"6","labl":"M\u00e1s de 1 a\u00f1o","is_missing":null,"stats":[{"value":"147","type":"freq","wgtd":null}]}],"var_codinstr":null,"var_concept":[],"var_format":{"type":"character","schema":"other","category":null,"name":null},"var_notes":null,"var_val_range":{"min":null,"max":null},"fid":"F52","sid":"814","survey_idno":"DANE-DIMPE-ELCO-2019"}

8. ¿Cuánto tiempo estuvo buscando trabajo?

8. ¿Cuánto tiempo estuvo buscando trabajo?

1.	Menos de una semana
2.	Entre 1 semana y 1 mes
3.	Entre 1 mes y 3 meses
4.	Entre 3 meses y 6 meses
5.	Entre 6 meses y 1 año
6.	Más de 1 año

El universo para la Encuesta Longitudinal de Colombia (ELCO) está conformado por la población civil no institucional residente en todo el territorio nacional, excluyendo San Andrés, Providencia y los departamentos de Amazonas, Guainía y Vaupés.

Entre 6 meses y 1 año

Más de 1 año
