{"file_id":"F59","vid":"V2974","name":"P5095","var_intrvl":"discrete","var_dcml":"0","var_wgt":null,"var_is_wgt":null,"loc_start_pos":"71","loc_end_pos":"71","loc_width":"1","loc_rec_seg_no":"1","labl":"1.  La vivienda ocupada por este hogar es:","var_imputation":null,"var_security":null,"var_resp_unit":null,"var_analysis_unit":null,"var_qstn_preqtxt":null,"var_qstn_qstnlit":"1.  La vivienda ocupada por este hogar es:\n\n1.\tPropia, totalmente pagada\n2.\tPropia, la est\u00e1n pagando\n3.\tEn arriendo o subarriendo\n4.\tCon permiso del propietario, sin pago alguno (usufructuario)\n5.\tPosesi\u00f3n sin t\u00edtulo (ocupante de hecho) o propiedad colectiva","var_qstn_postqtxt":null,"var_qstn_ivuinstr":null,"var_universe":"El universo para la Encuesta Longitudinal de Colombia (ELCO) est\u00e1 conformado por la poblaci\u00f3n civil no institucional residente en todo el territorio nacional, excluyendo San Andr\u00e9s, Providencia y los departamentos de Amazonas, Guain\u00eda y Vaup\u00e9s.","var_universe_clusion":"I","var_sumstat":[{"value":"16938","type":"vald","wgtd":null},{"value":"0","type":"invd","wgtd":null},{"value":"1","type":"min","wgtd":null},{"value":"5","type":"max","wgtd":null},{"value":"2.043","type":"mean","wgtd":null},{"value":"1.305","type":"stdev","wgtd":null}],"var_txt":null,"var_catgry":[{"value":"1","labl":"Propia, totalmente pagada","is_missing":null,"stats":[{"value":"9629","type":"freq","wgtd":null}]},{"value":"2","labl":"Propia, la est\u00e1n pagando","is_missing":null,"stats":[{"value":"675","type":"freq","wgtd":null}]},{"value":"3","labl":"En arriendo o subarriendo","is_missing":null,"stats":[{"value":"3614","type":"freq","wgtd":null}]},{"value":"4","labl":"Con permiso del propietario, sin pago alguno (usufructuario)","is_missing":null,"stats":[{"value":"2310","type":"freq","wgtd":null}]},{"value":"5","labl":"Posesi\u00f3n sin t\u00edtulo (ocupante de hecho) o propiedad colectiva","is_missing":null,"stats":[{"value":"710","type":"freq","wgtd":null}]}],"var_codinstr":null,"var_concept":[],"var_format":{"type":"numeric","schema":"other","category":null,"name":null},"var_notes":null,"var_val_range":{"min":"1","max":"5"},"fid":"F59","sid":"814","survey_idno":"DANE-DIMPE-ELCO-2019"}

1.  La vivienda ocupada por este hogar es:

1.	Propia, totalmente pagada
2.	Propia, la están pagando
3.	En arriendo o subarriendo
4.	Con permiso del propietario, sin pago alguno (usufructuario)
5.	Posesión sin título (ocupante de hecho) o propiedad colectiva

El universo para la Encuesta Longitudinal de Colombia (ELCO) está conformado por la población civil no institucional residente en todo el territorio nacional, excluyendo San Andrés, Providencia y los departamentos de Amazonas, Guainía y Vaupés.

Propia, la están pagando

Posesión sin título (ocupante de hecho) o propiedad colectiva
