{"file_id":"F60","vid":"V3234","name":"P2122","var_intrvl":"discrete","var_dcml":"0","var_wgt":null,"var_is_wgt":null,"loc_start_pos":"338","loc_end_pos":"338","loc_width":"1","loc_rec_seg_no":"1","labl":"12. Durante los \u00daLTIMOS 12 MESES, \u00bfalg\u00fan miembro de este hogar DIO o ENVI\u00d3 ayudas en dinero y\/o en especie a, Familiares o amigos que viven en Colombia:","var_imputation":null,"var_security":null,"var_resp_unit":null,"var_analysis_unit":null,"var_qstn_preqtxt":null,"var_qstn_qstnlit":"12. Durante los \u00daLTIMOS 12 MESES, \u00bfalg\u00fan miembro de este hogar DIO o ENVI\u00d3 ayudas en dinero y\/o en especie a, Familiares o amigos que viven en Colombia:\n\n1.\tS\u00ed\n2.\tNo                                                               \n9.\tNo responde","var_qstn_postqtxt":null,"var_qstn_ivuinstr":null,"var_universe":"El universo para la Encuesta Longitudinal de Colombia (ELCO) est\u00e1 conformado por la poblaci\u00f3n civil no institucional residente en todo el territorio nacional, excluyendo San Andr\u00e9s, Providencia y los departamentos de Amazonas, Guain\u00eda y Vaup\u00e9s.","var_universe_clusion":"I","var_sumstat":[{"value":"16938","type":"vald","wgtd":null},{"value":"0","type":"invd","wgtd":null},{"value":"1","type":"min","wgtd":null},{"value":"9","type":"max","wgtd":null},{"value":"3.122","type":"mean","wgtd":null},{"value":"2.614","type":"stdev","wgtd":null}],"var_txt":null,"var_catgry":[{"value":"1","labl":"S\u00ed","is_missing":null,"stats":[{"value":"506","type":"freq","wgtd":null}]},{"value":"2","labl":"No","is_missing":null,"stats":[{"value":"13645","type":"freq","wgtd":null}]},{"value":"9","labl":"No responde","is_missing":null,"stats":[{"value":"2787","type":"freq","wgtd":null}]}],"var_codinstr":null,"var_concept":[],"var_format":{"type":"numeric","schema":"other","category":null,"name":null},"var_notes":null,"var_val_range":{"min":"1","max":"9"},"fid":"F60","sid":"814","survey_idno":"DANE-DIMPE-ELCO-2019"}

12. Durante los ÚLTIMOS 12 MESES, ¿algún miembro de este hogar DIO o ENVIÓ ayudas en dinero y/o en especie a, Familiares o amigos que viven en Colombia:

12. Durante los ÚLTIMOS 12 MESES, ¿algún miembro de este hogar DIO o ENVIÓ ayudas en dinero y/o en especie a, Familiares o amigos que viven en Colombia:

1.	Sí
2.	No                                                               
9.	No responde

El universo para la Encuesta Longitudinal de Colombia (ELCO) está conformado por la población civil no institucional residente en todo el territorio nacional, excluyendo San Andrés, Providencia y los departamentos de Amazonas, Guainía y Vaupés.

Sí
