{"file_id":"F62","vid":"V3316","name":"P2266","var_intrvl":"discrete","var_dcml":null,"var_wgt":null,"var_is_wgt":null,"loc_start_pos":"167","loc_end_pos":"167","loc_width":"1","loc_rec_seg_no":"1","labl":"8. \u00bfLa jornada escolar es?","var_imputation":null,"var_security":null,"var_resp_unit":null,"var_analysis_unit":null,"var_qstn_preqtxt":null,"var_qstn_qstnlit":"8. \u00bfLa jornada escolar es?\n\n1.\tCompleta\n2.\tMa\u00f1ana\n3.\tTarde\n4.\tNocturna\n5.\tFormaci\u00f3n a distancia","var_qstn_postqtxt":null,"var_qstn_ivuinstr":null,"var_universe":"El universo para la Encuesta Longitudinal de Colombia (ELCO) est\u00e1 conformado por la poblaci\u00f3n civil no institucional residente en todo el territorio nacional, excluyendo San Andr\u00e9s, Providencia y los departamentos de Amazonas, Guain\u00eda y Vaup\u00e9s.","var_universe_clusion":"I","var_sumstat":[{"value":"10597","type":"vald","wgtd":null},{"value":"0","type":"invd","wgtd":null}],"var_txt":null,"var_catgry":[{"value":"1","labl":"Completa","is_missing":null,"stats":[{"value":"1304","type":"freq","wgtd":null}]},{"value":"2","labl":"Ma\u00f1ana","is_missing":null,"stats":[{"value":"7687","type":"freq","wgtd":null}]},{"value":"3","labl":"Tarde","is_missing":null,"stats":[{"value":"1426","type":"freq","wgtd":null}]},{"value":"4","labl":"Nocturna","is_missing":null,"stats":[{"value":"102","type":"freq","wgtd":null}]},{"value":"5","labl":"Formaci\u00f3n a distancia","is_missing":null,"stats":[{"value":"78","type":"freq","wgtd":null}]}],"var_codinstr":null,"var_concept":[],"var_format":{"type":"character","schema":"other","category":null,"name":null},"var_notes":null,"var_val_range":{"min":null,"max":null},"fid":"F62","sid":"814","survey_idno":"DANE-DIMPE-ELCO-2019"}

8. ¿La jornada escolar es?

1.	Completa
2.	Mañana
3.	Tarde
4.	Nocturna
5.	Formación a distancia

El universo para la Encuesta Longitudinal de Colombia (ELCO) está conformado por la población civil no institucional residente en todo el territorio nacional, excluyendo San Andrés, Providencia y los departamentos de Amazonas, Guainía y Vaupés.

Mañana

Formación a distancia
