{"file_id":"F62","vid":"V3374","name":"P429","var_intrvl":"discrete","var_dcml":null,"var_wgt":null,"var_is_wgt":null,"loc_start_pos":"272","loc_end_pos":"272","loc_width":"1","loc_rec_seg_no":"1","labl":"25. \u00bfCu\u00e1l fue o es el \u00e1rea o tem\u00e1tica principal sobre la que se ha capacitado o se est\u00e1 capacitando?","var_imputation":null,"var_security":null,"var_resp_unit":null,"var_analysis_unit":null,"var_qstn_preqtxt":null,"var_qstn_qstnlit":"25. \u00bfCu\u00e1l fue o es el \u00e1rea o tem\u00e1tica principal sobre la que se ha capacitado o se est\u00e1 capacitando?\n\n1.\tFinanzas y Administraci\u00f3n\n2.\tCiencias Naturales, Aplicadas y Relacionadas\n3.\tSalud\n4.\tCiencias Sociales, Educaci\u00f3n, Administraci\u00f3n P\u00fablica y Religi\u00f3n\n5.\tArte, Cultura, Recreaci\u00f3n y Deporte\n6.\tVentas y Servicios\n7.\tExplotaci\u00f3n Primaria y Extractiva\n8.\tOficios, Operadores de Equipo y Transporte\n9.\tProcesamiento, Fabricaci\u00f3n y Ensamble de Bienes","var_qstn_postqtxt":null,"var_qstn_ivuinstr":null,"var_universe":"El universo para la Encuesta Longitudinal de Colombia (ELCO) est\u00e1 conformado por la poblaci\u00f3n civil no institucional residente en todo el territorio nacional, excluyendo San Andr\u00e9s, Providencia y los departamentos de Amazonas, Guain\u00eda y Vaup\u00e9s.","var_universe_clusion":"I","var_sumstat":[{"value":"925","type":"vald","wgtd":null},{"value":"0","type":"invd","wgtd":null}],"var_txt":null,"var_catgry":[{"value":"1","labl":"Finanzas y Administraci\u00f3n","is_missing":null,"stats":[{"value":"164","type":"freq","wgtd":null}]},{"value":"2","labl":"Ciencias Naturales, Aplicadas y Relacionadas","is_missing":null,"stats":[{"value":"45","type":"freq","wgtd":null}]},{"value":"3","labl":"Salud","is_missing":null,"stats":[{"value":"113","type":"freq","wgtd":null}]},{"value":"4","labl":"Ciencias Sociales, Educaci\u00f3n, Administraci\u00f3n P\u00fablica y Religi\u00f3n","is_missing":null,"stats":[{"value":"103","type":"freq","wgtd":null}]},{"value":"5","labl":"Arte, Cultura, Recreaci\u00f3n y Deporte","is_missing":null,"stats":[{"value":"68","type":"freq","wgtd":null}]},{"value":"6","labl":"Ventas y Servicios","is_missing":null,"stats":[{"value":"187","type":"freq","wgtd":null}]},{"value":"7","labl":"Explotaci\u00f3n Primaria y Extractiva","is_missing":null,"stats":[{"value":"53","type":"freq","wgtd":null}]},{"value":"8","labl":"Oficios, Operadores de Equipo y Transporte","is_missing":null,"stats":[{"value":"130","type":"freq","wgtd":null}]},{"value":"9","labl":"Procesamiento, Fabricaci\u00f3n y Ensamble de Bienes","is_missing":null,"stats":[{"value":"62","type":"freq","wgtd":null}]}],"var_codinstr":null,"var_concept":[],"var_format":{"type":"character","schema":"other","category":null,"name":null},"var_notes":null,"var_val_range":{"min":null,"max":null},"fid":"F62","sid":"814","survey_idno":"DANE-DIMPE-ELCO-2019"}

25. ¿Cuál fue o es el área o temática principal sobre la que se ha capacitado o se está capacitando?

25. ¿Cuál fue o es el área o temática principal sobre la que se ha capacitado o se está capacitando?

1.	Finanzas y Administración
2.	Ciencias Naturales, Aplicadas y Relacionadas
3.	Salud
4.	Ciencias Sociales, Educación, Administración Pública y Religión
5.	Arte, Cultura, Recreación y Deporte
6.	Ventas y Servicios
7.	Explotación Primaria y Extractiva
8.	Oficios, Operadores de Equipo y Transporte
9.	Procesamiento, Fabricación y Ensamble de Bienes

El universo para la Encuesta Longitudinal de Colombia (ELCO) está conformado por la población civil no institucional residente en todo el territorio nacional, excluyendo San Andrés, Providencia y los departamentos de Amazonas, Guainía y Vaupés.

Finanzas y Administración

Ciencias Sociales, Educación, Administración Pública y Religión

Arte, Cultura, Recreación y Deporte

Explotación Primaria y Extractiva

Procesamiento, Fabricación y Ensamble de Bienes
