{"file_id":"F63","vid":"V3405","name":"P4693","var_intrvl":"discrete","var_dcml":null,"var_wgt":null,"var_is_wgt":null,"loc_start_pos":"151","loc_end_pos":"151","loc_width":"1","loc_rec_seg_no":"1","labl":"6. \u00bfQu\u00e9 medio de transporte utiliza, generalmente, ... para ir a la instituci\u00f3n a la que asiste?","var_imputation":null,"var_security":null,"var_resp_unit":null,"var_analysis_unit":null,"var_qstn_preqtxt":null,"var_qstn_qstnlit":"6. \u00bfQu\u00e9 medio de transporte utiliza, generalmente, ... para ir a la instituci\u00f3n a la que asiste?\n\n1.\tVeh\u00edculo particular\n2.\tTransporte escolar (ruta escolar)\n3.\tTransporte p\u00fablico\n4.\tA pie\n5.\tOtro","var_qstn_postqtxt":null,"var_qstn_ivuinstr":null,"var_universe":"El universo para la Encuesta Longitudinal de Colombia (ELCO) est\u00e1 conformado por la poblaci\u00f3n civil no institucional residente en todo el territorio nacional, excluyendo San Andr\u00e9s, Providencia y los departamentos de Amazonas, Guain\u00eda y Vaup\u00e9s.","var_universe_clusion":"I","var_sumstat":[{"value":"1080","type":"vald","wgtd":null},{"value":"0","type":"invd","wgtd":null}],"var_txt":null,"var_catgry":[{"value":"1","labl":"Veh\u00edculo particular","is_missing":null,"stats":[{"value":"261","type":"freq","wgtd":null}]},{"value":"2","labl":"Transporte escolar (ruta escolar)","is_missing":null,"stats":[{"value":"52","type":"freq","wgtd":null}]},{"value":"3","labl":"Transporte p\u00fablico","is_missing":null,"stats":[{"value":"43","type":"freq","wgtd":null}]},{"value":"4","labl":"A pie","is_missing":null,"stats":[{"value":"706","type":"freq","wgtd":null}]},{"value":"5","labl":"Otro","is_missing":null,"stats":[{"value":"18","type":"freq","wgtd":null}]}],"var_codinstr":null,"var_concept":[],"var_format":{"type":"character","schema":"other","category":null,"name":null},"var_notes":null,"var_val_range":{"min":null,"max":null},"fid":"F63","sid":"814","survey_idno":"DANE-DIMPE-ELCO-2019"}

6. ¿Qué medio de transporte utiliza, generalmente, ... para ir a la institución a la que asiste?

6. ¿Qué medio de transporte utiliza, generalmente, ... para ir a la institución a la que asiste?

1.	Vehículo particular
2.	Transporte escolar (ruta escolar)
3.	Transporte público
4.	A pie
5.	Otro

El universo para la Encuesta Longitudinal de Colombia (ELCO) está conformado por la población civil no institucional residente en todo el territorio nacional, excluyendo San Andrés, Providencia y los departamentos de Amazonas, Guainía y Vaupés.

Vehículo particular

Transporte público
