{"file_id":"F63","vid":"V3413","name":"P2099","var_intrvl":"discrete","var_dcml":null,"var_wgt":null,"var_is_wgt":null,"loc_start_pos":"178","loc_end_pos":"178","loc_width":"1","loc_rec_seg_no":"1","labl":"10. \u00bfEn d\u00f3nde y con qui\u00e9n permanece ... despu\u00e9s de asistir al hogar comunitario, guarder\u00eda o preescolar o durante la mayor parte del tiempo entre semana?","var_imputation":null,"var_security":null,"var_resp_unit":null,"var_analysis_unit":null,"var_qstn_preqtxt":null,"var_qstn_qstnlit":"10. \u00bfEn d\u00f3nde y con qui\u00e9n permanece ... despu\u00e9s de asistir al hogar comunitario, guarder\u00eda o preescolar o durante la mayor parte del tiempo entre semana?\n\n1.\tCon su padre o su madre en el trabajo\n2.\tEn esta casa al cuidado de un miembro del hogar\n3.\tEn esta casa solo\n4.\tEn esta casa al cuidado de una persona que no pertenece al hogar\n5.\tEn otra casa al cuidado de familiares, amigos o vecinos","var_qstn_postqtxt":null,"var_qstn_ivuinstr":null,"var_universe":"El universo para la Encuesta Longitudinal de Colombia (ELCO) est\u00e1 conformado por la poblaci\u00f3n civil no institucional residente en todo el territorio nacional, excluyendo San Andr\u00e9s, Providencia y los departamentos de Amazonas, Guain\u00eda y Vaup\u00e9s.","var_universe_clusion":"I","var_sumstat":[{"value":"2242","type":"vald","wgtd":null},{"value":"0","type":"invd","wgtd":null}],"var_txt":null,"var_catgry":[{"value":"1","labl":"Con su padre o su madre en el trabajo","is_missing":null,"stats":[{"value":"526","type":"freq","wgtd":null}]},{"value":"2","labl":"En esta casa al cuidado de un miembro del hogar","is_missing":null,"stats":[{"value":"1516","type":"freq","wgtd":null}]},{"value":"3","labl":"En esta casa solo","is_missing":null,"stats":[{"value":"0","type":"freq","wgtd":null}]},{"value":"4","labl":"En esta casa al cuidado de una persona que no pertenece al hogar","is_missing":null,"stats":[{"value":"117","type":"freq","wgtd":null}]},{"value":"5","labl":"En otra casa al cuidado de familiares, amigos o vecinos","is_missing":null,"stats":[{"value":"83","type":"freq","wgtd":null}]}],"var_codinstr":null,"var_concept":[],"var_format":{"type":"character","schema":"other","category":null,"name":null},"var_notes":null,"var_val_range":{"min":null,"max":null},"fid":"F63","sid":"814","survey_idno":"DANE-DIMPE-ELCO-2019"}

10. ¿En dónde y con quién permanece ... después de asistir al hogar comunitario, guardería o preescolar o durante la mayor parte del tiempo entre semana?

10. ¿En dónde y con quién permanece ... después de asistir al hogar comunitario, guardería o preescolar o durante la mayor parte del tiempo entre semana?

1.	Con su padre o su madre en el trabajo
2.	En esta casa al cuidado de un miembro del hogar
3.	En esta casa solo
4.	En esta casa al cuidado de una persona que no pertenece al hogar
5.	En otra casa al cuidado de familiares, amigos o vecinos

El universo para la Encuesta Longitudinal de Colombia (ELCO) está conformado por la población civil no institucional residente en todo el territorio nacional, excluyendo San Andrés, Providencia y los departamentos de Amazonas, Guainía y Vaupés.
