{"file_id":"F63","vid":"V3418","name":"P2281","var_intrvl":"discrete","var_dcml":null,"var_wgt":null,"var_is_wgt":null,"loc_start_pos":"185","loc_end_pos":"186","loc_width":"2","loc_rec_seg_no":"1","labl":"14. \u00bfCu\u00e1l es el nivel educativo de la persona que cuida a ...?","var_imputation":null,"var_security":null,"var_resp_unit":null,"var_analysis_unit":null,"var_qstn_preqtxt":null,"var_qstn_qstnlit":"14. \u00bfCu\u00e1l es el nivel educativo de la persona que cuida a ...?\n\n1.\tAlgunos a\u00f1os de primaria\n2.\tToda la primaria\n3.\tAlgunos a\u00f1os de secundaria\n4.\tToda la secundaria\n5.\tUno o m\u00e1s a\u00f1os de t\u00e9cnica o tecnol\u00f3gica\n6.\tT\u00e9cnica o tecnol\u00f3gica con t\u00edtulo\n7.\tUno o m\u00e1s a\u00f1os de universidad\n8.\tUniversitaria con t\u00edtulo\n9.\tPosgrado\n10.\tNinguno\n99.\tNo sabe \/ No responde","var_qstn_postqtxt":null,"var_qstn_ivuinstr":null,"var_universe":"El universo para la Encuesta Longitudinal de Colombia (ELCO) est\u00e1 conformado por la poblaci\u00f3n civil no institucional residente en todo el territorio nacional, excluyendo San Andr\u00e9s, Providencia y los departamentos de Amazonas, Guain\u00eda y Vaup\u00e9s.","var_universe_clusion":"I","var_sumstat":[{"value":"200","type":"vald","wgtd":null},{"value":"0","type":"invd","wgtd":null}],"var_txt":null,"var_catgry":[{"value":"1","labl":"Algunos a\u00f1os de primaria","is_missing":null,"stats":[{"value":"45","type":"freq","wgtd":null}]},{"value":"10","labl":"Ninguno","is_missing":null,"stats":[{"value":"12","type":"freq","wgtd":null}]},{"value":"2","labl":"Toda la primaria","is_missing":null,"stats":[{"value":"43","type":"freq","wgtd":null}]},{"value":"3","labl":"Algunos a\u00f1os de secundaria","is_missing":null,"stats":[{"value":"27","type":"freq","wgtd":null}]},{"value":"4","labl":"Toda la secundaria","is_missing":null,"stats":[{"value":"49","type":"freq","wgtd":null}]},{"value":"5","labl":"Uno o m\u00e1s a\u00f1os de t\u00e9cnica o tecnol\u00f3gica","is_missing":null,"stats":[{"value":"1","type":"freq","wgtd":null}]},{"value":"6","labl":"T\u00e9cnica o tecnol\u00f3gica con t\u00edtulo","is_missing":null,"stats":[{"value":"13","type":"freq","wgtd":null}]},{"value":"7","labl":"Uno o m\u00e1s a\u00f1os de universidad","is_missing":null,"stats":[{"value":"1","type":"freq","wgtd":null}]},{"value":"8","labl":"Universitaria con t\u00edtulo","is_missing":null,"stats":[{"value":"2","type":"freq","wgtd":null}]},{"value":"9","labl":"Posgrado","is_missing":null,"stats":[{"value":"1","type":"freq","wgtd":null}]},{"value":"99","labl":"No sabe \/ No responde","is_missing":null,"stats":[{"value":"6","type":"freq","wgtd":null}]}],"var_codinstr":null,"var_concept":[],"var_format":{"type":"character","schema":"other","category":null,"name":null},"var_notes":null,"var_val_range":{"min":null,"max":null},"fid":"F63","sid":"814","survey_idno":"DANE-DIMPE-ELCO-2019"}

14. ¿Cuál es el nivel educativo de la persona que cuida a ...?

14. ¿Cuál es el nivel educativo de la persona que cuida a ...?

1.	Algunos años de primaria
2.	Toda la primaria
3.	Algunos años de secundaria
4.	Toda la secundaria
5.	Uno o más años de técnica o tecnológica
6.	Técnica o tecnológica con título
7.	Uno o más años de universidad
8.	Universitaria con título
9.	Posgrado
10.	Ninguno
99.	No sabe / No responde

El universo para la Encuesta Longitudinal de Colombia (ELCO) está conformado por la población civil no institucional residente en todo el territorio nacional, excluyendo San Andrés, Providencia y los departamentos de Amazonas, Guainía y Vaupés.

Algunos años de primaria

Algunos años de secundaria

Uno o más años de técnica o tecnológica

Técnica o tecnológica con título

Uno o más años de universidad

Universitaria con título
