{"file_id":"F65","vid":"V3604","name":"P6100","var_intrvl":"discrete","var_dcml":null,"var_wgt":null,"var_is_wgt":null,"loc_start_pos":"147","loc_end_pos":"147","loc_width":"1","loc_rec_seg_no":"1","labl":"3. \u00bfA cu\u00e1l de los siguientes reg\u00edmenes de seguridad social en salud est\u00e1 afiliado:","var_imputation":null,"var_security":null,"var_resp_unit":null,"var_analysis_unit":null,"var_qstn_preqtxt":null,"var_qstn_qstnlit":"3. \u00bfA cu\u00e1l de los siguientes reg\u00edmenes de seguridad social en salud est\u00e1 afiliado:\n\n1.\tContributivo (EPS)\n2.\tEspecial (Fuerzas Armadas, Ecopetrol, universidades p\u00fablicas, magisterio)\n3.\tSubsidiado (EPS-S)\n9.\tNo sabe, no informa","var_qstn_postqtxt":null,"var_qstn_ivuinstr":null,"var_universe":"El universo para la Encuesta Longitudinal de Colombia (ELCO) est\u00e1 conformado por la poblaci\u00f3n civil no institucional residente en todo el territorio nacional, excluyendo San Andr\u00e9s, Providencia y los departamentos de Amazonas, Guain\u00eda y Vaup\u00e9s.","var_universe_clusion":"I","var_sumstat":[{"value":"39751","type":"vald","wgtd":null},{"value":"0","type":"invd","wgtd":null}],"var_txt":null,"var_catgry":[{"value":"1","labl":"Contributivo (EPS)","is_missing":null,"stats":[{"value":"13954","type":"freq","wgtd":null}]},{"value":"2","labl":"Especial (Fuerzas Armadas, Ecopetrol, universidades p\u00fablicas, magisterio)","is_missing":null,"stats":[{"value":"689","type":"freq","wgtd":null}]},{"value":"3","labl":"Subsidiado (EPS-S)","is_missing":null,"stats":[{"value":"24998","type":"freq","wgtd":null}]},{"value":"9","labl":"No sabe, no informa","is_missing":null,"stats":[{"value":"110","type":"freq","wgtd":null}]}],"var_codinstr":null,"var_concept":[],"var_format":{"type":"character","schema":"other","category":null,"name":null},"var_notes":null,"var_val_range":{"min":null,"max":null},"fid":"F65","sid":"814","survey_idno":"DANE-DIMPE-ELCO-2019"}

3. ¿A cuál de los siguientes regímenes de seguridad social en salud está afiliado:

3. ¿A cuál de los siguientes regímenes de seguridad social en salud está afiliado:

1.	Contributivo (EPS)
2.	Especial (Fuerzas Armadas, Ecopetrol, universidades públicas, magisterio)
3.	Subsidiado (EPS-S)
9.	No sabe, no informa

El universo para la Encuesta Longitudinal de Colombia (ELCO) está conformado por la población civil no institucional residente en todo el territorio nacional, excluyendo San Andrés, Providencia y los departamentos de Amazonas, Guainía y Vaupés.

Especial (Fuerzas Armadas, Ecopetrol, universidades públicas, magisterio)
