{"file_id":"F66","vid":"V3831","name":"P2366S3","var_intrvl":"discrete","var_dcml":null,"var_wgt":null,"var_is_wgt":null,"loc_start_pos":"169","loc_end_pos":"172","loc_width":"4","loc_rec_seg_no":"1","labl":"A\u00f1o","var_imputation":null,"var_security":null,"var_resp_unit":null,"var_analysis_unit":null,"var_qstn_preqtxt":null,"var_qstn_qstnlit":"A\u00f1o","var_qstn_postqtxt":null,"var_qstn_ivuinstr":null,"var_universe":"El universo para la Encuesta Longitudinal de Colombia (ELCO) est\u00e1 conformado por la poblaci\u00f3n civil no institucional residente en todo el territorio nacional, excluyendo San Andr\u00e9s, Providencia y los departamentos de Amazonas, Guain\u00eda y Vaup\u00e9s.","var_universe_clusion":"I","var_sumstat":[{"value":"1466","type":"vald","wgtd":null},{"value":"0","type":"invd","wgtd":null}],"var_txt":null,"var_catgry":[{"value":"1990","labl":null,"is_missing":null,"stats":[{"value":"11","type":"freq","wgtd":null}]},{"value":"1991","labl":null,"is_missing":null,"stats":[{"value":"14","type":"freq","wgtd":null}]},{"value":"1992","labl":null,"is_missing":null,"stats":[{"value":"8","type":"freq","wgtd":null}]},{"value":"1993","labl":null,"is_missing":null,"stats":[{"value":"8","type":"freq","wgtd":null}]},{"value":"1994","labl":null,"is_missing":null,"stats":[{"value":"7","type":"freq","wgtd":null}]},{"value":"1995","labl":null,"is_missing":null,"stats":[{"value":"11","type":"freq","wgtd":null}]},{"value":"1996","labl":null,"is_missing":null,"stats":[{"value":"8","type":"freq","wgtd":null}]},{"value":"1997","labl":null,"is_missing":null,"stats":[{"value":"5","type":"freq","wgtd":null}]},{"value":"1998","labl":null,"is_missing":null,"stats":[{"value":"7","type":"freq","wgtd":null}]},{"value":"1999","labl":null,"is_missing":null,"stats":[{"value":"6","type":"freq","wgtd":null}]},{"value":"2000","labl":null,"is_missing":null,"stats":[{"value":"18","type":"freq","wgtd":null}]},{"value":"2001","labl":null,"is_missing":null,"stats":[{"value":"7","type":"freq","wgtd":null}]},{"value":"2002","labl":null,"is_missing":null,"stats":[{"value":"9","type":"freq","wgtd":null}]},{"value":"2003","labl":null,"is_missing":null,"stats":[{"value":"13","type":"freq","wgtd":null}]},{"value":"2004","labl":null,"is_missing":null,"stats":[{"value":"16","type":"freq","wgtd":null}]},{"value":"2005","labl":null,"is_missing":null,"stats":[{"value":"12","type":"freq","wgtd":null}]},{"value":"2006","labl":null,"is_missing":null,"stats":[{"value":"16","type":"freq","wgtd":null}]},{"value":"2007","labl":null,"is_missing":null,"stats":[{"value":"19","type":"freq","wgtd":null}]},{"value":"2008","labl":null,"is_missing":null,"stats":[{"value":"13","type":"freq","wgtd":null}]},{"value":"2009","labl":null,"is_missing":null,"stats":[{"value":"15","type":"freq","wgtd":null}]},{"value":"2010","labl":null,"is_missing":null,"stats":[{"value":"21","type":"freq","wgtd":null}]},{"value":"2011","labl":null,"is_missing":null,"stats":[{"value":"20","type":"freq","wgtd":null}]},{"value":"2012","labl":null,"is_missing":null,"stats":[{"value":"31","type":"freq","wgtd":null}]},{"value":"2013","labl":null,"is_missing":null,"stats":[{"value":"22","type":"freq","wgtd":null}]},{"value":"2014","labl":null,"is_missing":null,"stats":[{"value":"31","type":"freq","wgtd":null}]},{"value":"2015","labl":null,"is_missing":null,"stats":[{"value":"37","type":"freq","wgtd":null}]},{"value":"2016","labl":null,"is_missing":null,"stats":[{"value":"54","type":"freq","wgtd":null}]},{"value":"2017","labl":null,"is_missing":null,"stats":[{"value":"41","type":"freq","wgtd":null}]},{"value":"2018","labl":null,"is_missing":null,"stats":[{"value":"124","type":"freq","wgtd":null}]},{"value":"2019","labl":null,"is_missing":null,"stats":[{"value":"862","type":"freq","wgtd":null}]}],"var_codinstr":null,"var_concept":[],"var_format":{"type":"character","schema":"other","category":null,"name":null},"var_notes":null,"var_val_range":{"min":null,"max":null},"fid":"F66","sid":"814","survey_idno":"DANE-DIMPE-ELCO-2019"}

Año

El universo para la Encuesta Longitudinal de Colombia (ELCO) está conformado por la población civil no institucional residente en todo el territorio nacional, excluyendo San Andrés, Providencia y los departamentos de Amazonas, Guainía y Vaupés.
