{"file_id":"F66","vid":"V3833","name":"P2367","var_intrvl":"discrete","var_dcml":null,"var_wgt":null,"var_is_wgt":null,"loc_start_pos":"175","loc_end_pos":"175","loc_width":"1","loc_rec_seg_no":"1","labl":"16. \u00bfC\u00f3mo consigui\u00f3 ... este trabajo o empleo?","var_imputation":null,"var_security":null,"var_resp_unit":null,"var_analysis_unit":null,"var_qstn_preqtxt":null,"var_qstn_qstnlit":"16. \u00bfC\u00f3mo consigui\u00f3 ... este trabajo o empleo?\n\n1.\tPidi\u00f3 ayuda o consult\u00f3 a familiares, amigos, colegas\n2.\tVisit\u00f3, llev\u00f3 o envi\u00f3 hojas de vida a empresas, empleadores, bolsas de empleo\n3.\tPuso o consult\u00f3 avisos clasificados\n4.\tUtiliz\u00f3 los servicios del gobierno para conseguir un empleo (SENA, Agencia p\u00fablica de empleo)\n5.\tSe present\u00f3 a convocatorias\n6.\tEl empleador lo contact\u00f3 directamente\n7.\tNo necesit\u00f3 o no recurri\u00f3 a ning\u00fan medio\n8.\tPor otro medio: \u00bfcu\u00e1l?","var_qstn_postqtxt":null,"var_qstn_ivuinstr":null,"var_universe":"El universo para la Encuesta Longitudinal de Colombia (ELCO) est\u00e1 conformado por la poblaci\u00f3n civil no institucional residente en todo el territorio nacional, excluyendo San Andr\u00e9s, Providencia y los departamentos de Amazonas, Guain\u00eda y Vaup\u00e9s.","var_universe_clusion":"I","var_sumstat":[{"value":"16021","type":"vald","wgtd":null},{"value":"0","type":"invd","wgtd":null}],"var_txt":null,"var_catgry":[{"value":"1","labl":"Pidi\u00f3 ayuda o consult\u00f3 a familiares, amigos, colegas","is_missing":null,"stats":[{"value":"7461","type":"freq","wgtd":null}]},{"value":"2","labl":"Visit\u00f3, llev\u00f3 o envi\u00f3 hojas de vida a empresas, empleadores, bolsas de empleo","is_missing":null,"stats":[{"value":"1665","type":"freq","wgtd":null}]},{"value":"3","labl":"Puso o consult\u00f3 avisos clasificados","is_missing":null,"stats":[{"value":"122","type":"freq","wgtd":null}]},{"value":"4","labl":"Utiliz\u00f3 los servicios del gobierno para conseguir un empleo (SENA, Agencia p\u00fablica de empleo)","is_missing":null,"stats":[{"value":"116","type":"freq","wgtd":null}]},{"value":"5","labl":"Se present\u00f3 a convocatorias","is_missing":null,"stats":[{"value":"551","type":"freq","wgtd":null}]},{"value":"6","labl":"El empleador lo contact\u00f3 directamente","is_missing":null,"stats":[{"value":"673","type":"freq","wgtd":null}]},{"value":"7","labl":"No necesit\u00f3 o no recurri\u00f3 a ning\u00fan medio","is_missing":null,"stats":[{"value":"5022","type":"freq","wgtd":null}]},{"value":"8","labl":"Por otro medio: \u00bfcu\u00e1l?","is_missing":null,"stats":[{"value":"411","type":"freq","wgtd":null}]}],"var_codinstr":null,"var_concept":[],"var_format":{"type":"character","schema":"other","category":null,"name":null},"var_notes":null,"var_val_range":{"min":null,"max":null},"fid":"F66","sid":"814","survey_idno":"DANE-DIMPE-ELCO-2019"}

16. ¿Cómo consiguió ... este trabajo o empleo?

16. ¿Cómo consiguió ... este trabajo o empleo?

1.	Pidió ayuda o consultó a familiares, amigos, colegas
2.	Visitó, llevó o envió hojas de vida a empresas, empleadores, bolsas de empleo
3.	Puso o consultó avisos clasificados
4.	Utilizó los servicios del gobierno para conseguir un empleo (SENA, Agencia pública de empleo)
5.	Se presentó a convocatorias
6.	El empleador lo contactó directamente
7.	No necesitó o no recurrió a ningún medio
8.	Por otro medio: ¿cuál?

El universo para la Encuesta Longitudinal de Colombia (ELCO) está conformado por la población civil no institucional residente en todo el territorio nacional, excluyendo San Andrés, Providencia y los departamentos de Amazonas, Guainía y Vaupés.

Pidió ayuda o consultó a familiares, amigos, colegas

Visitó, llevó o envió hojas de vida a empresas, empleadores, bolsas de empleo

Puso o consultó avisos clasificados

Utilizó los servicios del gobierno para conseguir un empleo (SENA, Agencia pública de empleo)

Se presentó a convocatorias

El empleador lo contactó directamente

No necesitó o no recurrió a ningún medio

Por otro medio: ¿cuál?
