{"file_id":"F66","vid":"V3835","name":"P153","var_intrvl":"discrete","var_dcml":null,"var_wgt":null,"var_is_wgt":null,"loc_start_pos":"177","loc_end_pos":"177","loc_width":"1","loc_rec_seg_no":"1","labl":"18. En este trabajo ... es:","var_imputation":null,"var_security":null,"var_resp_unit":null,"var_analysis_unit":null,"var_qstn_preqtxt":null,"var_qstn_qstnlit":"18. En este trabajo ... es:\n\n1.\tObrero o empleado de empresa particular\n2.\tObrero o empleado del gobierno\n3.\tEmpleado dom\u00e9stico\n4.\tTrabajador independiente o por cuenta propia\n5.\tPatr\u00f3n o empleador\n6.\tTrabajador sin remuneraci\u00f3n de otros hogares\n7.\tTrabajador familiar sin remuneraci\u00f3n\n8.\tJornalero o pe\u00f3n\n9.\tOtro. \u00bfCu\u00e1l?:","var_qstn_postqtxt":null,"var_qstn_ivuinstr":null,"var_universe":"El universo para la Encuesta Longitudinal de Colombia (ELCO) est\u00e1 conformado por la poblaci\u00f3n civil no institucional residente en todo el territorio nacional, excluyendo San Andr\u00e9s, Providencia y los departamentos de Amazonas, Guain\u00eda y Vaup\u00e9s.","var_universe_clusion":"I","var_sumstat":[{"value":"16021","type":"vald","wgtd":null},{"value":"0","type":"invd","wgtd":null}],"var_txt":null,"var_catgry":[{"value":"1","labl":"Obrero o empleado de empresa particular","is_missing":null,"stats":[{"value":"4756","type":"freq","wgtd":null}]},{"value":"2","labl":"Obrero o empleado del gobierno","is_missing":null,"stats":[{"value":"799","type":"freq","wgtd":null}]},{"value":"3","labl":"Empleado dom\u00e9stico","is_missing":null,"stats":[{"value":"386","type":"freq","wgtd":null}]},{"value":"4","labl":"Trabajador independiente o por cuenta propia","is_missing":null,"stats":[{"value":"8118","type":"freq","wgtd":null}]},{"value":"5","labl":"Patr\u00f3n o empleador","is_missing":null,"stats":[{"value":"449","type":"freq","wgtd":null}]},{"value":"6","labl":"Trabajador sin remuneraci\u00f3n de otros hogares","is_missing":null,"stats":[{"value":"35","type":"freq","wgtd":null}]},{"value":"7","labl":"Trabajador familiar sin remuneraci\u00f3n","is_missing":null,"stats":[{"value":"292","type":"freq","wgtd":null}]},{"value":"8","labl":"Jornalero o pe\u00f3n","is_missing":null,"stats":[{"value":"904","type":"freq","wgtd":null}]},{"value":"9","labl":"Otro. \u00bfCu\u00e1l?:","is_missing":null,"stats":[{"value":"282","type":"freq","wgtd":null}]}],"var_codinstr":null,"var_concept":[],"var_format":{"type":"character","schema":"other","category":null,"name":null},"var_notes":null,"var_val_range":{"min":null,"max":null},"fid":"F66","sid":"814","survey_idno":"DANE-DIMPE-ELCO-2019"}

18. En este trabajo ... es:

1.	Obrero o empleado de empresa particular
2.	Obrero o empleado del gobierno
3.	Empleado doméstico
4.	Trabajador independiente o por cuenta propia
5.	Patrón o empleador
6.	Trabajador sin remuneración de otros hogares
7.	Trabajador familiar sin remuneración
8.	Jornalero o peón
9.	Otro. ¿Cuál?:

El universo para la Encuesta Longitudinal de Colombia (ELCO) está conformado por la población civil no institucional residente en todo el territorio nacional, excluyendo San Andrés, Providencia y los departamentos de Amazonas, Guainía y Vaupés.

Empleado doméstico

Patrón o empleador

Trabajador sin remuneración de otros hogares

Trabajador familiar sin remuneración

Jornalero o peón

Otro. ¿Cuál?:
