{"file_id":"F66","vid":"V3888","name":"P7458","var_intrvl":"discrete","var_dcml":null,"var_wgt":null,"var_is_wgt":null,"loc_start_pos":"352","loc_end_pos":"353","loc_width":"2","loc_rec_seg_no":"1","labl":"39. \u00bfPor qu\u00e9 motivo o raz\u00f3n principal ... dej\u00f3 de buscar trabajo?","var_imputation":null,"var_security":null,"var_resp_unit":null,"var_analysis_unit":null,"var_qstn_preqtxt":null,"var_qstn_qstnlit":"39. \u00bfPor qu\u00e9 motivo o raz\u00f3n principal ... dej\u00f3 de buscar trabajo?\n\n1.\tPiensa que no hay el trabajo apropiado\n2.\tPorque tuvo hijos, por embarazo o porque se cas\u00f3\n3.\tPor otras responsabilidades familiares\n4.\tEstudio\n5.\tEs jubilado o pensionado\n6.\tYa no desea trabajar\n7.\tSe cans\u00f3 de buscar trabajo\n8.\tNo encontr\u00f3 trabajo en su oficio o profesi\u00f3n\n9.\tNo tuvo recursos para instalar un negocio\n10.\tPor enfermedad o accidente\n11.\tPor la edad\n12.\tOtro motivo. \u00bfCu\u00e1l?:","var_qstn_postqtxt":null,"var_qstn_ivuinstr":null,"var_universe":"El universo para la Encuesta Longitudinal de Colombia (ELCO) est\u00e1 conformado por la poblaci\u00f3n civil no institucional residente en todo el territorio nacional, excluyendo San Andr\u00e9s, Providencia y los departamentos de Amazonas, Guain\u00eda y Vaup\u00e9s.","var_universe_clusion":"I","var_sumstat":[{"value":"18765","type":"vald","wgtd":null},{"value":"0","type":"invd","wgtd":null}],"var_txt":null,"var_catgry":[{"value":"1","labl":"Piensa que no hay el trabajo apropiado","is_missing":null,"stats":[{"value":"227","type":"freq","wgtd":null}]},{"value":"10","labl":"Por enfermedad o accidente","is_missing":null,"stats":[{"value":"1216","type":"freq","wgtd":null}]},{"value":"11","labl":"Por la edad","is_missing":null,"stats":[{"value":"2210","type":"freq","wgtd":null}]},{"value":"12","labl":"Otro motivo. \u00bfCu\u00e1l?:","is_missing":null,"stats":[{"value":"379","type":"freq","wgtd":null}]},{"value":"2","labl":"Porque tuvo hijos, por embarazo o porque se cas\u00f3","is_missing":null,"stats":[{"value":"1649","type":"freq","wgtd":null}]},{"value":"3","labl":"Por otras responsabilidades familiares","is_missing":null,"stats":[{"value":"3296","type":"freq","wgtd":null}]},{"value":"4","labl":"Estudio","is_missing":null,"stats":[{"value":"7595","type":"freq","wgtd":null}]},{"value":"5","labl":"Es jubilado o pensionado","is_missing":null,"stats":[{"value":"1228","type":"freq","wgtd":null}]},{"value":"6","labl":"Ya no desea trabajar","is_missing":null,"stats":[{"value":"475","type":"freq","wgtd":null}]},{"value":"7","labl":"Se cans\u00f3 de buscar trabajo","is_missing":null,"stats":[{"value":"235","type":"freq","wgtd":null}]},{"value":"8","labl":"No encontr\u00f3 trabajo en su oficio o profesi\u00f3n","is_missing":null,"stats":[{"value":"146","type":"freq","wgtd":null}]},{"value":"9","labl":"No tuvo recursos para instalar un negocio","is_missing":null,"stats":[{"value":"109","type":"freq","wgtd":null}]}],"var_codinstr":null,"var_concept":[],"var_format":{"type":"character","schema":"other","category":null,"name":null},"var_notes":null,"var_val_range":{"min":null,"max":null},"fid":"F66","sid":"814","survey_idno":"DANE-DIMPE-ELCO-2019"}

39. ¿Por qué motivo o razón principal ... dejó de buscar trabajo?

39. ¿Por qué motivo o razón principal ... dejó de buscar trabajo?

1.	Piensa que no hay el trabajo apropiado
2.	Porque tuvo hijos, por embarazo o porque se casó
3.	Por otras responsabilidades familiares
4.	Estudio
5.	Es jubilado o pensionado
6.	Ya no desea trabajar
7.	Se cansó de buscar trabajo
8.	No encontró trabajo en su oficio o profesión
9.	No tuvo recursos para instalar un negocio
10.	Por enfermedad o accidente
11.	Por la edad
12.	Otro motivo. ¿Cuál?:

El universo para la Encuesta Longitudinal de Colombia (ELCO) está conformado por la población civil no institucional residente en todo el territorio nacional, excluyendo San Andrés, Providencia y los departamentos de Amazonas, Guainía y Vaupés.

Otro motivo. ¿Cuál?:

Porque tuvo hijos, por embarazo o porque se casó

Se cansó de buscar trabajo

No encontró trabajo en su oficio o profesión
