{"file_id":"F69","vid":"V4042","name":"ID_DPTO","var_intrvl":"discrete","var_dcml":null,"var_wgt":null,"var_is_wgt":null,"loc_start_pos":"147","loc_end_pos":"148","loc_width":"2","loc_rec_seg_no":"1","labl":"Departamento","var_imputation":null,"var_security":null,"var_resp_unit":null,"var_analysis_unit":null,"var_qstn_preqtxt":null,"var_qstn_qstnlit":"Departamento","var_qstn_postqtxt":null,"var_qstn_ivuinstr":null,"var_universe":"El universo para la Encuesta Longitudinal de Colombia (ELCO) est\u00e1 conformado por la poblaci\u00f3n civil no institucional residente en todo el territorio nacional, excluyendo San Andr\u00e9s, Providencia y los departamentos de Amazonas, Guain\u00eda y Vaup\u00e9s.","var_universe_clusion":"I","var_sumstat":[{"value":"685","type":"vald","wgtd":null},{"value":"0","type":"invd","wgtd":null}],"var_txt":null,"var_catgry":[{"value":"02","labl":null,"is_missing":null,"stats":[{"value":"89","type":"freq","wgtd":null}]},{"value":"04","labl":null,"is_missing":null,"stats":[{"value":"37","type":"freq","wgtd":null}]},{"value":"05","labl":null,"is_missing":null,"stats":[{"value":"59","type":"freq","wgtd":null}]},{"value":"06","labl":null,"is_missing":null,"stats":[{"value":"22","type":"freq","wgtd":null}]},{"value":"07","labl":null,"is_missing":null,"stats":[{"value":"50","type":"freq","wgtd":null}]},{"value":"08","labl":null,"is_missing":null,"stats":[{"value":"26","type":"freq","wgtd":null}]},{"value":"09","labl":null,"is_missing":null,"stats":[{"value":"33","type":"freq","wgtd":null}]},{"value":"10","labl":null,"is_missing":null,"stats":[{"value":"22","type":"freq","wgtd":null}]},{"value":"11","labl":null,"is_missing":null,"stats":[{"value":"17","type":"freq","wgtd":null}]},{"value":"12","labl":null,"is_missing":null,"stats":[{"value":"15","type":"freq","wgtd":null}]},{"value":"13","labl":null,"is_missing":null,"stats":[{"value":"33","type":"freq","wgtd":null}]},{"value":"14","labl":null,"is_missing":null,"stats":[{"value":"45","type":"freq","wgtd":null}]},{"value":"15","labl":null,"is_missing":null,"stats":[{"value":"52","type":"freq","wgtd":null}]},{"value":"16","labl":null,"is_missing":null,"stats":[{"value":"11","type":"freq","wgtd":null}]},{"value":"17","labl":null,"is_missing":null,"stats":[{"value":"12","type":"freq","wgtd":null}]},{"value":"18","labl":null,"is_missing":null,"stats":[{"value":"22","type":"freq","wgtd":null}]},{"value":"20","labl":null,"is_missing":null,"stats":[{"value":"8","type":"freq","wgtd":null}]},{"value":"21","labl":null,"is_missing":null,"stats":[{"value":"29","type":"freq","wgtd":null}]},{"value":"22","labl":null,"is_missing":null,"stats":[{"value":"30","type":"freq","wgtd":null}]},{"value":"23","labl":null,"is_missing":null,"stats":[{"value":"53","type":"freq","wgtd":null}]},{"value":"25","labl":null,"is_missing":null,"stats":[{"value":"4","type":"freq","wgtd":null}]},{"value":"26","labl":null,"is_missing":null,"stats":[{"value":"15","type":"freq","wgtd":null}]},{"value":"97","labl":null,"is_missing":null,"stats":[{"value":"1","type":"freq","wgtd":null}]}],"var_codinstr":null,"var_concept":[],"var_format":{"type":"character","schema":"other","category":null,"name":null},"var_notes":null,"var_val_range":{"min":null,"max":null},"fid":"F69","sid":"814","survey_idno":"DANE-DIMPE-ELCO-2019"}

El universo para la Encuesta Longitudinal de Colombia (ELCO) está conformado por la población civil no institucional residente en todo el territorio nacional, excluyendo San Andrés, Providencia y los departamentos de Amazonas, Guainía y Vaupés.
