{"file_id":"F69","vid":"V4046","name":"P2461","var_intrvl":"discrete","var_dcml":"0","var_wgt":null,"var_is_wgt":null,"loc_start_pos":"156","loc_end_pos":"156","loc_width":"1","loc_rec_seg_no":"1","labl":"5. \u00bfC\u00f3mo se llama el alcalde o alcaldesa de esta ciudad o municipio?","var_imputation":null,"var_security":null,"var_resp_unit":null,"var_analysis_unit":null,"var_qstn_preqtxt":null,"var_qstn_qstnlit":"5. \u00bfC\u00f3mo se llama el alcalde o alcaldesa de esta ciudad o municipio?\n\n1.\tNombre del alcalde\n2.\tNS\/NR","var_qstn_postqtxt":null,"var_qstn_ivuinstr":null,"var_universe":"El universo para la Encuesta Longitudinal de Colombia (ELCO) est\u00e1 conformado por la poblaci\u00f3n civil no institucional residente en todo el territorio nacional, excluyendo San Andr\u00e9s, Providencia y los departamentos de Amazonas, Guain\u00eda y Vaup\u00e9s.","var_universe_clusion":"I","var_sumstat":[{"value":"28086","type":"vald","wgtd":null},{"value":"0","type":"invd","wgtd":null},{"value":"1","type":"min","wgtd":null},{"value":"9","type":"max","wgtd":null},{"value":"3.19","type":"mean","wgtd":null},{"value":"3.567","type":"stdev","wgtd":null}],"var_txt":null,"var_catgry":[{"value":"1","labl":"Nombre del alcalde","is_missing":null,"stats":[{"value":"20396","type":"freq","wgtd":null}]},{"value":"2","labl":"NS\/NR","is_missing":null,"stats":[{"value":"0","type":"freq","wgtd":null}]},{"value":"9","labl":null,"is_missing":null,"stats":[{"value":"7690","type":"freq","wgtd":null}]}],"var_codinstr":null,"var_concept":[],"var_format":{"type":"numeric","schema":"other","category":null,"name":null},"var_notes":null,"var_val_range":{"min":"1","max":"9"},"fid":"F69","sid":"814","survey_idno":"DANE-DIMPE-ELCO-2019"}

5. ¿Cómo se llama el alcalde o alcaldesa de esta ciudad o municipio?

5. ¿Cómo se llama el alcalde o alcaldesa de esta ciudad o municipio?

1.	Nombre del alcalde
2.	NS/NR

El universo para la Encuesta Longitudinal de Colombia (ELCO) está conformado por la población civil no institucional residente en todo el territorio nacional, excluyendo San Andrés, Providencia y los departamentos de Amazonas, Guainía y Vaupés.
