{"file_id":"F69","vid":"V4048","name":"P2465","var_intrvl":"discrete","var_dcml":"0","var_wgt":null,"var_is_wgt":null,"loc_start_pos":"158","loc_end_pos":"158","loc_width":"1","loc_rec_seg_no":"1","labl":"7. Durante las elecciones, algunas personas tratan de convencer a otras para que voten por alg\u00fan partido o candidato. \u00bfCon qu\u00e9 frecuencia ... ha tratado de convencer a otros para que voten por un partido o candidato?","var_imputation":null,"var_security":null,"var_resp_unit":null,"var_analysis_unit":null,"var_qstn_preqtxt":null,"var_qstn_qstnlit":"7. Durante las elecciones, algunas personas tratan de convencer a otras para que voten por alg\u00fan partido o candidato. \u00bfCon qu\u00e9 frecuencia ... ha tratado de convencer a otros para que voten por un partido o candidato?\n\n1.\tFrecuentemente\n2.\tDe vez en cuando\n3.\tRara vez\n4.\tNunca\n5.\tNS\/NR","var_qstn_postqtxt":null,"var_qstn_ivuinstr":null,"var_universe":"El universo para la Encuesta Longitudinal de Colombia (ELCO) est\u00e1 conformado por la poblaci\u00f3n civil no institucional residente en todo el territorio nacional, excluyendo San Andr\u00e9s, Providencia y los departamentos de Amazonas, Guain\u00eda y Vaup\u00e9s.","var_universe_clusion":"I","var_sumstat":[{"value":"28086","type":"vald","wgtd":null},{"value":"0","type":"invd","wgtd":null},{"value":"1","type":"min","wgtd":null},{"value":"9","type":"max","wgtd":null},{"value":"3.952","type":"mean","wgtd":null},{"value":"1.253","type":"stdev","wgtd":null}],"var_txt":null,"var_catgry":[{"value":"1","labl":"Frecuentemente","is_missing":null,"stats":[{"value":"794","type":"freq","wgtd":null}]},{"value":"2","labl":"De vez en cuando","is_missing":null,"stats":[{"value":"1288","type":"freq","wgtd":null}]},{"value":"3","labl":"Rara vez","is_missing":null,"stats":[{"value":"2306","type":"freq","wgtd":null}]},{"value":"4","labl":"Nunca","is_missing":null,"stats":[{"value":"22515","type":"freq","wgtd":null}]},{"value":"5","labl":"NS\/NR","is_missing":null,"stats":[{"value":"0","type":"freq","wgtd":null}]},{"value":"9","labl":null,"is_missing":null,"stats":[{"value":"1183","type":"freq","wgtd":null}]}],"var_codinstr":null,"var_concept":[],"var_format":{"type":"numeric","schema":"other","category":null,"name":null},"var_notes":null,"var_val_range":{"min":"1","max":"9"},"fid":"F69","sid":"814","survey_idno":"DANE-DIMPE-ELCO-2019"}

7. Durante las elecciones, algunas personas tratan de convencer a otras para que voten por algún partido o candidato. ¿Con qué frecuencia ... ha tratado de convencer a otros para que voten por un partido o candidato?

7. Durante las elecciones, algunas personas tratan de convencer a otras para que voten por algún partido o candidato. ¿Con qué frecuencia ... ha tratado de convencer a otros para que voten por un partido o candidato?

1.	Frecuentemente
2.	De vez en cuando
3.	Rara vez
4.	Nunca
5.	NS/NR

El universo para la Encuesta Longitudinal de Colombia (ELCO) está conformado por la población civil no institucional residente en todo el territorio nacional, excluyendo San Andrés, Providencia y los departamentos de Amazonas, Guainía y Vaupés.
