{"file_id":"F69","vid":"V4063","name":"P2471S3","var_intrvl":"discrete","var_dcml":"0","var_wgt":null,"var_is_wgt":null,"loc_start_pos":"174","loc_end_pos":"174","loc_width":"1","loc_rec_seg_no":"1","labl":"Alg\u00fan l\u00edder comunal?","var_imputation":null,"var_security":null,"var_resp_unit":null,"var_analysis_unit":null,"var_qstn_preqtxt":null,"var_qstn_qstnlit":"Para poder resolver sus problemas \u00bfalguna vez \u2026 ha pedido usted ayuda o cooperaci\u00f3n a:  \n                                                                                                                Alg\u00fan l\u00edder comunal?\n\n1.\tSi\n2.\tNo\n3.\tNS\/NR","var_qstn_postqtxt":null,"var_qstn_ivuinstr":null,"var_universe":"El universo para la Encuesta Longitudinal de Colombia (ELCO) est\u00e1 conformado por la poblaci\u00f3n civil no institucional residente en todo el territorio nacional, excluyendo San Andr\u00e9s, Providencia y los departamentos de Amazonas, Guain\u00eda y Vaup\u00e9s.","var_universe_clusion":"I","var_sumstat":[{"value":"28086","type":"vald","wgtd":null},{"value":"0","type":"invd","wgtd":null},{"value":"1","type":"min","wgtd":null},{"value":"3","type":"max","wgtd":null},{"value":"2.007","type":"mean","wgtd":null},{"value":"0.213","type":"stdev","wgtd":null}],"var_txt":null,"var_catgry":[{"value":"1","labl":"Si","is_missing":null,"stats":[{"value":"547","type":"freq","wgtd":null}]},{"value":"2","labl":"No","is_missing":null,"stats":[{"value":"26808","type":"freq","wgtd":null}]},{"value":"3","labl":"NS\/NR","is_missing":null,"stats":[{"value":"731","type":"freq","wgtd":null}]}],"var_codinstr":null,"var_concept":[],"var_format":{"type":"numeric","schema":"other","category":null,"name":null},"var_notes":null,"var_val_range":{"min":"1","max":"3"},"fid":"F69","sid":"814","survey_idno":"DANE-DIMPE-ELCO-2019"}

Algún líder comunal?

Para poder resolver sus problemas ¿alguna vez … ha pedido usted ayuda o cooperación a:  
                                                                                                                Algún líder comunal?

1.	Si
2.	No
3.	NS/NR

El universo para la Encuesta Longitudinal de Colombia (ELCO) está conformado por la población civil no institucional residente en todo el territorio nacional, excluyendo San Andrés, Providencia y los departamentos de Amazonas, Guainía y Vaupés.
