{"file_id":"F71","vid":"V4752","name":"P3042S1","var_intrvl":"discrete","var_dcml":"0","var_wgt":null,"var_is_wgt":null,"loc_start_pos":"33","loc_end_pos":"35","loc_width":"3","loc_rec_seg_no":"1","labl":"A\u00f1o o Grado","var_imputation":null,"var_security":"El acceso a microdatos y mam-up se considera como de tratamiento especial respecto a la reserva estad\u00edstica por tanto estar\u00e1 sujeto a la reglamentaci\u00f3n que para el efecto defina el comit\u00e9 de aseguramiento de la reserva estad\u00edstica. Resoluci\u00f3n 173 de 2008.","var_resp_unit":"Directo","var_analysis_unit":null,"var_qstn_preqtxt":null,"var_qstn_qstnlit":"A\u00f1o o Grado\n\n\n\tNiv NINGUNO\t\n0\tNinguno\t\n\tNiv PREESCOLAR\t\n0\tInicio Preescolar\t\n1\tGrado uno\t\n\tNiv PRIMARIA\t\n0\tInicia Primaria\t\n1\tPrimero\t\n2\tSegundo\t\n3\tTercero\t\n4\tCuarto\t\n5\tQuinto\t\n\tNiv SECUNDARIA\t\n0\tInicia secundaria\t\n6\tSexto\t\n7\tSeptimo\t\n8\tOctavo\t\n9\tNoveno\t\n\tNiv MEDIA\t\n10\tDecimo\t\n11\tOnce\t\n\tNiv NORMALISTA\t\n0\t0\t\n1\t1\t\n2\t2\t\n3\t3\t\n4\t4\t\n5\t5\t\n\tNiv TEC PROFESIONAL\t\n0\t0\t\n1\t1\t\n2\t2\t\n3\t3\t\n4\t4\t\n5\t5\t\n6\t6\t\n7\t7\t\n8\t8\t\n9\t9\t\n10\t10\t\n11\t11\t\n12\t12\t\n\tNiv TECNOLOGICA\t\n0\t0\t\n1\t1\t\n2\t2\t\n3\t3\t\n4\t4\t\n5\t5\t\n6\t6\t\n7\t7\t\n8\t8\t\n9\t9\t\n10\t10\t\n11\t11\t\n12\t12\t\n13\t13\t\n14\t14\t\n15\t15\t\n16\t16\t\n17\t17\t\n18\t18\t\n\tNiv UNIVERSITARIA\t\n0\t0\t\n1\t1\t\n2\t2\t\n3\t3\t\n4\t4\t\n5\t5\t\n6\t6\t\n7\t7\t\n8\t8\t\n9\t9\t\n10\t10\t\n11\t11\t\n12\t12\t\n13\t13\t\n14\t14\t\n15\t15\t\n16\t16\t\n17\t17\t\n18\t18\t\n19\t19\t\n20\t20\t\n21\t21\t\n22\t22\t\n23\t23\t\n24\t24\t\n25\t25\t\n26\t26\t\n27\t27\t\n28\t28\t\n\tNiv ESPECIALIZACION\t\n0\t0\t\n1\t1\t\n2\t2\t\n3\t3\t\n4\t4\t\n5\t5\t\n6\t6\t\n\tNiv MAESTRIA\t\n0\t0\t\n1\t1\t\n2\t2\t\n3\t3\t\n4\t4\t\n5\t5\t\n6\t6\t\n7\t7\t\n8\t8\t\n\tNiv DOCTORADO\t\n0\t0\t\n1\t1\t\n2\t2\t\n3\t3\t\n4\t4\t\n5\t5\t\n6\t6\t\n7\t7\t\n8\t8\t\n9\t9\t\n10\t10\t\n11\t11\t\n12\t12\t\n13\t13\t\n14\t14\t\n\tNiv NO SABE\t\n99\tNo sabe, no informa","var_qstn_postqtxt":null,"var_qstn_ivuinstr":null,"var_universe":"Para el caso del M\u00f3dulo de Trabajo Infantil, el universo est\u00e1 conformado por la poblaci\u00f3n de 5 a 17 a\u00f1os de edad civil no institucional residente en viviendas particulares.","var_universe_clusion":"I","var_sumstat":[{"value":"0","type":"vald","wgtd":null},{"value":"0","type":"invd","wgtd":null}],"var_txt":null,"var_catgry":[{"value":"0","labl":"0","is_missing":null,"stats":[]},{"value":"1","labl":"1","is_missing":null,"stats":[]},{"value":"2","labl":"2","is_missing":null,"stats":[]},{"value":"3","labl":"3","is_missing":null,"stats":[]},{"value":"4","labl":"4","is_missing":null,"stats":[]},{"value":"5","labl":"5","is_missing":null,"stats":[]},{"value":"6","labl":"6","is_missing":null,"stats":[]},{"value":"7","labl":"7","is_missing":null,"stats":[]},{"value":"8","labl":"8","is_missing":null,"stats":[]},{"value":"9","labl":"9","is_missing":null,"stats":[]},{"value":"10","labl":"10","is_missing":null,"stats":[]},{"value":"11","labl":"11","is_missing":null,"stats":[]},{"value":"12","labl":"12","is_missing":null,"stats":[]},{"value":"13","labl":"13","is_missing":null,"stats":[]},{"value":"14","labl":"14","is_missing":null,"stats":[]},{"value":"15","labl":"15","is_missing":null,"stats":[]},{"value":"16","labl":"16","is_missing":null,"stats":[]},{"value":"17","labl":"17","is_missing":null,"stats":[]},{"value":"18","labl":"18","is_missing":null,"stats":[]},{"value":"19","labl":"19","is_missing":null,"stats":[]},{"value":"20","labl":"20","is_missing":null,"stats":[]},{"value":"21","labl":"21","is_missing":null,"stats":[]},{"value":"22","labl":"22","is_missing":null,"stats":[]},{"value":"23","labl":"23","is_missing":null,"stats":[]},{"value":"24","labl":"24","is_missing":null,"stats":[]},{"value":"25","labl":"25","is_missing":null,"stats":[]},{"value":"26","labl":"26","is_missing":null,"stats":[]},{"value":"27","labl":"27","is_missing":null,"stats":[]},{"value":"28","labl":"28","is_missing":null,"stats":[]},{"value":"99","labl":"No sabe, no informa","is_missing":null,"stats":[]}],"var_codinstr":null,"var_concept":[],"var_format":{"type":"numeric","schema":"other","category":null,"name":null},"var_notes":null,"var_val_range":{"min":"0","max":"10"},"fid":"F71","sid":"823","survey_idno":"DANE-DIMPE-MTI-2023"}

Año o Grado

El acceso a microdatos y mam-up se considera como de tratamiento especial respecto a la reserva estadística por tanto estará sujeto a la reglamentación que para el efecto defina el comité de aseguramiento de la reserva estadística. Resolución 173 de 2008.

Año o Grado


	Niv NINGUNO	
0	Ninguno	
	Niv PREESCOLAR	
0	Inicio Preescolar	
1	Grado uno	
	Niv PRIMARIA	
0	Inicia Primaria	
1	Primero	
2	Segundo	
3	Tercero	
4	Cuarto	
5	Quinto	
	Niv SECUNDARIA	
0	Inicia secundaria	
6	Sexto	
7	Septimo	
8	Octavo	
9	Noveno	
	Niv MEDIA	
10	Decimo	
11	Once	
	Niv NORMALISTA	
0	0	
1	1	
2	2	
3	3	
4	4	
5	5	
	Niv TEC PROFESIONAL	
0	0	
1	1	
2	2	
3	3	
4	4	
5	5	
6	6	
7	7	
8	8	
9	9	
10	10	
11	11	
12	12	
	Niv TECNOLOGICA	
0	0	
1	1	
2	2	
3	3	
4	4	
5	5	
6	6	
7	7	
8	8	
9	9	
10	10	
11	11	
12	12	
13	13	
14	14	
15	15	
16	16	
17	17	
18	18	
	Niv UNIVERSITARIA	
0	0	
1	1	
2	2	
3	3	
4	4	
5	5	
6	6	
7	7	
8	8	
9	9	
10	10	
11	11	
12	12	
13	13	
14	14	
15	15	
16	16	
17	17	
18	18	
19	19	
20	20	
21	21	
22	22	
23	23	
24	24	
25	25	
26	26	
27	27	
28	28	
	Niv ESPECIALIZACION	
0	0	
1	1	
2	2	
3	3	
4	4	
5	5	
6	6	
	Niv MAESTRIA	
0	0	
1	1	
2	2	
3	3	
4	4	
5	5	
6	6	
7	7	
8	8	
	Niv DOCTORADO	
0	0	
1	1	
2	2	
3	3	
4	4	
5	5	
6	6	
7	7	
8	8	
9	9	
10	10	
11	11	
12	12	
13	13	
14	14	
	Niv NO SABE	
99	No sabe, no informa

Para el caso del Módulo de Trabajo Infantil, el universo está conformado por la población de 5 a 17 años de edad civil no institucional residente en viviendas particulares.
