{"file_id":"F3","vid":"V125","name":"ESPECIALIDAD_NOMBRE","var_intrvl":"discrete","var_dcml":null,"var_wgt":null,"var_is_wgt":null,"loc_start_pos":"32","loc_end_pos":"45","loc_width":"14","loc_rec_seg_no":"1","labl":"Nombre de la especialidad","var_imputation":null,"var_security":"El acceso a microdatos y Mam-up se considera como de tratamiento especial respecto a la reserva estad\u00edstica por tanto estar\u00e1 sujeto a la reglamentaci\u00f3n que para el efecto defina el Comit\u00e9 de Aseguramiento de la reserva estad\u00edstica. Resoluci\u00f3n 173 de 2008.","var_resp_unit":"La fuente primaria son las sedes educativas de Educaci\u00f3n Formal, legalmente constituidas, del sector oficial y del sector no oficial, que ofrecen los niveles de preescolar, b\u00e1sica primaria, b\u00e1sica secundaria y media localizados en el \u00e1rea urbana y rural dentro del territorio nacional. Tambi\u00e9n se incluyen las sedes que ofrecen educaci\u00f3n para adultos (CLEI), as\u00ed como, modelos educativos flexibles que contemplan procesos de aprendizaje dirigidos a grupos de poblaci\u00f3n vulnerable, j\u00f3venes en extra edad y adultos\n\nEl informante id\u00f3neo es el rector o el representante legal de la unidad de observaci\u00f3n.","var_analysis_unit":null,"var_qstn_preqtxt":"23. Diligencie la siguiente matriz para establecer las jornadas y los niveles de ense\u00f1anza ofrecidos seg\u00fan el calendario acad\u00e9mico que corresponda","var_qstn_qstnlit":"24. El car\u00e1cter que ofrece la sede educativa es:\n\nS\u00ed marca \"T\u00e9cnico\", indique la especialidad:\n\n- Industrial\n- Agropecuario\n- Comercial\n- T\u00e9cnico social","var_qstn_postqtxt":"24a. La sede educativa cuenta con convenios o articulaciones, para prestar o complementar su servicio educativo? (ej. SENA - carga academica no impartida por la sede educativa; pensum acad\u00e9mico articulado, etc.). Aplica para sedes educativas con nivel de ense\u00f1anza \u201cMedia\u201d.","var_qstn_ivuinstr":null,"var_universe":"Sedes educativas de educaci\u00f3n formal, legalmente constituidas, del sector oficial y del sector no oficial, que ofrecen los niveles de preescolar, b\u00e1sica primaria, b\u00e1sica secundaria y media, localizados en el \u00e1rea urbana y rural dentro del territorio nacional. Tambi\u00e9n se incluyen las sedes que ofrecen educaci\u00f3n para adultos (Decreto 3011 de 1997 donde se establecen normas para el ofrecimiento de la educaci\u00f3n de adultos y se dictan otras disposiciones). As\u00ed como,Modelos Educativos Flexibles que contemplan procesos de aprendizaje dirigidos a grupos de poblaci\u00f3n vulnerable, j\u00f3venes en extra edad y adultos.","var_universe_clusion":"I","var_sumstat":[{"value":"0","type":"vald","wgtd":null},{"value":"0","type":"invd","wgtd":null}],"var_txt":null,"var_catgry":[{"value":"01","labl":"Industrial","is_missing":null,"stats":[]},{"value":"02","labl":"Agropecuario","is_missing":null,"stats":[]},{"value":"03","labl":"Comercial","is_missing":null,"stats":[]},{"value":"04","labl":"T\u00e9cnico social","is_missing":null,"stats":[]}],"var_codinstr":null,"var_concept":[],"var_format":{"type":"character","schema":"other","category":null,"name":null},"var_notes":null,"var_val_range":{"min":null,"max":null},"fid":"F3","sid":"834","survey_idno":"DANE-DIMPE-EDUCACIN-FORMAL-2023"}

El acceso a microdatos y Mam-up se considera como de tratamiento especial respecto a la reserva estadística por tanto estará sujeto a la reglamentación que para el efecto defina el Comité de Aseguramiento de la reserva estadística. Resolución 173 de 2008.

La fuente primaria son las sedes educativas de Educación Formal, legalmente constituidas, del sector oficial y del sector no oficial, que ofrecen los niveles de preescolar, básica primaria, básica secundaria y media localizados en el área urbana y rural dentro del territorio nacional. También se incluyen las sedes que ofrecen educación para adultos (CLEI), así como, modelos educativos flexibles que contemplan procesos de aprendizaje dirigidos a grupos de población vulnerable, jóvenes en extra edad y adultos

El informante idóneo es el rector o el representante legal de la unidad de observación.

23. Diligencie la siguiente matriz para establecer las jornadas y los niveles de enseñanza ofrecidos según el calendario académico que corresponda

24. El carácter que ofrece la sede educativa es:

Sí marca "Técnico", indique la especialidad:

- Industrial
- Agropecuario
- Comercial
- Técnico social

24a. La sede educativa cuenta con convenios o articulaciones, para prestar o complementar su servicio educativo? (ej. SENA - carga academica no impartida por la sede educativa; pensum académico articulado, etc.). Aplica para sedes educativas con nivel de enseñanza “Media”.

Sedes educativas de educación formal, legalmente constituidas, del sector oficial y del sector no oficial, que ofrecen los niveles de preescolar, básica primaria, básica secundaria y media, localizados en el área urbana y rural dentro del territorio nacional. También se incluyen las sedes que ofrecen educación para adultos (Decreto 3011 de 1997 donde se establecen normas para el ofrecimiento de la educación de adultos y se dictan otras disposiciones). Así como,Modelos Educativos Flexibles que contemplan procesos de aprendizaje dirigidos a grupos de población vulnerable, jóvenes en extra edad y adultos.

Técnico social
