{"file_id":"F4","vid":"V132","name":"CALENDARIO_NOMBRE","var_intrvl":"discrete","var_dcml":null,"var_wgt":null,"var_is_wgt":null,"loc_start_pos":"20","loc_end_pos":"31","loc_width":"12","loc_rec_seg_no":"1","labl":"Nombre del calendario","var_imputation":null,"var_security":"El acceso a microdatos y Mam-up se considera como de tratamiento especial respecto a la reserva estad\u00edstica por tanto estar\u00e1 sujeto a la reglamentaci\u00f3n que para el efecto defina el Comit\u00e9 de Aseguramiento de la reserva estad\u00edstica. Resoluci\u00f3n 173 de 2008.","var_resp_unit":"La fuente primaria son las sedes educativas de Educaci\u00f3n Formal, legalmente constituidas, del sector oficial y del sector no oficial, que ofrecen los niveles de preescolar, b\u00e1sica primaria, b\u00e1sica secundaria y media localizados en el \u00e1rea urbana y rural dentro del territorio nacional. Tambi\u00e9n se incluyen las sedes que ofrecen educaci\u00f3n para adultos (CLEI), as\u00ed como, modelos educativos flexibles que contemplan procesos de aprendizaje dirigidos a grupos de poblaci\u00f3n vulnerable, j\u00f3venes en extra edad y adultos\n\nEl informante id\u00f3neo es el rector o el representante legal de la unidad de observaci\u00f3n.","var_analysis_unit":null,"var_qstn_preqtxt":"22. Seleccione la alternativa que corresponda seg\u00fan la modalidad en la que ofrece y presta el servicio educativo","var_qstn_qstnlit":"23. Diligencie la siguiente matriz para establecer las jornadas y los niveles de ense\u00f1anza ofrecidos seg\u00fan el calendario acad\u00e9mico que corresponda:\n\n- Calendario A\n- Calendario B","var_qstn_postqtxt":"24. El car\u00e1cter que ofrece la sede educativa es","var_qstn_ivuinstr":null,"var_universe":"Sedes educativas de educaci\u00f3n formal, legalmente constituidas, del sector oficial y del sector no oficial, que ofrecen los niveles de preescolar, b\u00e1sica primaria, b\u00e1sica secundaria y media, localizados en el \u00e1rea urbana y rural dentro del territorio nacional. Tambi\u00e9n se incluyen las sedes que ofrecen educaci\u00f3n para adultos (Decreto 3011 de 1997 donde se establecen normas para el ofrecimiento de la educaci\u00f3n de adultos y se dictan otras disposiciones). As\u00ed como,Modelos Educativos Flexibles que contemplan procesos de aprendizaje dirigidos a grupos de poblaci\u00f3n vulnerable, j\u00f3venes en extra edad y adultos.","var_universe_clusion":"I","var_sumstat":[{"value":"0","type":"vald","wgtd":null},{"value":"0","type":"invd","wgtd":null}],"var_txt":"- Calendario escolar: comprende la distribuci\u00f3n del tiempo destinado a la planeaci\u00f3n, la organizaci\u00f3n, la ejecuci\u00f3n y la evaluaci\u00f3n de actividades curriculares en los establecimientos educativos de educaci\u00f3n preescolar, b\u00e1sica y media. Adem\u00e1s, relaciona las fechas de iniciaci\u00f3n y finalizaci\u00f3n de las actividades de docentes, directivos docentes y estudiantes. (Concepto estandarizado DANE).\n\n- Calendario A: corresponde al per\u00edodo acad\u00e9mico que inicia en febrero y finaliza en noviembre del mismo a\u00f1o. (Art\u00edculo 2 del Decreto 174 de 1982 y Ley 115 de 1994).\n\n- Calendario B: corresponde al per\u00edodo acad\u00e9mico que inicia en septiembre y finaliza en junio del a\u00f1o siguiente. (Art\u00edculo 2 del Decreto 174 de 1982 y Ley 115 de 1994).","var_catgry":[{"value":"A","labl":"Calendario A","is_missing":null,"stats":[]},{"value":"B","labl":"Calendario B","is_missing":null,"stats":[]}],"var_codinstr":null,"var_concept":[],"var_format":{"type":"character","schema":"other","category":null,"name":null},"var_notes":null,"var_val_range":{"min":null,"max":null},"fid":"F4","sid":"834","survey_idno":"DANE-DIMPE-EDUCACIN-FORMAL-2023"}

El acceso a microdatos y Mam-up se considera como de tratamiento especial respecto a la reserva estadística por tanto estará sujeto a la reglamentación que para el efecto defina el Comité de Aseguramiento de la reserva estadística. Resolución 173 de 2008.

La fuente primaria son las sedes educativas de Educación Formal, legalmente constituidas, del sector oficial y del sector no oficial, que ofrecen los niveles de preescolar, básica primaria, básica secundaria y media localizados en el área urbana y rural dentro del territorio nacional. También se incluyen las sedes que ofrecen educación para adultos (CLEI), así como, modelos educativos flexibles que contemplan procesos de aprendizaje dirigidos a grupos de población vulnerable, jóvenes en extra edad y adultos

El informante idóneo es el rector o el representante legal de la unidad de observación.

22. Seleccione la alternativa que corresponda según la modalidad en la que ofrece y presta el servicio educativo

23. Diligencie la siguiente matriz para establecer las jornadas y los niveles de enseñanza ofrecidos según el calendario académico que corresponda:

- Calendario A
- Calendario B

24. El carácter que ofrece la sede educativa es

Sedes educativas de educación formal, legalmente constituidas, del sector oficial y del sector no oficial, que ofrecen los niveles de preescolar, básica primaria, básica secundaria y media, localizados en el área urbana y rural dentro del territorio nacional. También se incluyen las sedes que ofrecen educación para adultos (Decreto 3011 de 1997 donde se establecen normas para el ofrecimiento de la educación de adultos y se dictan otras disposiciones). Así como,Modelos Educativos Flexibles que contemplan procesos de aprendizaje dirigidos a grupos de población vulnerable, jóvenes en extra edad y adultos.

- Calendario escolar: comprende la distribución del tiempo destinado a la planeación, la organización, la ejecución y la evaluación de actividades curriculares en los establecimientos educativos de educación preescolar, básica y media. Además, relaciona las fechas de iniciación y finalización de las actividades de docentes, directivos docentes y estudiantes. (Concepto estandarizado DANE).

- Calendario A: corresponde al período académico que inicia en febrero y finaliza en noviembre del mismo año. (Artículo 2 del Decreto 174 de 1982 y Ley 115 de 1994).

- Calendario B: corresponde al período académico que inicia en septiembre y finaliza en junio del año siguiente. (Artículo 2 del Decreto 174 de 1982 y Ley 115 de 1994).
