{"file_id":"F5","vid":"V242","name":"P3809","var_intrvl":"discrete","var_dcml":null,"var_wgt":null,"var_is_wgt":null,"loc_start_pos":null,"loc_end_pos":null,"loc_width":"11","loc_rec_seg_no":null,"labl":"Confirmaci\u00f3n del grupo de viaje","var_imputation":null,"var_security":null,"var_resp_unit":null,"var_analysis_unit":null,"var_qstn_preqtxt":null,"var_qstn_qstnlit":null,"var_qstn_postqtxt":null,"var_qstn_ivuinstr":null,"var_universe":"Corresponde a los grupos de viaje de residentes que han realizado un viaje fuera del pa\u00eds y a los grupos de viaje de no residentes que realizaron un viaje dentro del pa\u00eds, en las modalidades a\u00e9rea y mar\u00edtima. \n\nTurismo emisor: abarca las actividades realizadas por un visitante residente fuera del pa\u00eds de referencia, como parte de un viaje tur\u00edstico emisor o de un viaje tur\u00edstico interno. (DANE, CIIU Rev. 4 A.C., 2021). \n\nTurismo receptor: comprende las actividades realizadas, como parte de un viaje tur\u00edstico receptor (desplazamiento desde su lugar de residencia habitual hacia otro destino por motivos personales, profesionales o de negocios) o de un visitante no residente en el pa\u00eds de referencia. (DANE, CIIU Rev. 4 A.C., 2021).","var_universe_clusion":"I","var_sumstat":[{"value":"205576","type":"vald","wgtd":null},{"value":"0","type":"invd","wgtd":null}],"var_txt":null,"var_catgry":[{"value":"Amigos","labl":null,"is_missing":null,"stats":[{"value":"12140","type":"freq","wgtd":null}]},{"value":"Compa\u00c3\u00b1eros","labl":null,"is_missing":null,"stats":[{"value":"2556","type":"freq","wgtd":null}]},{"value":"Familiares","labl":null,"is_missing":null,"stats":[{"value":"38055","type":"freq","wgtd":null}]},{"value":"Otro","labl":null,"is_missing":null,"stats":[{"value":"81","type":"freq","wgtd":null}]},{"value":"Pareja","labl":null,"is_missing":null,"stats":[{"value":"49221","type":"freq","wgtd":null}]},{"value":"Solo","labl":null,"is_missing":null,"stats":[{"value":"103523","type":"freq","wgtd":null}]}],"var_codinstr":null,"var_concept":[],"var_format":{"type":"character","schema":"other","category":null,"name":null},"var_notes":null,"var_val_range":{"min":null,"max":null},"fid":"F5","sid":"869","survey_idno":"DANE-DIMPE-EVI-2023-2025"}

Confirmación del grupo de viaje

Corresponde a los grupos de viaje de residentes que han realizado un viaje fuera del país y a los grupos de viaje de no residentes que realizaron un viaje dentro del país, en las modalidades aérea y marítima. 

Turismo emisor: abarca las actividades realizadas por un visitante residente fuera del país de referencia, como parte de un viaje turístico emisor o de un viaje turístico interno. (DANE, CIIU Rev. 4 A.C., 2021). 

Turismo receptor: comprende las actividades realizadas, como parte de un viaje turístico receptor (desplazamiento desde su lugar de residencia habitual hacia otro destino por motivos personales, profesionales o de negocios) o de un visitante no residente en el país de referencia. (DANE, CIIU Rev. 4 A.C., 2021).

CompaÃ±eros
