{"file_id":"F5","vid":"V281","name":"P3826S4","var_intrvl":"discrete","var_dcml":"2","var_wgt":null,"var_is_wgt":null,"loc_start_pos":null,"loc_end_pos":null,"loc_width":"8","loc_rec_seg_no":null,"labl":"Adquirio en el paquete turistico el servicio de: Visita a museos y\/o asistencia a espect\u00e1culos culturales","var_imputation":null,"var_security":null,"var_resp_unit":null,"var_analysis_unit":null,"var_qstn_preqtxt":null,"var_qstn_qstnlit":null,"var_qstn_postqtxt":null,"var_qstn_ivuinstr":null,"var_universe":"Corresponde a los grupos de viaje de residentes que han realizado un viaje fuera del pa\u00eds y a los grupos de viaje de no residentes que realizaron un viaje dentro del pa\u00eds, en las modalidades a\u00e9rea y mar\u00edtima. \n\nTurismo emisor: abarca las actividades realizadas por un visitante residente fuera del pa\u00eds de referencia, como parte de un viaje tur\u00edstico emisor o de un viaje tur\u00edstico interno. (DANE, CIIU Rev. 4 A.C., 2021). \n\nTurismo receptor: comprende las actividades realizadas, como parte de un viaje tur\u00edstico receptor (desplazamiento desde su lugar de residencia habitual hacia otro destino por motivos personales, profesionales o de negocios) o de un visitante no residente en el pa\u00eds de referencia. (DANE, CIIU Rev. 4 A.C., 2021).","var_universe_clusion":"I","var_sumstat":[{"value":"31084","type":"vald","wgtd":null},{"value":"174492","type":"invd","wgtd":null},{"value":"0","type":"min","wgtd":null},{"value":"1","type":"max","wgtd":null},{"value":"0.432","type":"mean","wgtd":null},{"value":"0.495","type":"stdev","wgtd":null}],"var_txt":null,"var_catgry":[{"value":"0","labl":null,"is_missing":null,"stats":[{"value":"17667","type":"freq","wgtd":null}]},{"value":"1","labl":null,"is_missing":null,"stats":[{"value":"13417","type":"freq","wgtd":null}]},{"value":"Sysmiss","labl":null,"is_missing":"Y","stats":[{"value":"174492","type":"freq","wgtd":null}]}],"var_codinstr":null,"var_concept":[],"var_format":{"type":"numeric","schema":"other","category":null,"name":null},"var_notes":null,"var_val_range":{"min":"0","max":"1"},"fid":"F5","sid":"869","survey_idno":"DANE-DIMPE-EVI-2023-2025"}

Adquirio en el paquete turistico el servicio de: Visita a museos y/o asistencia a espectáculos culturales

Corresponde a los grupos de viaje de residentes que han realizado un viaje fuera del país y a los grupos de viaje de no residentes que realizaron un viaje dentro del país, en las modalidades aérea y marítima. 

Turismo emisor: abarca las actividades realizadas por un visitante residente fuera del país de referencia, como parte de un viaje turístico emisor o de un viaje turístico interno. (DANE, CIIU Rev. 4 A.C., 2021). 

Turismo receptor: comprende las actividades realizadas, como parte de un viaje turístico receptor (desplazamiento desde su lugar de residencia habitual hacia otro destino por motivos personales, profesionales o de negocios) o de un visitante no residente en el país de referencia. (DANE, CIIU Rev. 4 A.C., 2021).
