{"file_id":"F3","vid":"V470","name":"B02","var_intrvl":"discrete","var_dcml":"0","var_wgt":null,"var_is_wgt":null,"loc_start_pos":null,"loc_end_pos":null,"loc_width":null,"loc_rec_seg_no":null,"labl":"Nivel al que pertenece el empleo que desempe\u00f1a en la entidad:","var_imputation":null,"var_security":null,"var_resp_unit":null,"var_analysis_unit":null,"var_qstn_preqtxt":null,"var_qstn_qstnlit":"Nivel al que pertenece el empleo que desempe\u00f1a en la entidad:\n \n1=Directivo\n2=Asesor\n3=Profesional\n4=T\u00e9cnico\n5=Asistencial","var_qstn_postqtxt":null,"var_qstn_ivuinstr":null,"var_universe":"Servidores p\u00fablicos pertenecientes al nivel central de las entidades de los poderes ejecutivo, legislativo y judicial; organismos de control; organismos aut\u00f3nomos; entes universitarios aut\u00f3nomos, de organizaci\u00f3n electoral y corporaciones aut\u00f3nomas regionales colombianas. (Vinculados por libre nombramiento y remoci\u00f3n, carrera administrativa y provisionalidad)","var_universe_clusion":"I","var_sumstat":[{"value":"10994","type":"vald","wgtd":null},{"value":"0","type":"invd","wgtd":null}],"var_txt":null,"var_catgry":[{"value":"1","labl":"Directivo","is_missing":null,"stats":[{"value":"948","type":"freq","wgtd":null}]},{"value":"2","labl":"Asesor","is_missing":null,"stats":[{"value":"407","type":"freq","wgtd":null}]},{"value":"3","labl":"Profesional","is_missing":null,"stats":[{"value":"5354","type":"freq","wgtd":null}]},{"value":"4","labl":"T\u00e9cnico","is_missing":null,"stats":[{"value":"1745","type":"freq","wgtd":null}]},{"value":"5","labl":"Asistencial","is_missing":null,"stats":[{"value":"2540","type":"freq","wgtd":null}]}],"var_codinstr":null,"var_concept":[],"var_format":{"type":"numeric","schema":"other","category":null,"name":null},"var_notes":null,"var_val_range":{"min":"1","max":"5"},"fid":"F3","sid":"895","survey_idno":"DANE-DIMPE-EDID-REGION-2024"}

Nivel al que pertenece el empleo que desempeña en la entidad:

Nivel al que pertenece el empleo que desempeña en la entidad:
 
1=Directivo
2=Asesor
3=Profesional
4=Técnico
5=Asistencial

Servidores públicos pertenecientes al nivel central de las entidades de los poderes ejecutivo, legislativo y judicial; organismos de control; organismos autónomos; entes universitarios autónomos, de organización electoral y corporaciones autónomas regionales colombianas. (Vinculados por libre nombramiento y remoción, carrera administrativa y provisionalidad)

Técnico
