{"file_id":"F3","vid":"V473","name":"B05","var_intrvl":"discrete","var_dcml":"0","var_wgt":null,"var_is_wgt":null,"loc_start_pos":null,"loc_end_pos":null,"loc_width":null,"loc_rec_seg_no":null,"labl":"\u00bfCu\u00e1l es el m\u00e1ximo nivel de educaci\u00f3n que ha completado?","var_imputation":null,"var_security":null,"var_resp_unit":null,"var_analysis_unit":null,"var_qstn_preqtxt":null,"var_qstn_qstnlit":"\u00bfCu\u00e1l es el m\u00e1ximo nivel de educaci\u00f3n que ha completado?\n\n1=Ninguno\n2=Preescolar a Primaria (Prejard\u00edn a 5\u00b0)\n3=B\u00e1sica Secundaria (6\u00b0 - 9\u00b0)\n4=Media (10\u00b0 - 13\u00b0)\n5=T\u00e9cnico\n6=T\u00e9cnol\u00f3gico\n7=Universitario\n8=Especializaci\u00f3n\n9=Maestr\u00eda \n10=Doctorado","var_qstn_postqtxt":null,"var_qstn_ivuinstr":null,"var_universe":"Servidores p\u00fablicos pertenecientes al nivel central de las entidades de los poderes ejecutivo, legislativo y judicial; organismos de control; organismos aut\u00f3nomos; entes universitarios aut\u00f3nomos, de organizaci\u00f3n electoral y corporaciones aut\u00f3nomas regionales colombianas. (Vinculados por libre nombramiento y remoci\u00f3n, carrera administrativa y provisionalidad)","var_universe_clusion":"I","var_sumstat":[{"value":"10994","type":"vald","wgtd":null},{"value":"0","type":"invd","wgtd":null}],"var_txt":null,"var_catgry":[{"value":"1","labl":"Ninguno","is_missing":null,"stats":[{"value":"3","type":"freq","wgtd":null}]},{"value":"2","labl":"Preescolar a Primaria (Prejard\u00edn a 5\u00b0)","is_missing":null,"stats":[{"value":"6","type":"freq","wgtd":null}]},{"value":"3","labl":"B\u00e1sica Secundaria (6\u00b0 - 9\u00b0)","is_missing":null,"stats":[{"value":"81","type":"freq","wgtd":null}]},{"value":"4","labl":"Media (10\u00b0 - 13\u00b0)","is_missing":null,"stats":[{"value":"432","type":"freq","wgtd":null}]},{"value":"5","labl":"T\u00e9cnico","is_missing":null,"stats":[{"value":"1008","type":"freq","wgtd":null}]},{"value":"6","labl":"T\u00e9cnol\u00f3gico","is_missing":null,"stats":[{"value":"751","type":"freq","wgtd":null}]},{"value":"7","labl":"Universitario","is_missing":null,"stats":[{"value":"2431","type":"freq","wgtd":null}]},{"value":"8","labl":"Especializaci\u00f3n","is_missing":null,"stats":[{"value":"4815","type":"freq","wgtd":null}]},{"value":"9","labl":"Maestr\u00eda","is_missing":null,"stats":[{"value":"1420","type":"freq","wgtd":null}]},{"value":"10","labl":"Doctorado","is_missing":null,"stats":[{"value":"47","type":"freq","wgtd":null}]}],"var_codinstr":null,"var_concept":[],"var_format":{"type":"numeric","schema":"other","category":null,"name":null},"var_notes":null,"var_val_range":{"min":"1","max":"10"},"fid":"F3","sid":"895","survey_idno":"DANE-DIMPE-EDID-REGION-2024"}

¿Cuál es el máximo nivel de educación que ha completado?

¿Cuál es el máximo nivel de educación que ha completado?

1=Ninguno
2=Preescolar a Primaria (Prejardín a 5°)
3=Básica Secundaria (6° - 9°)
4=Media (10° - 13°)
5=Técnico
6=Técnológico
7=Universitario
8=Especialización
9=Maestría 
10=Doctorado

Servidores públicos pertenecientes al nivel central de las entidades de los poderes ejecutivo, legislativo y judicial; organismos de control; organismos autónomos; entes universitarios autónomos, de organización electoral y corporaciones autónomas regionales colombianas. (Vinculados por libre nombramiento y remoción, carrera administrativa y provisionalidad)

Preescolar a Primaria (Prejardín a 5°)

Básica Secundaria (6° - 9°)

Técnico

Técnológico

Especialización

Maestría
