{"file_id":"F3","vid":"V476","name":"B08","var_intrvl":"discrete","var_dcml":"0","var_wgt":null,"var_is_wgt":null,"loc_start_pos":null,"loc_end_pos":null,"loc_width":null,"loc_rec_seg_no":null,"labl":"Pensando en c\u00f3mo accedi\u00f3 a su empleo, a trav\u00e9s de cu\u00e1l de los siguientes mecanismos ingres\u00f3 al cargo actual que desempe\u00f1a como servidor\/a p\u00fablico\/a? (seleccione solo el principal)","var_imputation":null,"var_security":null,"var_resp_unit":null,"var_analysis_unit":null,"var_qstn_preqtxt":null,"var_qstn_qstnlit":"Pensando en c\u00f3mo accedi\u00f3 a su empleo, a trav\u00e9s de cu\u00e1l de los siguientes mecanismos ingres\u00f3 al cargo actual que desempe\u00f1a como servidor\/a p\u00fablico\/a? (seleccione solo el principal)\n\n1=Concurso de m\u00e9ritos\n2=Nominaci\u00f3n por el representante legal de la entidad\n3=Registro en bancos de hoja de vida\n4=Vinculaci\u00f3n a trav\u00e9s de planta temporal\n5=Postulaci\u00f3n directa a trav\u00e9s de la p\u00e1gina web de la entidad\n6=Nominaci\u00f3n por una persona que trabaja en la entidad\n7=Otro","var_qstn_postqtxt":null,"var_qstn_ivuinstr":null,"var_universe":"Servidores p\u00fablicos pertenecientes al nivel central de las entidades de los poderes ejecutivo, legislativo y judicial; organismos de control; organismos aut\u00f3nomos; entes universitarios aut\u00f3nomos, de organizaci\u00f3n electoral y corporaciones aut\u00f3nomas regionales colombianas. (Vinculados por libre nombramiento y remoci\u00f3n, carrera administrativa y provisionalidad)","var_universe_clusion":"I","var_sumstat":[{"value":"10994","type":"vald","wgtd":null},{"value":"0","type":"invd","wgtd":null}],"var_txt":null,"var_catgry":[{"value":"1","labl":"Concurso de m\u00e9ritos","is_missing":null,"stats":[{"value":"6417","type":"freq","wgtd":null}]},{"value":"2","labl":"Nominaci\u00f3n por el representante legal de la entidad","is_missing":null,"stats":[{"value":"1703","type":"freq","wgtd":null}]},{"value":"3","labl":"Registro en bancos de hoja de vida","is_missing":null,"stats":[{"value":"77","type":"freq","wgtd":null}]},{"value":"4","labl":"Vinculaci\u00f3n a trav\u00e9s de planta temporal","is_missing":null,"stats":[{"value":"1011","type":"freq","wgtd":null}]},{"value":"5","labl":"Postulaci\u00f3n directa a trav\u00e9s de la p\u00e1gina web de la entidad","is_missing":null,"stats":[{"value":"75","type":"freq","wgtd":null}]},{"value":"6","labl":"Nominaci\u00f3n por una persona que trabaja en la entidad","is_missing":null,"stats":[{"value":"449","type":"freq","wgtd":null}]},{"value":"7","labl":"Otro","is_missing":null,"stats":[{"value":"1262","type":"freq","wgtd":null}]}],"var_codinstr":null,"var_concept":[],"var_format":{"type":"numeric","schema":"other","category":null,"name":null},"var_notes":null,"var_val_range":{"min":"1","max":"7"},"fid":"F3","sid":"895","survey_idno":"DANE-DIMPE-EDID-REGION-2024"}

Pensando en cómo accedió a su empleo, a través de cuál de los siguientes mecanismos ingresó al cargo actual que desempeña como servidor/a público/a? (seleccione solo el principal)

Pensando en cómo accedió a su empleo, a través de cuál de los siguientes mecanismos ingresó al cargo actual que desempeña como servidor/a público/a? (seleccione solo el principal)

1=Concurso de méritos
2=Nominación por el representante legal de la entidad
3=Registro en bancos de hoja de vida
4=Vinculación a través de planta temporal
5=Postulación directa a través de la página web de la entidad
6=Nominación por una persona que trabaja en la entidad
7=Otro

Servidores públicos pertenecientes al nivel central de las entidades de los poderes ejecutivo, legislativo y judicial; organismos de control; organismos autónomos; entes universitarios autónomos, de organización electoral y corporaciones autónomas regionales colombianas. (Vinculados por libre nombramiento y remoción, carrera administrativa y provisionalidad)

Concurso de méritos

Nominación por el representante legal de la entidad

Vinculación a través de planta temporal

Postulación directa a través de la página web de la entidad

Nominación por una persona que trabaja en la entidad
