{"file_id":"F3","vid":"V507","name":"C08D","var_intrvl":"discrete","var_dcml":"0","var_wgt":null,"var_is_wgt":null,"loc_start_pos":null,"loc_end_pos":null,"loc_width":null,"loc_rec_seg_no":null,"labl":"Transformaci\u00f3n digital","var_imputation":null,"var_security":"El acceso a microdatos y Mam-up se considera como de tratamiento especial respecto a la reserva estad\u00edstica por tanto estar\u00e1 sujeto a la reglamentaci\u00f3n que para el efecto defina el Comit\u00e9 de Aseguramiento de la reserva estad\u00edstica. Resoluci\u00f3n 173 de 2008.","var_resp_unit":null,"var_analysis_unit":null,"var_qstn_preqtxt":"Diversidad e inclusi\u00f3n","var_qstn_qstnlit":"\u00bfDurante los \u00faltimos doce meses particip\u00f3 o fue beneficiario de\nactividades de bienestar relacionadas con las siguientes tem\u00e1ticas?\n\nd. Transformaci\u00f3n digital.\n\n1\tS\u00ed\n2\tNo","var_qstn_postqtxt":"Identidad y vocaci\u00f3n por el servicio p\u00fablico","var_qstn_ivuinstr":"La pregunta de esta secci\u00f3n tiene como objetivo identificar situaciones que representan un cambio en las condiciones de trabajo de las y los servidores y en consecuencia pueden afectar el desarrollo de sus funciones. \nd. Cambio en su equipo de trabajo: rotaci\u00f3n de personas que conforman los equipos de trabajo y que afectan directamente el ejercicio de las funciones del servidor(a).","var_universe":"Servidores p\u00fablicos pertenecientes al nivel central de las entidades de los poderes ejecutivo, legislativo y judicial; organismos de control; organismos aut\u00f3nomos; entes universitarios aut\u00f3nomos, de organizaci\u00f3n electoral y corporaciones aut\u00f3nomas regionales colombianas. (Vinculados por libre nombramiento y remoci\u00f3n, carrera administrativa y provisionalidad)","var_universe_clusion":"I","var_sumstat":[{"value":"6484","type":"vald","wgtd":null},{"value":"4510","type":"invd","wgtd":null}],"var_txt":null,"var_catgry":[{"value":"1","labl":"S\u00ed","is_missing":null,"stats":[{"value":"2685","type":"freq","wgtd":null}]},{"value":"2","labl":"No","is_missing":null,"stats":[{"value":"3799","type":"freq","wgtd":null}]},{"value":"Sysmiss","labl":null,"is_missing":"Y","stats":[{"value":"4510","type":"freq","wgtd":null}]}],"var_codinstr":null,"var_concept":[],"var_format":{"type":"numeric","schema":"other","category":null,"name":null},"var_notes":null,"var_val_range":{"min":"1","max":"2"},"fid":"F3","sid":"895","survey_idno":"DANE-DIMPE-EDID-REGION-2024"}

Transformación digital

El acceso a microdatos y Mam-up se considera como de tratamiento especial respecto a la reserva estadística por tanto estará sujeto a la reglamentación que para el efecto defina el Comité de Aseguramiento de la reserva estadística. Resolución 173 de 2008.

Diversidad e inclusión

¿Durante los últimos doce meses participó o fue beneficiario de
actividades de bienestar relacionadas con las siguientes temáticas?

d. Transformación digital.

1	Sí
2	No

Identidad y vocación por el servicio público

La pregunta de esta sección tiene como objetivo identificar situaciones que representan un cambio en las condiciones de trabajo de las y los servidores y en consecuencia pueden afectar el desarrollo de sus funciones. 
d. Cambio en su equipo de trabajo: rotación de personas que conforman los equipos de trabajo y que afectan directamente el ejercicio de las funciones del servidor(a).

Servidores públicos pertenecientes al nivel central de las entidades de los poderes ejecutivo, legislativo y judicial; organismos de control; organismos autónomos; entes universitarios autónomos, de organización electoral y corporaciones autónomas regionales colombianas. (Vinculados por libre nombramiento y remoción, carrera administrativa y provisionalidad)

Sí
