{"file_id":"F3","vid":"V516","name":"C10","var_intrvl":"contin","var_dcml":"0","var_wgt":null,"var_is_wgt":null,"loc_start_pos":null,"loc_end_pos":null,"loc_width":null,"loc_rec_seg_no":null,"labl":"\u00bfQu\u00e9 tan f\u00e1cil o dif\u00edcil fue adaptarse a los cambios laborales que vivi\u00f3 durante los \u00faltimos doce meses?","var_imputation":null,"var_security":null,"var_resp_unit":null,"var_analysis_unit":null,"var_qstn_preqtxt":"Cambio en las competencias o habilidades requeridas por la entidad.","var_qstn_qstnlit":"\u00bfQu\u00e9 tan f\u00e1cil o dif\u00edcil fue adaptarse a los cambios laborales\nque vivi\u00f3 durante los \u00faltimos doce meses?\n\n1=Muy f\u00e1cil\n2=F\u00e1cil\n3=Ni f\u00e1cil ni dific\u00edl\n4=Dific\u00edl\n5=Muy dific\u00edl\n99=Prefiero no contestar","var_qstn_postqtxt":"Cont\u00f3 con la informaci\u00f3n necesaria para desempe\u00f1ar su trabajo.","var_qstn_ivuinstr":null,"var_universe":"Servidores p\u00fablicos pertenecientes al nivel central de las entidades de los poderes ejecutivo, legislativo y judicial; organismos de control; organismos aut\u00f3nomos; entes universitarios aut\u00f3nomos, de organizaci\u00f3n electoral y corporaciones aut\u00f3nomas regionales colombianas. (Vinculados por libre nombramiento y remoci\u00f3n, carrera administrativa y provisionalidad)","var_universe_clusion":"I","var_sumstat":[{"value":"2821","type":"vald","wgtd":null},{"value":"8173","type":"invd","wgtd":null}],"var_txt":null,"var_catgry":[{"value":"1","labl":"Muy f\u00e1cil","is_missing":null,"stats":[{"value":"588","type":"freq","wgtd":null}]},{"value":"2","labl":"F\u00e1cil","is_missing":null,"stats":[{"value":"981","type":"freq","wgtd":null}]},{"value":"3","labl":"Ni f\u00e1cil ni dific\u00edl","is_missing":null,"stats":[{"value":"741","type":"freq","wgtd":null}]},{"value":"4","labl":"Dific\u00edl","is_missing":null,"stats":[{"value":"318","type":"freq","wgtd":null}]},{"value":"5","labl":"Muy dific\u00edl","is_missing":null,"stats":[{"value":"94","type":"freq","wgtd":null}]},{"value":"99","labl":"Prefiero no contestar","is_missing":null,"stats":[{"value":"99","type":"freq","wgtd":null}]}],"var_codinstr":null,"var_concept":[],"var_format":{"type":"numeric","schema":"other","category":null,"name":null},"var_notes":null,"var_val_range":{"min":"1","max":"99"},"fid":"F3","sid":"895","survey_idno":"DANE-DIMPE-EDID-REGION-2024"}

¿Qué tan fácil o difícil fue adaptarse a los cambios laborales que vivió durante los últimos doce meses?

¿Qué tan fácil o difícil fue adaptarse a los cambios laborales
que vivió durante los últimos doce meses?

1=Muy fácil
2=Fácil
3=Ni fácil ni dificíl
4=Dificíl
5=Muy dificíl
99=Prefiero no contestar

Contó con la información necesaria para desempeñar su trabajo.

Servidores públicos pertenecientes al nivel central de las entidades de los poderes ejecutivo, legislativo y judicial; organismos de control; organismos autónomos; entes universitarios autónomos, de organización electoral y corporaciones autónomas regionales colombianas. (Vinculados por libre nombramiento y remoción, carrera administrativa y provisionalidad)

Muy fácil

Fácil

Ni fácil ni dificíl

Dificíl

Muy dificíl
