{"file_id":"F3","vid":"V519","name":"C11C","var_intrvl":"discrete","var_dcml":"0","var_wgt":null,"var_is_wgt":null,"loc_start_pos":null,"loc_end_pos":null,"loc_width":null,"loc_rec_seg_no":null,"labl":"Las tecnolog\u00edas de informaci\u00f3n y comunicaci\u00f3n de su entidad fueron adecuadas para las tareas encomendadas.","var_imputation":null,"var_security":null,"var_resp_unit":null,"var_analysis_unit":null,"var_qstn_preqtxt":"El suministro de implementos de trabajo fue suficiente para cumplir con las labores asignadas.","var_qstn_qstnlit":"Durante los \u00faltimos doce meses,\nen su entidad\u2026:\n\nc. Las tecnolog\u00edas de informaci\u00f3n\ny comunicaci\u00f3n de su entidad\nfueron adecuadas para las tareas\nencomendadas.\n\n\n5\tTotalmente de acuerdo\n4\tDe acuerdo\n3              Ni de acuerdo ni en desacuerdo\n2\tEn desacuerdo\n1\tTotalmente en desacuerdo\n9              No tiene conocimiento\/ Prefiere no","var_qstn_postqtxt":"Tiene un ambiente f\u00edsico seguro (ergonom\u00eda)","var_qstn_ivuinstr":null,"var_universe":"Servidores p\u00fablicos pertenecientes al nivel central de las entidades de los poderes ejecutivo, legislativo y judicial; organismos de control; organismos aut\u00f3nomos; entes universitarios aut\u00f3nomos, de organizaci\u00f3n electoral y corporaciones aut\u00f3nomas regionales colombianas. (Vinculados por libre nombramiento y remoci\u00f3n, carrera administrativa y provisionalidad)","var_universe_clusion":"I","var_sumstat":[{"value":"10994","type":"vald","wgtd":null},{"value":"0","type":"invd","wgtd":null}],"var_txt":null,"var_catgry":[{"value":"1","labl":"Totalmente en desacuerdo","is_missing":null,"stats":[{"value":"586","type":"freq","wgtd":null}]},{"value":"2","labl":"En desacuerdo","is_missing":null,"stats":[{"value":"1455","type":"freq","wgtd":null}]},{"value":"3","labl":"Ni de acuerdo ni en desacuerdo","is_missing":null,"stats":[{"value":"1665","type":"freq","wgtd":null}]},{"value":"4","labl":"De acuerdo","is_missing":null,"stats":[{"value":"4979","type":"freq","wgtd":null}]},{"value":"5","labl":"Totalmente de acuerdo","is_missing":null,"stats":[{"value":"2229","type":"freq","wgtd":null}]},{"value":"9","labl":"No tiene conocimiento\/ Prefiere no contestar","is_missing":null,"stats":[{"value":"80","type":"freq","wgtd":null}]}],"var_codinstr":null,"var_concept":[],"var_format":{"type":"numeric","schema":"other","category":null,"name":null},"var_notes":null,"var_val_range":{"min":"1","max":"9"},"fid":"F3","sid":"895","survey_idno":"DANE-DIMPE-EDID-REGION-2024"}

Las tecnologías de información y comunicación de su entidad fueron adecuadas para las tareas encomendadas.

Durante los últimos doce meses,
en su entidad…:

c. Las tecnologías de información
y comunicación de su entidad
fueron adecuadas para las tareas
encomendadas.


5	Totalmente de acuerdo
4	De acuerdo
3              Ni de acuerdo ni en desacuerdo
2	En desacuerdo
1	Totalmente en desacuerdo
9              No tiene conocimiento/ Prefiere no

Tiene un ambiente físico seguro (ergonomía)

Servidores públicos pertenecientes al nivel central de las entidades de los poderes ejecutivo, legislativo y judicial; organismos de control; organismos autónomos; entes universitarios autónomos, de organización electoral y corporaciones autónomas regionales colombianas. (Vinculados por libre nombramiento y remoción, carrera administrativa y provisionalidad)
