{"file_id":"F3","vid":"V523","name":"C12D","var_intrvl":"discrete","var_dcml":"0","var_wgt":null,"var_is_wgt":null,"loc_start_pos":null,"loc_end_pos":null,"loc_width":null,"loc_rec_seg_no":null,"labl":"Es un espacio libre de contaminaci\u00f3n auditiva (ruido)","var_imputation":null,"var_security":null,"var_resp_unit":null,"var_analysis_unit":null,"var_qstn_preqtxt":"Tiene suficiente ventilaci\u00f3n","var_qstn_qstnlit":"Pensando en su principal modalidad\nde trabajo durante los \u00faltimos doce\nmeses (presencial o teletrabajo),\nconsidera que su espacio de\ntrabajo\u2026\n\nd. Es un espacio libre de contaminaci\u00f3n auditiva (ruido):\n\n5\tTotalmente de acuerdo\n4\tDe acuerdo\n3              Ni de acuerdo ni en desacuerdo\n2\tEn desacuerdo\n1\tTotalmente en desacuerdo\n9              No tiene conocimiento\/ Prefiere no contestar","var_qstn_postqtxt":"Permanece ordenado y limpio:","var_qstn_ivuinstr":"Las respuestas a este bloque de pregunta se realizan en funci\u00f3n de la respuesta a la pregunta C11, considerando las condiciones para el espacio de trabajo en el cual principalmente ha ejercido sus labores el servidor\/a durante el \u00faltimo a\u00f1o.\nd. Es un espacio libre de contaminaci\u00f3n auditiva (ruido): ausencia de ruidos que perturben la concentraci\u00f3n o generen molestias o da\u00f1os para la salud de los servidores\/as.","var_universe":"Servidores p\u00fablicos pertenecientes al nivel central de las entidades de los poderes ejecutivo, legislativo y judicial; organismos de control; organismos aut\u00f3nomos; entes universitarios aut\u00f3nomos, de organizaci\u00f3n electoral y corporaciones aut\u00f3nomas regionales colombianas. (Vinculados por libre nombramiento y remoci\u00f3n, carrera administrativa y provisionalidad)","var_universe_clusion":"I","var_sumstat":[{"value":"10994","type":"vald","wgtd":null},{"value":"0","type":"invd","wgtd":null}],"var_txt":null,"var_catgry":[{"value":"1","labl":"Totalmente en desacuerdo","is_missing":null,"stats":[{"value":"1281","type":"freq","wgtd":null}]},{"value":"2","labl":"En desacuerdo","is_missing":null,"stats":[{"value":"2111","type":"freq","wgtd":null}]},{"value":"3","labl":"Ni de acuerdo ni en desacuerdo","is_missing":null,"stats":[{"value":"1533","type":"freq","wgtd":null}]},{"value":"4","labl":"De acuerdo","is_missing":null,"stats":[{"value":"3913","type":"freq","wgtd":null}]},{"value":"5","labl":"Totalmente de acuerdo","is_missing":null,"stats":[{"value":"2091","type":"freq","wgtd":null}]},{"value":"9","labl":"No tiene conocimiento\/ Prefiere no contestar","is_missing":null,"stats":[{"value":"65","type":"freq","wgtd":null}]}],"var_codinstr":null,"var_concept":[],"var_format":{"type":"numeric","schema":"other","category":null,"name":null},"var_notes":null,"var_val_range":{"min":"1","max":"9"},"fid":"F3","sid":"895","survey_idno":"DANE-DIMPE-EDID-REGION-2024"}

Es un espacio libre de contaminación auditiva (ruido)

Tiene suficiente ventilación

Pensando en su principal modalidad
de trabajo durante los últimos doce
meses (presencial o teletrabajo),
considera que su espacio de
trabajo…

d. Es un espacio libre de contaminación auditiva (ruido):

5	Totalmente de acuerdo
4	De acuerdo
3              Ni de acuerdo ni en desacuerdo
2	En desacuerdo
1	Totalmente en desacuerdo
9              No tiene conocimiento/ Prefiere no contestar

Las respuestas a este bloque de pregunta se realizan en función de la respuesta a la pregunta C11, considerando las condiciones para el espacio de trabajo en el cual principalmente ha ejercido sus labores el servidor/a durante el último año.
d. Es un espacio libre de contaminación auditiva (ruido): ausencia de ruidos que perturben la concentración o generen molestias o daños para la salud de los servidores/as.

Servidores públicos pertenecientes al nivel central de las entidades de los poderes ejecutivo, legislativo y judicial; organismos de control; organismos autónomos; entes universitarios autónomos, de organización electoral y corporaciones autónomas regionales colombianas. (Vinculados por libre nombramiento y remoción, carrera administrativa y provisionalidad)
