{"file_id":"F3","vid":"V529","name":"C16B","var_intrvl":"discrete","var_dcml":"0","var_wgt":null,"var_is_wgt":null,"loc_start_pos":null,"loc_end_pos":null,"loc_width":null,"loc_rec_seg_no":null,"labl":"Me siento m\u00e1s ansiosa\/o teletrabajando que en la oficina (o mi lugar de trabajo habitual)","var_imputation":null,"var_security":"El acceso a microdatos y Mam-up se considera como de tratamiento especial respecto a la reserva estad\u00edstica por tanto estar\u00e1 sujeto a la reglamentaci\u00f3n que para el efecto defina el Comit\u00e9 de Aseguramiento de la reserva estad\u00edstica. Resoluci\u00f3n 173 de 2008.","var_resp_unit":null,"var_analysis_unit":null,"var_qstn_preqtxt":"Estoy m\u00e1s distra\u00edda\/o de mis deberes laborales en el lugar donde desarrollo el trabajo que en la oficina (o mi lugar de trabajo habitual)","var_qstn_qstnlit":"Frente al teletrabajo, indique hasta qu\u00e9 punto est\u00e1 de acuerdo o en desacuerdo con las siguientes afirmaciones:\n\nb. Me siento m\u00e1s ansiosa\/o teletrabajando que en la oficina (o mi lugar de trabajo habitual): \n\n5\tTotalmente de acuerdo\n4\tDe acuerdo\n3              Ni de acuerdo ni en desacuerdo\n2\tEn desacuerdo\n1\tTotalmente en desacuerdo\n9              No tiene conocimiento\/ Prefiere no contestar","var_qstn_postqtxt":"Soy m\u00e1s productiva\/o cuando teletrabajo que en la oficina (o mi lugar de trabajo habitual)","var_qstn_ivuinstr":"El siguiente bloque de preguntas est\u00e1 orientado a identificar las sensaciones, emociones y percepciones experimentadas por los servidores\/as durante el trabajo remoto.\n\nb. Me siento m\u00e1s ansiosa\/o teletrabajando que en la oficina (o mi lugar de trabajo habitual): preocupaciones persistentes o sentimientos de nerviosismo, temor o p\u00e1nico ocasionados por la experiencia de teletrabajar.","var_universe":"Servidores p\u00fablicos pertenecientes al nivel central de las entidades de los poderes ejecutivo, legislativo y judicial; organismos de control; organismos aut\u00f3nomos; entes universitarios aut\u00f3nomos, de organizaci\u00f3n electoral y corporaciones aut\u00f3nomas regionales colombianas. (Vinculados por libre nombramiento y remoci\u00f3n, carrera administrativa y provisionalidad)","var_universe_clusion":"I","var_sumstat":[{"value":"2139","type":"vald","wgtd":null},{"value":"8855","type":"invd","wgtd":null}],"var_txt":null,"var_catgry":[{"value":"1","labl":"Totalmente en desacuerdo","is_missing":null,"stats":[{"value":"946","type":"freq","wgtd":null}]},{"value":"2","labl":"En desacuerdo","is_missing":null,"stats":[{"value":"658","type":"freq","wgtd":null}]},{"value":"3","labl":"Ni de acuerdo ni en desacuerdo","is_missing":null,"stats":[{"value":"226","type":"freq","wgtd":null}]},{"value":"4","labl":"De acuerdo","is_missing":null,"stats":[{"value":"187","type":"freq","wgtd":null}]},{"value":"5","labl":"Totalmente de acuerdo","is_missing":null,"stats":[{"value":"76","type":"freq","wgtd":null}]},{"value":"9","labl":"No tiene conocimiento\/ Prefiere no contestar","is_missing":null,"stats":[{"value":"46","type":"freq","wgtd":null}]},{"value":"Sysmiss","labl":null,"is_missing":"Y","stats":[{"value":"8855","type":"freq","wgtd":null}]}],"var_codinstr":null,"var_concept":[],"var_format":{"type":"numeric","schema":"other","category":null,"name":null},"var_notes":null,"var_val_range":{"min":"1","max":"9"},"fid":"F3","sid":"895","survey_idno":"DANE-DIMPE-EDID-REGION-2024"}

Me siento más ansiosa/o teletrabajando que en la oficina (o mi lugar de trabajo habitual)

El acceso a microdatos y Mam-up se considera como de tratamiento especial respecto a la reserva estadística por tanto estará sujeto a la reglamentación que para el efecto defina el Comité de Aseguramiento de la reserva estadística. Resolución 173 de 2008.

Estoy más distraída/o de mis deberes laborales en el lugar donde desarrollo el trabajo que en la oficina (o mi lugar de trabajo habitual)

Frente al teletrabajo, indique hasta qué punto está de acuerdo o en desacuerdo con las siguientes afirmaciones:

b. Me siento más ansiosa/o teletrabajando que en la oficina (o mi lugar de trabajo habitual): 

5	Totalmente de acuerdo
4	De acuerdo
3              Ni de acuerdo ni en desacuerdo
2	En desacuerdo
1	Totalmente en desacuerdo
9              No tiene conocimiento/ Prefiere no contestar

Soy más productiva/o cuando teletrabajo que en la oficina (o mi lugar de trabajo habitual)

El siguiente bloque de preguntas está orientado a identificar las sensaciones, emociones y percepciones experimentadas por los servidores/as durante el trabajo remoto.

b. Me siento más ansiosa/o teletrabajando que en la oficina (o mi lugar de trabajo habitual): preocupaciones persistentes o sentimientos de nerviosismo, temor o pánico ocasionados por la experiencia de teletrabajar.

Servidores públicos pertenecientes al nivel central de las entidades de los poderes ejecutivo, legislativo y judicial; organismos de control; organismos autónomos; entes universitarios autónomos, de organización electoral y corporaciones autónomas regionales colombianas. (Vinculados por libre nombramiento y remoción, carrera administrativa y provisionalidad)
