{"file_id":"F3","vid":"V531","name":"C16D","var_intrvl":"discrete","var_dcml":"0","var_wgt":null,"var_is_wgt":null,"loc_start_pos":null,"loc_end_pos":null,"loc_width":null,"loc_rec_seg_no":null,"labl":"Cuando teletrabajo, me siento sola\/o y desconectada\/o de mis colegas","var_imputation":null,"var_security":null,"var_resp_unit":null,"var_analysis_unit":null,"var_qstn_preqtxt":"Soy m\u00e1s productiva\/o cuando teletrabajo que en la oficina (o mi lugar de trabajo habitual)","var_qstn_qstnlit":"Frente al teletrabajo o trabajo en casa, indique hasta qu\u00e9 punto est\u00e1 de acuerdo o en desacuerdo con las siguientes afirmaciones:\n\nd. Cuando teletrabajo, me siento sola\/o y desconectada\/o de mis colegas: \n\n5\tTotalmente de acuerdo\n4\tDe acuerdo\n3              Ni de acuerdo ni en desacuerdo\n2\tEn desacuerdo\n1\tTotalmente en desacuerdo\n9              No tiene conocimiento\/ Prefiere no contestar","var_qstn_postqtxt":"Mi entidad brinda los servicios y recursos necesarios para apoyar mi salud mental mientras teletrabajo","var_qstn_ivuinstr":"El siguiente bloque de preguntas est\u00e1 orientado a identificar las sensaciones, emociones y percepciones experimentadas por los servidores\/as durante el trabajo remoto.\nd. Cuando teletrabajo, me siento sola\/o y desconectada\/o de mis colegas: sensaciones de aislamiento o desconexi\u00f3n producto del distanciamiento social y la falta de contacto f\u00edsico con compa\u00f1eros de trabajo.","var_universe":"Servidores p\u00fablicos pertenecientes al nivel central de las entidades de los poderes ejecutivo, legislativo y judicial; organismos de control; organismos aut\u00f3nomos; entes universitarios aut\u00f3nomos, de organizaci\u00f3n electoral y corporaciones aut\u00f3nomas regionales colombianas. (Vinculados por libre nombramiento y remoci\u00f3n, carrera administrativa y provisionalidad)","var_universe_clusion":"I","var_sumstat":[{"value":"2139","type":"vald","wgtd":null},{"value":"8855","type":"invd","wgtd":null}],"var_txt":null,"var_catgry":[{"value":"1","labl":"Totalmente en desacuerdo","is_missing":null,"stats":[{"value":"752","type":"freq","wgtd":null}]},{"value":"2","labl":"En desacuerdo","is_missing":null,"stats":[{"value":"719","type":"freq","wgtd":null}]},{"value":"3","labl":"Ni de acuerdo ni en desacuerdo","is_missing":null,"stats":[{"value":"344","type":"freq","wgtd":null}]},{"value":"4","labl":"De acuerdo","is_missing":null,"stats":[{"value":"209","type":"freq","wgtd":null}]},{"value":"5","labl":"Totalmente de acuerdo","is_missing":null,"stats":[{"value":"66","type":"freq","wgtd":null}]},{"value":"9","labl":"No tiene conocimiento\/ Prefiere no contestar","is_missing":null,"stats":[{"value":"49","type":"freq","wgtd":null}]},{"value":"Sysmiss","labl":null,"is_missing":"Y","stats":[{"value":"8855","type":"freq","wgtd":null}]}],"var_codinstr":null,"var_concept":[],"var_format":{"type":"numeric","schema":"other","category":null,"name":null},"var_notes":null,"var_val_range":{"min":"1","max":"9"},"fid":"F3","sid":"895","survey_idno":"DANE-DIMPE-EDID-REGION-2024"}

Soy más productiva/o cuando teletrabajo que en la oficina (o mi lugar de trabajo habitual)

Frente al teletrabajo o trabajo en casa, indique hasta qué punto está de acuerdo o en desacuerdo con las siguientes afirmaciones:

d. Cuando teletrabajo, me siento sola/o y desconectada/o de mis colegas: 

5	Totalmente de acuerdo
4	De acuerdo
3              Ni de acuerdo ni en desacuerdo
2	En desacuerdo
1	Totalmente en desacuerdo
9              No tiene conocimiento/ Prefiere no contestar

El siguiente bloque de preguntas está orientado a identificar las sensaciones, emociones y percepciones experimentadas por los servidores/as durante el trabajo remoto.
d. Cuando teletrabajo, me siento sola/o y desconectada/o de mis colegas: sensaciones de aislamiento o desconexión producto del distanciamiento social y la falta de contacto físico con compañeros de trabajo.

Servidores públicos pertenecientes al nivel central de las entidades de los poderes ejecutivo, legislativo y judicial; organismos de control; organismos autónomos; entes universitarios autónomos, de organización electoral y corporaciones autónomas regionales colombianas. (Vinculados por libre nombramiento y remoción, carrera administrativa y provisionalidad)
