{"file_id":"F3","vid":"V548","name":"C17O","var_intrvl":"discrete","var_dcml":"0","var_wgt":null,"var_is_wgt":null,"loc_start_pos":null,"loc_end_pos":null,"loc_width":null,"loc_rec_seg_no":null,"labl":"Religi\u00f3n","var_imputation":null,"var_security":null,"var_resp_unit":null,"var_analysis_unit":null,"var_qstn_preqtxt":"Rasgos f\u00edsicos o apariencia externa","var_qstn_qstnlit":"\u00bfDurante los \u00faltimos doce meses ha tenido conocimiento de alg\u00fan caso de discriminaci\u00f3n laboral en su entidad, por al\u00adguno de estos motivos?\n\no. Religi\u00f3n\n\n1\tS\u00ed\n2\tNo\n9              Prefiere  no contestar","var_qstn_postqtxt":"Soy tratado con respeto por las personas con quienes trabajo","var_qstn_ivuinstr":"La pregunta de esta secci\u00f3n tiene como objetivo identificar situaciones de discriminaci\u00f3n laboral que se hayan presentado en el interior de las entidades p\u00fablicas y las causas que las motivaron. \nLa respuesta no implica que el servidor haya sido objeto de alguna de las situaciones de discrimina\u00adci\u00f3n mencionadas; solo si conoci\u00f3 que esta situa\u00adci\u00f3n se present\u00f3 en su entidad. \n\no. Religi\u00f3n: como la identidad religiosa, culto religioso que se profesa o por no tener una religi\u00f3n o creencia religiosa","var_universe":"Servidores p\u00fablicos pertenecientes al nivel central de las entidades de los poderes ejecutivo, legislativo y judicial; organismos de control; organismos aut\u00f3nomos; entes universitarios aut\u00f3nomos, de organizaci\u00f3n electoral y corporaciones aut\u00f3nomas regionales colombianas. (Vinculados por libre nombramiento y remoci\u00f3n, carrera administrativa y provisionalidad)","var_universe_clusion":"I","var_sumstat":[{"value":"10994","type":"vald","wgtd":null},{"value":"0","type":"invd","wgtd":null}],"var_txt":null,"var_catgry":[{"value":"1","labl":"Si","is_missing":null,"stats":[{"value":"259","type":"freq","wgtd":null}]},{"value":"2","labl":"No","is_missing":null,"stats":[{"value":"10379","type":"freq","wgtd":null}]},{"value":"9","labl":"Prefiere  no contestar","is_missing":null,"stats":[{"value":"356","type":"freq","wgtd":null}]}],"var_codinstr":null,"var_concept":[],"var_format":{"type":"numeric","schema":"other","category":null,"name":null},"var_notes":null,"var_val_range":{"min":"1","max":"9"},"fid":"F3","sid":"895","survey_idno":"DANE-DIMPE-EDID-REGION-2024"}

Religión

Rasgos físicos o apariencia externa

¿Durante los últimos doce meses ha tenido conocimiento de algún caso de discriminación laboral en su entidad, por al­guno de estos motivos?

o. Religión

1	Sí
2	No
9              Prefiere  no contestar

La pregunta de esta sección tiene como objetivo identificar situaciones de discriminación laboral que se hayan presentado en el interior de las entidades públicas y las causas que las motivaron. 
La respuesta no implica que el servidor haya sido objeto de alguna de las situaciones de discrimina­ción mencionadas; solo si conoció que esta situa­ción se presentó en su entidad. 

o. Religión: como la identidad religiosa, culto religioso que se profesa o por no tener una religión o creencia religiosa

Servidores públicos pertenecientes al nivel central de las entidades de los poderes ejecutivo, legislativo y judicial; organismos de control; organismos autónomos; entes universitarios autónomos, de organización electoral y corporaciones autónomas regionales colombianas. (Vinculados por libre nombramiento y remoción, carrera administrativa y provisionalidad)
