{"file_id":"F3","vid":"V562","name":"C21G","var_intrvl":"discrete","var_dcml":"0","var_wgt":null,"var_is_wgt":null,"loc_start_pos":null,"loc_end_pos":null,"loc_width":null,"loc_rec_seg_no":null,"labl":"Promovi\u00f3 la aplicaci\u00f3n de los valores del C\u00f3digo de integridad en el trabajo cotidiano.","var_imputation":null,"var_security":null,"var_resp_unit":null,"var_analysis_unit":null,"var_qstn_preqtxt":"Se interes\u00f3 en mi bienestar persona","var_qstn_qstnlit":"Pensando en su jefe\/a inmediato, \u00bfqu\u00e9 tan de acuerdo o en desacuerdo est\u00e1 usted con cada una de las siguientes afirmaciones?\n\ng. Promovi\u00f3 la aplicaci\u00f3n de los valores\ndel C\u00f3digo de integridad en el trabajo\ncotidiano:\n\n5\tTotalmente de acuerdo\n4\tDe acuerdo\n3              Ni de acuerdo ni en desacuerdo\n2\tEn desacuerdo\n1\tTotalmente en desacuerdo\n9              No tiene conocimiento\/ Prefiere no contestar","var_qstn_postqtxt":"Reconoci\u00f3 cuando hice bien mi trabajo","var_qstn_ivuinstr":"Esta pregunta hace referencia a la percepci\u00f3n de los y las servidoras con respecto a algunas actuaciones de sus jefes\/as inmediatos. De acuerdo con la organizaci\u00f3n jer\u00e1rquica de cada entidad, esta figura est\u00e1 relacionada con las l\u00edneas de mando determinadas por un conducto regular, siendo el jefe\/a inmediato la persona directamente a cargo de supervisar o asignar funciones a sus subordinados.\nDe esta forma, los siguientes literales se valoran en funci\u00f3n del grado de acuerdo o desacuerdo del servidor(a) respecto a diferentes acciones de los jefes\/as inmediatos de cada encuestado.\ng. Comunic\u00f3 est\u00e1ndares \u00e9ticos claros a sus subordinados: como parte de trabajo del equipo plantea criterios \u00e9ticos en el servicio p\u00fablico.","var_universe":"Servidores p\u00fablicos pertenecientes al nivel central de las entidades de los poderes ejecutivo, legislativo y judicial; organismos de control; organismos aut\u00f3nomos; entes universitarios aut\u00f3nomos, de organizaci\u00f3n electoral y corporaciones aut\u00f3nomas regionales colombianas. (Vinculados por libre nombramiento y remoci\u00f3n, carrera administrativa y provisionalidad)","var_universe_clusion":"I","var_sumstat":[{"value":"10994","type":"vald","wgtd":null},{"value":"0","type":"invd","wgtd":null}],"var_txt":null,"var_catgry":[{"value":"1","labl":"Totalmente en desacuerdo","is_missing":null,"stats":[{"value":"261","type":"freq","wgtd":null}]},{"value":"2","labl":"En desacuerdo","is_missing":null,"stats":[{"value":"537","type":"freq","wgtd":null}]},{"value":"3","labl":"Ni de acuerdo ni en desacuerdo","is_missing":null,"stats":[{"value":"1797","type":"freq","wgtd":null}]},{"value":"4","labl":"De acuerdo","is_missing":null,"stats":[{"value":"4716","type":"freq","wgtd":null}]},{"value":"5","labl":"Totalmente de acuerdo","is_missing":null,"stats":[{"value":"3302","type":"freq","wgtd":null}]},{"value":"9","labl":"No tiene conocimiento\/ Prefiere no contestar","is_missing":null,"stats":[{"value":"381","type":"freq","wgtd":null}]}],"var_codinstr":null,"var_concept":[],"var_format":{"type":"numeric","schema":"other","category":null,"name":null},"var_notes":null,"var_val_range":{"min":"1","max":"9"},"fid":"F3","sid":"895","survey_idno":"DANE-DIMPE-EDID-REGION-2024"}

Promovió la aplicación de los valores del Código de integridad en el trabajo cotidiano.

Se interesó en mi bienestar persona

Pensando en su jefe/a inmediato, ¿qué tan de acuerdo o en desacuerdo está usted con cada una de las siguientes afirmaciones?

g. Promovió la aplicación de los valores
del Código de integridad en el trabajo
cotidiano:

5	Totalmente de acuerdo
4	De acuerdo
3              Ni de acuerdo ni en desacuerdo
2	En desacuerdo
1	Totalmente en desacuerdo
9              No tiene conocimiento/ Prefiere no contestar

Reconoció cuando hice bien mi trabajo

Esta pregunta hace referencia a la percepción de los y las servidoras con respecto a algunas actuaciones de sus jefes/as inmediatos. De acuerdo con la organización jerárquica de cada entidad, esta figura está relacionada con las líneas de mando determinadas por un conducto regular, siendo el jefe/a inmediato la persona directamente a cargo de supervisar o asignar funciones a sus subordinados.
De esta forma, los siguientes literales se valoran en función del grado de acuerdo o desacuerdo del servidor(a) respecto a diferentes acciones de los jefes/as inmediatos de cada encuestado.
g. Comunicó estándares éticos claros a sus subordinados: como parte de trabajo del equipo plantea criterios éticos en el servicio público.

Servidores públicos pertenecientes al nivel central de las entidades de los poderes ejecutivo, legislativo y judicial; organismos de control; organismos autónomos; entes universitarios autónomos, de organización electoral y corporaciones autónomas regionales colombianas. (Vinculados por libre nombramiento y remoción, carrera administrativa y provisionalidad)
