{"file_id":"F3","vid":"V574","name":"C23E","var_intrvl":"discrete","var_dcml":"0","var_wgt":null,"var_is_wgt":null,"loc_start_pos":null,"loc_end_pos":null,"loc_width":null,"loc_rec_seg_no":null,"labl":"Promovi\u00f3 la equidad entre hombres y mujeres","var_imputation":null,"var_security":null,"var_resp_unit":null,"var_analysis_unit":null,"var_qstn_preqtxt":"Cont\u00f3 con mecanismos para reconocer la labor de sus servidores\/as","var_qstn_qstnlit":"Durante los \u00faltimos doce meses su entidad\u2026:\n\ne. Promovi\u00f3 la equidad entre hombres y mujeres: \n\n5\tTotalmente de acuerdo\n4\tDe acuerdo\n3              Ni de acuerdo ni en desacuerdo\n2\tEn desacuerdo\n1\tTotalmente en desacuerdo\n9              No tiene conocimiento\/ Prefiere no contestar","var_qstn_postqtxt":"Promovi\u00f3 talleres u otras actividades de integraci\u00f3n para fomentar los valores del C\u00f3digo de integridad del servicio p\u00fablico Colombiano","var_qstn_ivuinstr":"Esta pregunta hace referencia a la existencia y promoci\u00f3n de valores, pol\u00edticas e instrumentos orientados a dinamizar las relaciones sociales y laborales al interior de la entidad.\nDe esta forma, los literales de esta pregunta se valoran en funci\u00f3n del grado de acuerdo o desacuerdo que tenga el servidor(a) frente a diferentes circunstancias propias de las relaciones sociales en el \u00e1mbito laboral.\ne. Promovi\u00f3 la equidad entre hombres y mujeres: medidas que compensan condiciones sociales que pueden ser considerados como desventajas relacionadas por el g\u00e9nero. Por ejemplo, la maternidad o responsabilidades familiares o de cuidado de ni\u00f1os o adultos mayores.","var_universe":"Servidores p\u00fablicos pertenecientes al nivel central de las entidades de los poderes ejecutivo, legislativo y judicial; organismos de control; organismos aut\u00f3nomos; entes universitarios aut\u00f3nomos, de organizaci\u00f3n electoral y corporaciones aut\u00f3nomas regionales colombianas. (Vinculados por libre nombramiento y remoci\u00f3n, carrera administrativa y provisionalidad)","var_universe_clusion":"I","var_sumstat":[{"value":"10994","type":"vald","wgtd":null},{"value":"0","type":"invd","wgtd":null}],"var_txt":null,"var_catgry":[{"value":"1","labl":"Totalmente en desacuerdo","is_missing":null,"stats":[{"value":"208","type":"freq","wgtd":null}]},{"value":"2","labl":"En desacuerdo","is_missing":null,"stats":[{"value":"600","type":"freq","wgtd":null}]},{"value":"3","labl":"Ni de acuerdo ni en desacuerdo","is_missing":null,"stats":[{"value":"2015","type":"freq","wgtd":null}]},{"value":"4","labl":"De acuerdo","is_missing":null,"stats":[{"value":"4761","type":"freq","wgtd":null}]},{"value":"5","labl":"Totalmente de acuerdo","is_missing":null,"stats":[{"value":"2693","type":"freq","wgtd":null}]},{"value":"9","labl":"No tiene conocimiento\/ Prefiere no contestar","is_missing":null,"stats":[{"value":"717","type":"freq","wgtd":null}]}],"var_codinstr":null,"var_concept":[],"var_format":{"type":"numeric","schema":"other","category":null,"name":null},"var_notes":null,"var_val_range":{"min":"1","max":"9"},"fid":"F3","sid":"895","survey_idno":"DANE-DIMPE-EDID-REGION-2024"}

Promovió la equidad entre hombres y mujeres

Contó con mecanismos para reconocer la labor de sus servidores/as

Durante los últimos doce meses su entidad…:

e. Promovió la equidad entre hombres y mujeres: 

5	Totalmente de acuerdo
4	De acuerdo
3              Ni de acuerdo ni en desacuerdo
2	En desacuerdo
1	Totalmente en desacuerdo
9              No tiene conocimiento/ Prefiere no contestar

Promovió talleres u otras actividades de integración para fomentar los valores del Código de integridad del servicio público Colombiano

Esta pregunta hace referencia a la existencia y promoción de valores, políticas e instrumentos orientados a dinamizar las relaciones sociales y laborales al interior de la entidad.
De esta forma, los literales de esta pregunta se valoran en función del grado de acuerdo o desacuerdo que tenga el servidor(a) frente a diferentes circunstancias propias de las relaciones sociales en el ámbito laboral.
e. Promovió la equidad entre hombres y mujeres: medidas que compensan condiciones sociales que pueden ser considerados como desventajas relacionadas por el género. Por ejemplo, la maternidad o responsabilidades familiares o de cuidado de niños o adultos mayores.

Servidores públicos pertenecientes al nivel central de las entidades de los poderes ejecutivo, legislativo y judicial; organismos de control; organismos autónomos; entes universitarios autónomos, de organización electoral y corporaciones autónomas regionales colombianas. (Vinculados por libre nombramiento y remoción, carrera administrativa y provisionalidad)
