{"file_id":"F3","vid":"V584","name":"D02B","var_intrvl":"discrete","var_dcml":"0","var_wgt":null,"var_is_wgt":null,"loc_start_pos":null,"loc_end_pos":null,"loc_width":null,"loc_rec_seg_no":null,"labl":"Tengo expectativas de un ascenso en los pr\u00f3ximos doce meses","var_imputation":null,"var_security":"El acceso a microdatos y Mam-up se considera como de tratamiento especial respecto a la reserva estad\u00edstica por tanto estar\u00e1 sujeto a la reglamentaci\u00f3n que para el efecto defina el Comit\u00e9 de Aseguramiento de la reserva estad\u00edstica. Resoluci\u00f3n 173 de 2008.","var_resp_unit":null,"var_analysis_unit":null,"var_qstn_preqtxt":"En mi trabajo actual tengo oportunidades para desarrollar mi carrera","var_qstn_qstnlit":"\u00bfQu\u00e9 tan de acuerdo o en desacuerdo est\u00e1 usted con las siguientes afirmaciones sobre sus oportunidades para desarrollar su carrera laboral?\n\nb. Tengo expectativas de un ascenso en los pr\u00f3ximos doce meses:\n\n5\tTotalmente de acuerdo\n4\tDe acuerdo\n3              Ni de acuerdo ni en desacuerdo\n2\tEn desacuerdo\n1\tTotalmente en desacuerdo\n9              No tiene conocimiento\/ Prefiere no contestar","var_qstn_postqtxt":"A\u00f1os de experiencia en el sector p\u00fablico.","var_qstn_ivuinstr":"Esta pregunta pretender conocer las expectativas de los servidores frente a la posibilidad de crecer laboralmente en la organizaci\u00f3n en la cual trabajan.\nb. Tengo expectativas de un ascenso en los pr\u00f3ximos doce meses: expectativa frente a la posibilidad de mejorar su posici\u00f3n laborar en la organizaci\u00f3n en los siguientes doce meses.","var_universe":"Servidores p\u00fablicos pertenecientes al nivel central de las entidades de los poderes ejecutivo, legislativo y judicial; organismos de control; organismos aut\u00f3nomos; entes universitarios aut\u00f3nomos, de organizaci\u00f3n electoral y corporaciones aut\u00f3nomas regionales colombianas. (Vinculados por libre nombramiento y remoci\u00f3n, carrera administrativa y provisionalidad)","var_universe_clusion":"I","var_sumstat":[{"value":"10994","type":"vald","wgtd":null},{"value":"0","type":"invd","wgtd":null}],"var_txt":null,"var_catgry":[{"value":"1","labl":"Totalmente en desacuerdo","is_missing":null,"stats":[{"value":"1926","type":"freq","wgtd":null}]},{"value":"2","labl":"En desacuerdo","is_missing":null,"stats":[{"value":"1905","type":"freq","wgtd":null}]},{"value":"3","labl":"Ni de acuerdo ni en desacuerdo","is_missing":null,"stats":[{"value":"1998","type":"freq","wgtd":null}]},{"value":"4","labl":"De acuerdo","is_missing":null,"stats":[{"value":"2468","type":"freq","wgtd":null}]},{"value":"5","labl":"Totalmente de acuerdo","is_missing":null,"stats":[{"value":"1710","type":"freq","wgtd":null}]},{"value":"9","labl":"No tiene conocimiento\/ Prefiere no contestar","is_missing":null,"stats":[{"value":"987","type":"freq","wgtd":null}]}],"var_codinstr":null,"var_concept":[],"var_format":{"type":"numeric","schema":"other","category":null,"name":null},"var_notes":null,"var_val_range":{"min":"1","max":"9"},"fid":"F3","sid":"895","survey_idno":"DANE-DIMPE-EDID-REGION-2024"}

Tengo expectativas de un ascenso en los próximos doce meses

El acceso a microdatos y Mam-up se considera como de tratamiento especial respecto a la reserva estadística por tanto estará sujeto a la reglamentación que para el efecto defina el Comité de Aseguramiento de la reserva estadística. Resolución 173 de 2008.

¿Qué tan de acuerdo o en desacuerdo está usted con las siguientes afirmaciones sobre sus oportunidades para desarrollar su carrera laboral?

b. Tengo expectativas de un ascenso en los próximos doce meses:

5	Totalmente de acuerdo
4	De acuerdo
3              Ni de acuerdo ni en desacuerdo
2	En desacuerdo
1	Totalmente en desacuerdo
9              No tiene conocimiento/ Prefiere no contestar

Años de experiencia en el sector público.

Esta pregunta pretender conocer las expectativas de los servidores frente a la posibilidad de crecer laboralmente en la organización en la cual trabajan.
b. Tengo expectativas de un ascenso en los próximos doce meses: expectativa frente a la posibilidad de mejorar su posición laborar en la organización en los siguientes doce meses.

Servidores públicos pertenecientes al nivel central de las entidades de los poderes ejecutivo, legislativo y judicial; organismos de control; organismos autónomos; entes universitarios autónomos, de organización electoral y corporaciones autónomas regionales colombianas. (Vinculados por libre nombramiento y remoción, carrera administrativa y provisionalidad)
