{"file_id":"F3","vid":"V591","name":"D05","var_intrvl":"discrete","var_dcml":"0","var_wgt":null,"var_is_wgt":null,"loc_start_pos":null,"loc_end_pos":null,"loc_width":null,"loc_rec_seg_no":null,"labl":"Antes de su \u00faltima evaluaci\u00f3n de desempe\u00f1o individual, \u00bfse establecieron y discutieron con usted los objetivos a alcanzar?","var_imputation":null,"var_security":null,"var_resp_unit":null,"var_analysis_unit":null,"var_qstn_preqtxt":"\u00bfSu entidad cuenta con alg\u00fan sistema para evaluar el desempe\u00f1o de sus servidores\/as?","var_qstn_qstnlit":"Antes de su \u00faltima evaluaci\u00f3n de desempe\u00f1o individual, \u00bfse establecieron y discutieron con usted los objetivos a alcanzar?\n\n1=S\u00ed\n2=No\n9=Prefiero no contestar","var_qstn_postqtxt":"Mi superior evalu\u00f3 mi desempe\u00f1o de manera justa","var_qstn_ivuinstr":null,"var_universe":"Servidores p\u00fablicos pertenecientes al nivel central de las entidades de los poderes ejecutivo, legislativo y judicial; organismos de control; organismos aut\u00f3nomos; entes universitarios aut\u00f3nomos, de organizaci\u00f3n electoral y corporaciones aut\u00f3nomas regionales colombianas. (Vinculados por libre nombramiento y remoci\u00f3n, carrera administrativa y provisionalidad)","var_universe_clusion":"I","var_sumstat":[{"value":"9972","type":"vald","wgtd":null},{"value":"1022","type":"invd","wgtd":null}],"var_txt":null,"var_catgry":[{"value":"1","labl":"S\u00ed","is_missing":null,"stats":[{"value":"7799","type":"freq","wgtd":null}]},{"value":"2","labl":"No","is_missing":null,"stats":[{"value":"1247","type":"freq","wgtd":null}]},{"value":"9","labl":"Prefiero no contestar","is_missing":null,"stats":[{"value":"926","type":"freq","wgtd":null}]},{"value":"Sysmiss","labl":null,"is_missing":"Y","stats":[{"value":"1022","type":"freq","wgtd":null}]}],"var_codinstr":null,"var_concept":[],"var_format":{"type":"numeric","schema":"other","category":null,"name":null},"var_notes":null,"var_val_range":{"min":"1","max":"9"},"fid":"F3","sid":"895","survey_idno":"DANE-DIMPE-EDID-REGION-2024"}

Antes de su última evaluación de desempeño individual, ¿se establecieron y discutieron con usted los objetivos a alcanzar?

¿Su entidad cuenta con algún sistema para evaluar el desempeño de sus servidores/as?

Antes de su última evaluación de desempeño individual, ¿se establecieron y discutieron con usted los objetivos a alcanzar?

1=Sí
2=No
9=Prefiero no contestar

Mi superior evaluó mi desempeño de manera justa

Servidores públicos pertenecientes al nivel central de las entidades de los poderes ejecutivo, legislativo y judicial; organismos de control; organismos autónomos; entes universitarios autónomos, de organización electoral y corporaciones autónomas regionales colombianas. (Vinculados por libre nombramiento y remoción, carrera administrativa y provisionalidad)

Sí
