{"file_id":"F3","vid":"V597","name":"D07","var_intrvl":"discrete","var_dcml":"0","var_wgt":null,"var_is_wgt":null,"loc_start_pos":null,"loc_end_pos":null,"loc_width":null,"loc_rec_seg_no":null,"labl":"\u00bfTuvo la oportunidad de conversar sobre los resultados de su \u00faltima evaluaci\u00f3n de desempe\u00f1o individual con su superior directo?","var_imputation":null,"var_security":"El acceso a microdatos y Mam-up se considera como de tratamiento especial respecto a la reserva estad\u00edstica por tanto estar\u00e1 sujeto a la reglamentaci\u00f3n que para el efecto defina el Comit\u00e9 de Aseguramiento de la reserva estad\u00edstica. Resoluci\u00f3n 173 de 2008.","var_resp_unit":null,"var_analysis_unit":null,"var_qstn_preqtxt":"Fue tenida en cuenta para acceder a programas de capacitaci\u00f3n y est\u00edmulos","var_qstn_qstnlit":"\u00bfTuvo la oportunidad de conversar sobre los resultados de su \u00faltima evaluaci\u00f3n de desempe\u00f1o individual con su superior directo?\t\n\n1 S\u00ed\n2 No","var_qstn_postqtxt":"Ser\u00eda dif\u00edcil que me desvinculen del sector p\u00fablico","var_qstn_ivuinstr":"La pregunta busca establecer si con posterioridad a la evaluaci\u00f3n de desempe\u00f1o se realiz\u00f3 un ejercicio a trav\u00e9s del cual evaluador y evaluado pudieron conversar sobre el resultado de la evaluaci\u00f3n.","var_universe":"Servidores p\u00fablicos pertenecientes al nivel central de las entidades de los poderes ejecutivo, legislativo y judicial; organismos de control; organismos aut\u00f3nomos; entes universitarios aut\u00f3nomos, de organizaci\u00f3n electoral y corporaciones aut\u00f3nomas regionales colombianas. (Vinculados por libre nombramiento y remoci\u00f3n, carrera administrativa y provisionalidad)","var_universe_clusion":"I","var_sumstat":[{"value":"9972","type":"vald","wgtd":null},{"value":"1022","type":"invd","wgtd":null}],"var_txt":"De acuerdo con la Ley 909 de 2004, la discriminaci\u00f3n laboral es todo trato diferenciado por razones de raza, edad, g\u00e9nero, origen familiar o nacional, credo religioso, preferencia pol\u00edtica o situaci\u00f3n social o que carezca de toda razonabilidad desde el punto de vista laboral.","var_catgry":[{"value":"1","labl":"Si","is_missing":null,"stats":[{"value":"6379","type":"freq","wgtd":null}]},{"value":"2","labl":"No","is_missing":null,"stats":[{"value":"3593","type":"freq","wgtd":null}]},{"value":"Sysmiss","labl":null,"is_missing":"Y","stats":[{"value":"1022","type":"freq","wgtd":null}]}],"var_codinstr":null,"var_concept":[],"var_format":{"type":"numeric","schema":"other","category":null,"name":null},"var_notes":null,"var_val_range":{"min":"1","max":"2"},"fid":"F3","sid":"895","survey_idno":"DANE-DIMPE-EDID-REGION-2024"}

¿Tuvo la oportunidad de conversar sobre los resultados de su última evaluación de desempeño individual con su superior directo?

El acceso a microdatos y Mam-up se considera como de tratamiento especial respecto a la reserva estadística por tanto estará sujeto a la reglamentación que para el efecto defina el Comité de Aseguramiento de la reserva estadística. Resolución 173 de 2008.

Fue tenida en cuenta para acceder a programas de capacitación y estímulos

¿Tuvo la oportunidad de conversar sobre los resultados de su última evaluación de desempeño individual con su superior directo?	

1 Sí
2 No

Sería difícil que me desvinculen del sector público

La pregunta busca establecer si con posterioridad a la evaluación de desempeño se realizó un ejercicio a través del cual evaluador y evaluado pudieron conversar sobre el resultado de la evaluación.

Servidores públicos pertenecientes al nivel central de las entidades de los poderes ejecutivo, legislativo y judicial; organismos de control; organismos autónomos; entes universitarios autónomos, de organización electoral y corporaciones autónomas regionales colombianas. (Vinculados por libre nombramiento y remoción, carrera administrativa y provisionalidad)

De acuerdo con la Ley 909 de 2004, la discriminación laboral es todo trato diferenciado por razones de raza, edad, género, origen familiar o nacional, credo religioso, preferencia política o situación social o que carezca de toda razonabilidad desde el punto de vista laboral.
