{"file_id":"F3","vid":"V598","name":"D08A","var_intrvl":"discrete","var_dcml":"0","var_wgt":null,"var_is_wgt":null,"loc_start_pos":null,"loc_end_pos":null,"loc_width":null,"loc_rec_seg_no":null,"labl":"Ser\u00eda dif\u00edcil que me desvinculen del sector p\u00fablico","var_imputation":null,"var_security":"El acceso a microdatos y Mam-up se considera como de tratamiento especial respecto a la reserva estad\u00edstica por tanto estar\u00e1 sujeto a la reglamentaci\u00f3n que para el efecto defina el Comit\u00e9 de Aseguramiento de la reserva estad\u00edstica. Resoluci\u00f3n 173 de 2008.","var_resp_unit":null,"var_analysis_unit":null,"var_qstn_preqtxt":"\u00bfTuvo la oportunidad de conversar sobre los resultados de su \u00faltima evaluaci\u00f3n de desempe\u00f1o individual con su superior directo?","var_qstn_qstnlit":"Pensando en su estabilidad laboral, \u00bfqu\u00e9 tan de acuerdo o en desacuerdo est\u00e1 usted con las siguientes afirmaciones?\n\na. Ser\u00eda dif\u00edcil que me desvinculen del sector p\u00fablico:\n\n5\tTotalmente de acuerdo\n4\tDe acuerdo\n3              Ni de acuerdo ni en desacuerdo\n2\tEn desacuerdo\n1\tTotalmente en desacuerdo\n9              No tiene conocimiento\/ Prefiere no contestar","var_qstn_postqtxt":"Si no tengo un buen desempe\u00f1o laboral, podr\u00eda perder mi empleo","var_qstn_ivuinstr":"La pregunta hace referencia a la percepci\u00f3n de las y los servidores sobre la posibilidad de perder su trabajo en el sector p\u00fablico.\na. Ser\u00eda dif\u00edcil que me desvinculen del sector p\u00fablico: percepci\u00f3n sobre la posibilidad de perder su trabajo como servidor\/a p\u00fablico.","var_universe":"Servidores p\u00fablicos pertenecientes al nivel central de las entidades de los poderes ejecutivo, legislativo y judicial; organismos de control; organismos aut\u00f3nomos; entes universitarios aut\u00f3nomos, de organizaci\u00f3n electoral y corporaciones aut\u00f3nomas regionales colombianas. (Vinculados por libre nombramiento y remoci\u00f3n, carrera administrativa y provisionalidad)","var_universe_clusion":"I","var_sumstat":[{"value":"10994","type":"vald","wgtd":null},{"value":"0","type":"invd","wgtd":null}],"var_txt":null,"var_catgry":[{"value":"1","labl":"Totalmente en desacuerdo","is_missing":null,"stats":[{"value":"644","type":"freq","wgtd":null}]},{"value":"2","labl":"En desacuerdo","is_missing":null,"stats":[{"value":"1406","type":"freq","wgtd":null}]},{"value":"3","labl":"Ni de acuerdo ni en desacuerdo","is_missing":null,"stats":[{"value":"2756","type":"freq","wgtd":null}]},{"value":"4","labl":"De acuerdo","is_missing":null,"stats":[{"value":"3104","type":"freq","wgtd":null}]},{"value":"5","labl":"Totalmente de acuerdo","is_missing":null,"stats":[{"value":"2189","type":"freq","wgtd":null}]},{"value":"9","labl":"No tiene conocimiento \/ prefiere no contestar","is_missing":null,"stats":[{"value":"895","type":"freq","wgtd":null}]}],"var_codinstr":null,"var_concept":[],"var_format":{"type":"numeric","schema":"other","category":null,"name":null},"var_notes":null,"var_val_range":{"min":"1","max":"9"},"fid":"F3","sid":"895","survey_idno":"DANE-DIMPE-EDID-REGION-2024"}

Sería difícil que me desvinculen del sector público

El acceso a microdatos y Mam-up se considera como de tratamiento especial respecto a la reserva estadística por tanto estará sujeto a la reglamentación que para el efecto defina el Comité de Aseguramiento de la reserva estadística. Resolución 173 de 2008.

¿Tuvo la oportunidad de conversar sobre los resultados de su última evaluación de desempeño individual con su superior directo?

Pensando en su estabilidad laboral, ¿qué tan de acuerdo o en desacuerdo está usted con las siguientes afirmaciones?

a. Sería difícil que me desvinculen del sector público:

5	Totalmente de acuerdo
4	De acuerdo
3              Ni de acuerdo ni en desacuerdo
2	En desacuerdo
1	Totalmente en desacuerdo
9              No tiene conocimiento/ Prefiere no contestar

Si no tengo un buen desempeño laboral, podría perder mi empleo

La pregunta hace referencia a la percepción de las y los servidores sobre la posibilidad de perder su trabajo en el sector público.
a. Sería difícil que me desvinculen del sector público: percepción sobre la posibilidad de perder su trabajo como servidor/a público.

Servidores públicos pertenecientes al nivel central de las entidades de los poderes ejecutivo, legislativo y judicial; organismos de control; organismos autónomos; entes universitarios autónomos, de organización electoral y corporaciones autónomas regionales colombianas. (Vinculados por libre nombramiento y remoción, carrera administrativa y provisionalidad)
