{"file_id":"F3","vid":"V622","name":"E04A","var_intrvl":"contin","var_dcml":"0","var_wgt":null,"var_is_wgt":null,"loc_start_pos":null,"loc_end_pos":null,"loc_width":null,"loc_rec_seg_no":null,"labl":"Manejo de plataformas de colaboraci\u00f3n virtual","var_imputation":null,"var_security":"El acceso a microdatos y Mam-up se considera como de tratamiento especial respecto a la reserva estad\u00edstica por tanto estar\u00e1 sujeto a la reglamentaci\u00f3n que para el efecto defina el Comit\u00e9 de Aseguramiento de la reserva estad\u00edstica. Resoluci\u00f3n 173 de 2008.","var_resp_unit":null,"var_analysis_unit":null,"var_qstn_preqtxt":"\u00bfCree usted que su entidad fomenta las habilidades digitales que necesita para realizar su trabajo actual?","var_qstn_qstnlit":"En una escala del 1 al 5, donde un 1 es \u201cNo me siento capacitado\/a\u201d y un 5 es \u201cMe siento perfectamente capacitado\/a\u201d, c\u00f3mo calificar\u00eda su nivel de capacitaci\u00f3n con relaci\u00f3n a las siguientes competencias:\n\na. Manejo de plataformas de colaboraci\u00f3n virtual:\n\n5\tMe siento perfectamente capacitado\/a\t\n4\t\t\n3\t\t\n2\t\t\n1\tNo me siento capacitado\/a\t\n99\tNo tiene conocimiento \/ Prefiere no contestar","var_qstn_postqtxt":"Trabajo con documentos colaborativos","var_qstn_ivuinstr":"La pregunta indaga por la percepci\u00f3n de los servidores\/as con respecto a poseer los conocimientos o competencias en el uso de tecnolog\u00edas de la informaci\u00f3n requeridos en su cargo para realizar sus funciones.\n\na. Manejo de plataformas de colaboraci\u00f3n virtual: herramientas que permiten la interacci\u00f3n y el trabajo entre miembros de un equipo de trabajo mediadas por las tecnolog\u00edas de la informaci\u00f3n y comunicaciones (por ejemplo, Microsoft Teams, Slack)","var_universe":"Servidores p\u00fablicos pertenecientes al nivel central de las entidades de los poderes ejecutivo, legislativo y judicial; organismos de control; organismos aut\u00f3nomos; entes universitarios aut\u00f3nomos, de organizaci\u00f3n electoral y corporaciones aut\u00f3nomas regionales colombianas. (Vinculados por libre nombramiento y remoci\u00f3n, carrera administrativa y provisionalidad)","var_universe_clusion":"I","var_sumstat":[{"value":"10994","type":"vald","wgtd":null},{"value":"0","type":"invd","wgtd":null}],"var_txt":null,"var_catgry":[{"value":"1","labl":"No me siento capacitado\/a","is_missing":null,"stats":[{"value":"641","type":"freq","wgtd":null}]},{"value":"2","labl":null,"is_missing":null,"stats":[{"value":"501","type":"freq","wgtd":null}]},{"value":"3","labl":null,"is_missing":null,"stats":[{"value":"2419","type":"freq","wgtd":null}]},{"value":"4","labl":null,"is_missing":null,"stats":[{"value":"3590","type":"freq","wgtd":null}]},{"value":"5","labl":"Me siento perfectamente capacitado\/a","is_missing":null,"stats":[{"value":"3503","type":"freq","wgtd":null}]},{"value":"99","labl":null,"is_missing":null,"stats":[{"value":"340","type":"freq","wgtd":null}]}],"var_codinstr":null,"var_concept":[],"var_format":{"type":"numeric","schema":"other","category":null,"name":null},"var_notes":null,"var_val_range":{"min":"1","max":"99"},"fid":"F3","sid":"895","survey_idno":"DANE-DIMPE-EDID-REGION-2024"}

Manejo de plataformas de colaboración virtual

El acceso a microdatos y Mam-up se considera como de tratamiento especial respecto a la reserva estadística por tanto estará sujeto a la reglamentación que para el efecto defina el Comité de Aseguramiento de la reserva estadística. Resolución 173 de 2008.

En una escala del 1 al 5, donde un 1 es “No me siento capacitado/a” y un 5 es “Me siento perfectamente capacitado/a”, cómo calificaría su nivel de capacitación con relación a las siguientes competencias:

a. Manejo de plataformas de colaboración virtual:

5	Me siento perfectamente capacitado/a	
4		
3		
2		
1	No me siento capacitado/a	
99	No tiene conocimiento / Prefiere no contestar

La pregunta indaga por la percepción de los servidores/as con respecto a poseer los conocimientos o competencias en el uso de tecnologías de la información requeridos en su cargo para realizar sus funciones.

a. Manejo de plataformas de colaboración virtual: herramientas que permiten la interacción y el trabajo entre miembros de un equipo de trabajo mediadas por las tecnologías de la información y comunicaciones (por ejemplo, Microsoft Teams, Slack)

Servidores públicos pertenecientes al nivel central de las entidades de los poderes ejecutivo, legislativo y judicial; organismos de control; organismos autónomos; entes universitarios autónomos, de organización electoral y corporaciones autónomas regionales colombianas. (Vinculados por libre nombramiento y remoción, carrera administrativa y provisionalidad)
