{"file_id":"F3","vid":"V626","name":"E05","var_intrvl":"discrete","var_dcml":"0","var_wgt":null,"var_is_wgt":null,"loc_start_pos":null,"loc_end_pos":null,"loc_width":null,"loc_rec_seg_no":null,"labl":"Debido a las funciones de su cargo, \u00bfproduce informaci\u00f3n num\u00e9rica o estad\u00edstica?      (Registros administrativos, encuestas, indicadores, anal\u00edtica de datos)","var_imputation":null,"var_security":"El acceso a microdatos y Mam-up se considera como de tratamiento especial respecto a la reserva estad\u00edstica por tanto estar\u00e1 sujeto a la reglamentaci\u00f3n que para el efecto defina el Comit\u00e9 de Aseguramiento de la reserva estad\u00edstica. Resoluci\u00f3n 173 de 2008.","var_resp_unit":null,"var_analysis_unit":null,"var_qstn_preqtxt":"Detecci\u00f3n y prevenci\u00f3n de riesgos de ciberseguridad","var_qstn_qstnlit":"Debido a las funciones de su cargo, \u00bfproduce informaci\u00f3n num\u00e9rica o estad\u00edstica?     \n(Registros administrativos, encuestas, indicadores, anal\u00edtica de datos) \n\n1\tS\u00ed\n2\tNo","var_qstn_postqtxt":"Datos num\u00e9ricos consolidados (Registros administrativos, informaci\u00f3n contable, inventarios)","var_qstn_ivuinstr":"La pregunta busca conocer si en el marco de sus funciones, el servidor\/a realiza alg\u00fan tipo de producci\u00f3n de informaci\u00f3n.\n\nRegistro administrativo: Conjunto de datos que contiene la informaci\u00f3n recogida y conservada por entidades y organizaciones en el cumplimiento de sus funciones o competencias misionales u objetos sociales. De igual forma, se consideran\nregistros administrativos las bases de datos con identificadores \u00fanicos asociados a n\u00fameros de identificaci\u00f3n personal, n\u00fameros de identificaci\u00f3n tributaria u otros, los datos geogr\u00e1ficos que permitan identificar o ubicar espacialmente los datos.\nIndicadores: Expresi\u00f3n cuantitativa observable y verificable, que permite describir caracter\u00edsticas, comportamiento o fen\u00f3menos de la realidad, a trav\u00e9s de la medici\u00f3n de una variable o relaci\u00f3n entre variables.","var_universe":"Servidores p\u00fablicos pertenecientes al nivel central de las entidades de los poderes ejecutivo, legislativo y judicial; organismos de control; organismos aut\u00f3nomos; entes universitarios aut\u00f3nomos, de organizaci\u00f3n electoral y corporaciones aut\u00f3nomas regionales colombianas. (Vinculados por libre nombramiento y remoci\u00f3n, carrera administrativa y provisionalidad)","var_universe_clusion":"I","var_sumstat":[{"value":"10994","type":"vald","wgtd":null},{"value":"0","type":"invd","wgtd":null}],"var_txt":null,"var_catgry":[{"value":"1","labl":"S\u00ed","is_missing":null,"stats":[{"value":"5228","type":"freq","wgtd":null}]},{"value":"2","labl":"No","is_missing":null,"stats":[{"value":"5766","type":"freq","wgtd":null}]}],"var_codinstr":null,"var_concept":[],"var_format":{"type":"numeric","schema":"other","category":null,"name":null},"var_notes":null,"var_val_range":{"min":"1","max":"2"},"fid":"F3","sid":"895","survey_idno":"DANE-DIMPE-EDID-REGION-2024"}

Debido a las funciones de su cargo, ¿produce información numérica o estadística?      (Registros administrativos, encuestas, indicadores, analítica de datos)

El acceso a microdatos y Mam-up se considera como de tratamiento especial respecto a la reserva estadística por tanto estará sujeto a la reglamentación que para el efecto defina el Comité de Aseguramiento de la reserva estadística. Resolución 173 de 2008.

Detección y prevención de riesgos de ciberseguridad

Debido a las funciones de su cargo, ¿produce información numérica o estadística?     
(Registros administrativos, encuestas, indicadores, analítica de datos) 

1	Sí
2	No

Datos numéricos consolidados (Registros administrativos, información contable, inventarios)

La pregunta busca conocer si en el marco de sus funciones, el servidor/a realiza algún tipo de producción de información.

Registro administrativo: Conjunto de datos que contiene la información recogida y conservada por entidades y organizaciones en el cumplimiento de sus funciones o competencias misionales u objetos sociales. De igual forma, se consideran
registros administrativos las bases de datos con identificadores únicos asociados a números de identificación personal, números de identificación tributaria u otros, los datos geográficos que permitan identificar o ubicar espacialmente los datos.
Indicadores: Expresión cuantitativa observable y verificable, que permite describir características, comportamiento o fenómenos de la realidad, a través de la medición de una variable o relación entre variables.

Servidores públicos pertenecientes al nivel central de las entidades de los poderes ejecutivo, legislativo y judicial; organismos de control; organismos autónomos; entes universitarios autónomos, de organización electoral y corporaciones autónomas regionales colombianas. (Vinculados por libre nombramiento y remoción, carrera administrativa y provisionalidad)

Sí
