{"file_id":"F3","vid":"V658","name":"F03H","var_intrvl":"discrete","var_dcml":"0","var_wgt":null,"var_is_wgt":null,"loc_start_pos":null,"loc_end_pos":null,"loc_width":null,"loc_rec_seg_no":null,"labl":"Paz total, memoria y derechos humanos.","var_imputation":null,"var_security":null,"var_resp_unit":null,"var_analysis_unit":null,"var_qstn_preqtxt":"Mujeres, inclusi\u00f3n y diversidad.","var_qstn_qstnlit":"Durante los \u00faltimos doce meses recibi\u00f3 capacitaci\u00f3n en los siguientes temas:\n\nh. Paz total, memoria y derechos humanos\n\n1\tS\u00ed\n2\tNo","var_qstn_postqtxt":"Territorio, vida y ambiente.","var_qstn_ivuinstr":"La pregunta tiene como objetivo identificar si los y las servidores\/as recibieron formaci\u00f3n sobre algunos instrumentos relacionados con cultura de legalidad y transparencia en la entidad.\n\nh. Paz total, memoria y derechos humanos: de acuerdo con el PND 2022-2026, es la apuesta para que el centro de todas las decisiones de pol\u00edtica p\u00fablica sea la vida digna, de tal manera que los humanos y los ecosistemas sean respetados y protegidos. Se trata de generar transformaciones territoriales, superar el d\u00e9ficit de derechos econ\u00f3micos, sociales, culturales, ambientales, y acabar con las violencias armadas, tanto aquellas de origen sociopol\u00edtico como las que est\u00e1n marcadas por el lucro, la acumulaci\u00f3n y el aseguramiento de riqueza.","var_universe":"Servidores p\u00fablicos pertenecientes al nivel central de las entidades de los poderes ejecutivo, legislativo y judicial; organismos de control; organismos aut\u00f3nomos; entes universitarios aut\u00f3nomos, de organizaci\u00f3n electoral y corporaciones aut\u00f3nomas regionales colombianas. (Vinculados por libre nombramiento y remoci\u00f3n, carrera administrativa y provisionalidad)","var_universe_clusion":"I","var_sumstat":[{"value":"10994","type":"vald","wgtd":null},{"value":"0","type":"invd","wgtd":null}],"var_txt":null,"var_catgry":[{"value":"1","labl":"Si","is_missing":null,"stats":[{"value":"3515","type":"freq","wgtd":null}]},{"value":"2","labl":"No","is_missing":null,"stats":[{"value":"7479","type":"freq","wgtd":null}]}],"var_codinstr":null,"var_concept":[],"var_format":{"type":"numeric","schema":"other","category":null,"name":null},"var_notes":null,"var_val_range":{"min":"1","max":"2"},"fid":"F3","sid":"895","survey_idno":"DANE-DIMPE-EDID-REGION-2024"}

Mujeres, inclusión y diversidad.

Durante los últimos doce meses recibió capacitación en los siguientes temas:

h. Paz total, memoria y derechos humanos

1	Sí
2	No

La pregunta tiene como objetivo identificar si los y las servidores/as recibieron formación sobre algunos instrumentos relacionados con cultura de legalidad y transparencia en la entidad.

h. Paz total, memoria y derechos humanos: de acuerdo con el PND 2022-2026, es la apuesta para que el centro de todas las decisiones de política pública sea la vida digna, de tal manera que los humanos y los ecosistemas sean respetados y protegidos. Se trata de generar transformaciones territoriales, superar el déficit de derechos económicos, sociales, culturales, ambientales, y acabar con las violencias armadas, tanto aquellas de origen sociopolítico como las que están marcadas por el lucro, la acumulación y el aseguramiento de riqueza.

Servidores públicos pertenecientes al nivel central de las entidades de los poderes ejecutivo, legislativo y judicial; organismos de control; organismos autónomos; entes universitarios autónomos, de organización electoral y corporaciones autónomas regionales colombianas. (Vinculados por libre nombramiento y remoción, carrera administrativa y provisionalidad)
