{"file_id":"F3","vid":"V663","name":"F04C","var_intrvl":"discrete","var_dcml":"0","var_wgt":null,"var_is_wgt":null,"loc_start_pos":null,"loc_end_pos":null,"loc_width":null,"loc_rec_seg_no":null,"labl":"Capacit\u00f3 a sus servidores y contratistas en la identificaci\u00f3n, declaraci\u00f3n y gesti\u00f3n de posibles conflictos de intereses","var_imputation":null,"var_security":null,"var_resp_unit":null,"var_analysis_unit":null,"var_qstn_preqtxt":"Generaci\u00f3n y dise\u00f1o de soluciones innovadoras","var_qstn_qstnlit":"Frente al C\u00f3digo de integridad y valores del servicio p\u00fablico que viene\ndesarrollando la entidad:\n\nc. Capacit\u00f3 a sus servidores y contratistas en la identificaci\u00f3n, declaraci\u00f3n y gesti\u00f3n de posibles conflictos de intereses\n\n1=Si\n2=No\n3=No sabe, no responde","var_qstn_postqtxt":"Evalu\u00f3 la implementaci\u00f3n de la estrategia anual de integridad p\u00fablica definida o actualizada","var_qstn_ivuinstr":"La pregunta tiene como objetivo identificar las tem\u00e1ticas que sobre gesti\u00f3n del conocimiento e innovaci\u00f3n recibieron formaci\u00f3n los y las servidores\/as.","var_universe":"Servidores p\u00fablicos pertenecientes al nivel central de las entidades de los poderes ejecutivo, legislativo y judicial; organismos de control; organismos aut\u00f3nomos; entes universitarios aut\u00f3nomos, de organizaci\u00f3n electoral y corporaciones aut\u00f3nomas regionales colombianas. (Vinculados por libre nombramiento y remoci\u00f3n, carrera administrativa y provisionalidad)","var_universe_clusion":"I","var_sumstat":[{"value":"7341","type":"vald","wgtd":null},{"value":"3653","type":"invd","wgtd":null}],"var_txt":null,"var_catgry":[{"value":"1","labl":"Si","is_missing":null,"stats":[{"value":"5272","type":"freq","wgtd":null}]},{"value":"2","labl":"No","is_missing":null,"stats":[{"value":"2069","type":"freq","wgtd":null}]},{"value":"3","labl":"No sabe, no responde","is_missing":null,"stats":[{"value":"0","type":"freq","wgtd":null}]},{"value":"Sysmiss","labl":null,"is_missing":"Y","stats":[{"value":"3653","type":"freq","wgtd":null}]}],"var_codinstr":null,"var_concept":[],"var_format":{"type":"numeric","schema":"other","category":null,"name":null},"var_notes":null,"var_val_range":{"min":"1","max":"2"},"fid":"F3","sid":"895","survey_idno":"DANE-DIMPE-EDID-REGION-2024"}

Capacitó a sus servidores y contratistas en la identificación, declaración y gestión de posibles conflictos de intereses

Generación y diseño de soluciones innovadoras

Frente al Código de integridad y valores del servicio público que viene
desarrollando la entidad:

c. Capacitó a sus servidores y contratistas en la identificación, declaración y gestión de posibles conflictos de intereses

1=Si
2=No
3=No sabe, no responde

Evaluó la implementación de la estrategia anual de integridad pública definida o actualizada

La pregunta tiene como objetivo identificar las temáticas que sobre gestión del conocimiento e innovación recibieron formación los y las servidores/as.

Servidores públicos pertenecientes al nivel central de las entidades de los poderes ejecutivo, legislativo y judicial; organismos de control; organismos autónomos; entes universitarios autónomos, de organización electoral y corporaciones autónomas regionales colombianas. (Vinculados por libre nombramiento y remoción, carrera administrativa y provisionalidad)
