{"file_id":"F3","vid":"V665","name":"F04E","var_intrvl":"discrete","var_dcml":"0","var_wgt":null,"var_is_wgt":null,"loc_start_pos":null,"loc_end_pos":null,"loc_width":null,"loc_rec_seg_no":null,"labl":"Aplic\u00f3 el test de integridad para establecer el nivel de apropiaci\u00f3n de los valores del C\u00f3digo de integridad.","var_imputation":null,"var_security":null,"var_resp_unit":null,"var_analysis_unit":null,"var_qstn_preqtxt":"Evalu\u00f3 la implementaci\u00f3n de la estrategia anual de integridad p\u00fablica definida o actualizada","var_qstn_qstnlit":"Frente al C\u00f3digo de integridad y valores del servicio p\u00fablico que viene\ndesarrollando la entidad:\n\ne. Aplic\u00f3 el test de integridad para establecer el nivel de apropiaci\u00f3n de los valores del C\u00f3digo de integridad.\n\n1=Si\n2=No\n3=No sabe, no responde","var_qstn_postqtxt":"Ninguna de las anteriores","var_qstn_ivuinstr":null,"var_universe":"Servidores p\u00fablicos pertenecientes al nivel central de las entidades de los poderes ejecutivo, legislativo y judicial; organismos de control; organismos aut\u00f3nomos; entes universitarios aut\u00f3nomos, de organizaci\u00f3n electoral y corporaciones aut\u00f3nomas regionales colombianas. (Vinculados por libre nombramiento y remoci\u00f3n, carrera administrativa y provisionalidad)","var_universe_clusion":"I","var_sumstat":[{"value":"7341","type":"vald","wgtd":null},{"value":"3653","type":"invd","wgtd":null}],"var_txt":null,"var_catgry":[{"value":"1","labl":"Si","is_missing":null,"stats":[{"value":"4485","type":"freq","wgtd":null}]},{"value":"2","labl":"No","is_missing":null,"stats":[{"value":"2856","type":"freq","wgtd":null}]},{"value":"3","labl":"No sabe, no responde","is_missing":null,"stats":[{"value":"0","type":"freq","wgtd":null}]},{"value":"Sysmiss","labl":null,"is_missing":"Y","stats":[{"value":"3653","type":"freq","wgtd":null}]}],"var_codinstr":null,"var_concept":[],"var_format":{"type":"numeric","schema":"other","category":null,"name":null},"var_notes":null,"var_val_range":{"min":"1","max":"2"},"fid":"F3","sid":"895","survey_idno":"DANE-DIMPE-EDID-REGION-2024"}

Aplicó el test de integridad para establecer el nivel de apropiación de los valores del Código de integridad.

Evaluó la implementación de la estrategia anual de integridad pública definida o actualizada

Frente al Código de integridad y valores del servicio público que viene
desarrollando la entidad:

e. Aplicó el test de integridad para establecer el nivel de apropiación de los valores del Código de integridad.

1=Si
2=No
3=No sabe, no responde

Servidores públicos pertenecientes al nivel central de las entidades de los poderes ejecutivo, legislativo y judicial; organismos de control; organismos autónomos; entes universitarios autónomos, de organización electoral y corporaciones autónomas regionales colombianas. (Vinculados por libre nombramiento y remoción, carrera administrativa y provisionalidad)
