{"file_id":"F3","vid":"V680","name":"F08C","var_intrvl":"discrete","var_dcml":"0","var_wgt":null,"var_is_wgt":null,"loc_start_pos":null,"loc_end_pos":null,"loc_width":null,"loc_rec_seg_no":null,"labl":"Se hizo seguimiento a la ejecuci\u00f3n de las actividades de la entidad","var_imputation":null,"var_security":null,"var_resp_unit":null,"var_analysis_unit":null,"var_qstn_preqtxt":"La entidad planific\u00f3 el uso de sus recursos (humanos, f\u00edsicos, financieros)","var_qstn_qstnlit":"Durante los \u00faltimos doce meses, considera que:\n\nc. Se hizo seguimiento a la ejecuci\u00f3n de las actividades de la entidad.\n\n5\tTotalmente de acuerdo\n4\tDe acuerdo\n3              Medianamente importante\n2\tEn desacuerdo\n1\tTotalmente en desacuerdo\n9              No tiene conocimiento \/ prefiere no","var_qstn_postqtxt":"Se hizo seguimiento al avance en el cumplimiento de metas y objetivos","var_qstn_ivuinstr":null,"var_universe":"Servidores p\u00fablicos pertenecientes al nivel central de las entidades de los poderes ejecutivo, legislativo y judicial; organismos de control; organismos aut\u00f3nomos; entes universitarios aut\u00f3nomos, de organizaci\u00f3n electoral y corporaciones aut\u00f3nomas regionales colombianas. (Vinculados por libre nombramiento y remoci\u00f3n, carrera administrativa y provisionalidad)","var_universe_clusion":"I","var_sumstat":[{"value":"10994","type":"vald","wgtd":null},{"value":"0","type":"invd","wgtd":null}],"var_txt":null,"var_catgry":[{"value":"1","labl":"Totalmente en desacuerdo","is_missing":null,"stats":[{"value":"126","type":"freq","wgtd":null}]},{"value":"2","labl":"En desacuerdo","is_missing":null,"stats":[{"value":"290","type":"freq","wgtd":null}]},{"value":"3","labl":"Medianamente importante","is_missing":null,"stats":[{"value":"1233","type":"freq","wgtd":null}]},{"value":"4","labl":"De acuerdo","is_missing":null,"stats":[{"value":"5184","type":"freq","wgtd":null}]},{"value":"5","labl":"Totalmente de acuerdo","is_missing":null,"stats":[{"value":"2194","type":"freq","wgtd":null}]},{"value":"9","labl":"No tiene conocimiento","is_missing":null,"stats":[{"value":"1967","type":"freq","wgtd":null}]}],"var_codinstr":null,"var_concept":[],"var_format":{"type":"numeric","schema":"other","category":null,"name":null},"var_notes":null,"var_val_range":{"min":"1","max":"9"},"fid":"F3","sid":"895","survey_idno":"DANE-DIMPE-EDID-REGION-2024"}

Se hizo seguimiento a la ejecución de las actividades de la entidad

La entidad planificó el uso de sus recursos (humanos, físicos, financieros)

Durante los últimos doce meses, considera que:

c. Se hizo seguimiento a la ejecución de las actividades de la entidad.

5	Totalmente de acuerdo
4	De acuerdo
3              Medianamente importante
2	En desacuerdo
1	Totalmente en desacuerdo
9              No tiene conocimiento / prefiere no

Servidores públicos pertenecientes al nivel central de las entidades de los poderes ejecutivo, legislativo y judicial; organismos de control; organismos autónomos; entes universitarios autónomos, de organización electoral y corporaciones autónomas regionales colombianas. (Vinculados por libre nombramiento y remoción, carrera administrativa y provisionalidad)
