{"file_id":"F3","vid":"V682","name":"F08E","var_intrvl":"discrete","var_dcml":"0","var_wgt":null,"var_is_wgt":null,"loc_start_pos":null,"loc_end_pos":null,"loc_width":null,"loc_rec_seg_no":null,"labl":"Los programas de capacitaci\u00f3n contribuyeron al cumplimiento de los objetivos misionales","var_imputation":null,"var_security":null,"var_resp_unit":null,"var_analysis_unit":null,"var_qstn_preqtxt":"Se hizo seguimiento al avance en el cumplimiento de metas y objetivos","var_qstn_qstnlit":"Durante los \u00faltimos doce meses, considera que:\n\ne. Los programas de capacitaci\u00f3n contribuyeron al cumplimiento de los objetivos misionales\n\n5\tTotalmente de acuerdo\n4\tDe acuerdo\n3              Medianamente importante\n2\tEn desacuerdo\n1\tTotalmente en desacuerdo\n9              No tiene conocimiento \/ prefiere no","var_qstn_postqtxt":"Los planes institucionales de la entidad incluyeron acciones para promover la participaci\u00f3n ciudadana en el control de la gesti\u00f3n p\u00fablica:","var_qstn_ivuinstr":null,"var_universe":"Servidores p\u00fablicos pertenecientes al nivel central de las entidades de los poderes ejecutivo, legislativo y judicial; organismos de control; organismos aut\u00f3nomos; entes universitarios aut\u00f3nomos, de organizaci\u00f3n electoral y corporaciones aut\u00f3nomas regionales colombianas. (Vinculados por libre nombramiento y remoci\u00f3n, carrera administrativa y provisionalidad)","var_universe_clusion":"I","var_sumstat":[{"value":"10994","type":"vald","wgtd":null},{"value":"0","type":"invd","wgtd":null}],"var_txt":null,"var_catgry":[{"value":"1","labl":"Totalmente en desacuerdo","is_missing":null,"stats":[{"value":"247","type":"freq","wgtd":null}]},{"value":"2","labl":"En desacuerdo","is_missing":null,"stats":[{"value":"600","type":"freq","wgtd":null}]},{"value":"3","labl":"Medianamente importante","is_missing":null,"stats":[{"value":"1928","type":"freq","wgtd":null}]},{"value":"4","labl":"De acuerdo","is_missing":null,"stats":[{"value":"4557","type":"freq","wgtd":null}]},{"value":"5","labl":"Totalmente de acuerdo","is_missing":null,"stats":[{"value":"1790","type":"freq","wgtd":null}]},{"value":"9","labl":"No tiene conocimiento","is_missing":null,"stats":[{"value":"1872","type":"freq","wgtd":null}]}],"var_codinstr":null,"var_concept":[],"var_format":{"type":"numeric","schema":"other","category":null,"name":null},"var_notes":null,"var_val_range":{"min":"1","max":"9"},"fid":"F3","sid":"895","survey_idno":"DANE-DIMPE-EDID-REGION-2024"}

Los programas de capacitación contribuyeron al cumplimiento de los objetivos misionales

Durante los últimos doce meses, considera que:

e. Los programas de capacitación contribuyeron al cumplimiento de los objetivos misionales

5	Totalmente de acuerdo
4	De acuerdo
3              Medianamente importante
2	En desacuerdo
1	Totalmente en desacuerdo
9              No tiene conocimiento / prefiere no

Los planes institucionales de la entidad incluyeron acciones para promover la participación ciudadana en el control de la gestión pública:

Servidores públicos pertenecientes al nivel central de las entidades de los poderes ejecutivo, legislativo y judicial; organismos de control; organismos autónomos; entes universitarios autónomos, de organización electoral y corporaciones autónomas regionales colombianas. (Vinculados por libre nombramiento y remoción, carrera administrativa y provisionalidad)
