{"file_id":"F3","vid":"V693","name":"G03D","var_intrvl":"discrete","var_dcml":"0","var_wgt":null,"var_is_wgt":null,"loc_start_pos":null,"loc_end_pos":null,"loc_width":null,"loc_rec_seg_no":null,"labl":"Capacitaciones a servidores\/as y ciudadan\u00eda para la rendici\u00f3n de cuentas.","var_imputation":null,"var_security":"El acceso a microdatos y Mam-up se considera como de tratamiento especial respecto a la reserva estad\u00edstica por tanto estar\u00e1 sujeto a la reglamentaci\u00f3n que para el efecto defina el Comit\u00e9 de Aseguramiento de la reserva estad\u00edstica. Resoluci\u00f3n 173 de 2008.","var_resp_unit":null,"var_analysis_unit":null,"var_qstn_preqtxt":"Audiencias p\u00fablicas","var_qstn_qstnlit":"Durante los \u00faltimos doce meses, \u00bfasisti\u00f3 a alguna de las siguientes acciones de rendici\u00f3n de cuentas en su entidad?\n\nd.\tCapacitaciones a servidores\/as y ciudadan\u00eda para la rendici\u00f3n de cuentas.\n1\tS\u00ed\n2\tNo","var_qstn_postqtxt":"Acciones para el di\u00e1logo a trav\u00e9s de: redes sociales, chats, foros virtuales, blogs, etc.","var_qstn_ivuinstr":"Esta pregunta esta dirigida a los funcionarios que conocieron o participaron en alg\u00fan escenario de rendici\u00f3n de cuentas dispuesto por la entidad durante el a\u00f1o en curso. Debido a que la rendici\u00f3n de cuentas puede realizarse en diversos espacios o medios, a continuaci\u00f3n se indican algunos escenarios que pudieron o no realizarse en la entidad parte de su proceso de rendici\u00f3n de cuentas. \n\nd. Capacitaciones a servidores\/as y ciudadan\u00eda para la rendici\u00f3n de cuentas: espacios aca\u00add\u00e9micos y de educaci\u00f3n continua y perma\u00adnente, con los cuales la entidad refuerza su capacidad de gesti\u00f3n y conduce a la forma\u00adci\u00f3n de un p\u00fablico id\u00f3neo en la discusi\u00f3n de los temas naturales a su misi\u00f3n.","var_universe":"Servidores p\u00fablicos pertenecientes al nivel central de las entidades de los poderes ejecutivo, legislativo y judicial; organismos de control; organismos aut\u00f3nomos; entes universitarios aut\u00f3nomos, de organizaci\u00f3n electoral y corporaciones aut\u00f3nomas regionales colombianas. (Vinculados por libre nombramiento y remoci\u00f3n, carrera administrativa y provisionalidad)","var_universe_clusion":"I","var_sumstat":[{"value":"4762","type":"vald","wgtd":null},{"value":"6232","type":"invd","wgtd":null}],"var_txt":null,"var_catgry":[{"value":"1","labl":"S\u00ed","is_missing":null,"stats":[{"value":"2652","type":"freq","wgtd":null}]},{"value":"2","labl":"No","is_missing":null,"stats":[{"value":"2110","type":"freq","wgtd":null}]},{"value":"Sysmiss","labl":null,"is_missing":"Y","stats":[{"value":"6232","type":"freq","wgtd":null}]}],"var_codinstr":null,"var_concept":[],"var_format":{"type":"numeric","schema":"other","category":null,"name":null},"var_notes":null,"var_val_range":{"min":"1","max":"2"},"fid":"F3","sid":"895","survey_idno":"DANE-DIMPE-EDID-REGION-2024"}

Capacitaciones a servidores/as y ciudadanía para la rendición de cuentas.

El acceso a microdatos y Mam-up se considera como de tratamiento especial respecto a la reserva estadística por tanto estará sujeto a la reglamentación que para el efecto defina el Comité de Aseguramiento de la reserva estadística. Resolución 173 de 2008.

Audiencias públicas

Durante los últimos doce meses, ¿asistió a alguna de las siguientes acciones de rendición de cuentas en su entidad?

d.	Capacitaciones a servidores/as y ciudadanía para la rendición de cuentas.
1	Sí
2	No

Acciones para el diálogo a través de: redes sociales, chats, foros virtuales, blogs, etc.

Esta pregunta esta dirigida a los funcionarios que conocieron o participaron en algún escenario de rendición de cuentas dispuesto por la entidad durante el año en curso. Debido a que la rendición de cuentas puede realizarse en diversos espacios o medios, a continuación se indican algunos escenarios que pudieron o no realizarse en la entidad parte de su proceso de rendición de cuentas. 

d. Capacitaciones a servidores/as y ciudadanía para la rendición de cuentas: espacios aca­démicos y de educación continua y perma­nente, con los cuales la entidad refuerza su capacidad de gestión y conduce a la forma­ción de un público idóneo en la discusión de los temas naturales a su misión.

Servidores públicos pertenecientes al nivel central de las entidades de los poderes ejecutivo, legislativo y judicial; organismos de control; organismos autónomos; entes universitarios autónomos, de organización electoral y corporaciones autónomas regionales colombianas. (Vinculados por libre nombramiento y remoción, carrera administrativa y provisionalidad)

Sí
