{"file_id":"F3","vid":"V700","name":"G07C","var_intrvl":"discrete","var_dcml":"0","var_wgt":null,"var_is_wgt":null,"loc_start_pos":null,"loc_end_pos":null,"loc_width":null,"loc_rec_seg_no":null,"labl":"Implement\u00f3 una estrategia para racionalizar sus tr\u00e1mites.","var_imputation":null,"var_security":"El acceso a microdatos y Mam-up se considera como de tratamiento especial respecto a la reserva estad\u00edstica por tanto estar\u00e1 sujeto a la reglamentaci\u00f3n que para el efecto defina el Comit\u00e9 de Aseguramiento de la reserva estad\u00edstica. Resoluci\u00f3n 173 de 2008.","var_resp_unit":null,"var_analysis_unit":null,"var_qstn_preqtxt":"Explic\u00f3 a sus servidores\/as los alcances y medidas del Plan Anticorrupci\u00f3n y de Atenci\u00f3n Ciudadana.","var_qstn_qstnlit":"Durante los \u00faltimos doce meses, considera que la entidad:\n\nc. Implement\u00f3 una estrategia para racionalizar sus tr\u00e1mites. \n\n5\tTotalmente de acuerdo\n4\tDe acuerdo\n3              Medianamente importante\n2\tEn desacuerdo\n1\tTotalmente en desacuerdo\n9              No tiene conocimiento \/ prefiere no contestar","var_qstn_postqtxt":"Implement\u00f3 una estrategia para mejorar la atenci\u00f3n a la ciudadan\u00eda.","var_qstn_ivuinstr":"Esta pregunta hace referencia al conocimiento que tiene sobre algunos de los aspectos contenidos en el Plan Anticorrupci\u00f3n y de Atenci\u00f3n al Ciudadano de sus entidades.\n\nc.\tImplement\u00f3 una estrategia para racionalizar sus tr\u00e1mites: acciones realizadas por la entidad para realizar modificaciones tendientes a suprimir tr\u00e1mites, procedimientos o requisitos para acceder a productos o servicios de la administraci\u00f3n p\u00fablica o de inter\u00e9s p\u00fablico.","var_universe":"Servidores p\u00fablicos pertenecientes al nivel central de las entidades de los poderes ejecutivo, legislativo y judicial; organismos de control; organismos aut\u00f3nomos; entes universitarios aut\u00f3nomos, de organizaci\u00f3n electoral y corporaciones aut\u00f3nomas regionales colombianas. (Vinculados por libre nombramiento y remoci\u00f3n, carrera administrativa y provisionalidad)","var_universe_clusion":"I","var_sumstat":[{"value":"10994","type":"vald","wgtd":null},{"value":"0","type":"invd","wgtd":null}],"var_txt":null,"var_catgry":[{"value":"1","labl":"Totalmente en desacuerdo","is_missing":null,"stats":[{"value":"232","type":"freq","wgtd":null}]},{"value":"2","labl":"En desacuerdo","is_missing":null,"stats":[{"value":"662","type":"freq","wgtd":null}]},{"value":"3","labl":"Medianamente importante","is_missing":null,"stats":[{"value":"1640","type":"freq","wgtd":null}]},{"value":"4","labl":"De acuerdo","is_missing":null,"stats":[{"value":"4557","type":"freq","wgtd":null}]},{"value":"5","labl":"Totalmente de acuerdo","is_missing":null,"stats":[{"value":"1711","type":"freq","wgtd":null}]},{"value":"9","labl":"No tiene conocimiento","is_missing":null,"stats":[{"value":"2192","type":"freq","wgtd":null}]}],"var_codinstr":null,"var_concept":[],"var_format":{"type":"numeric","schema":"other","category":null,"name":null},"var_notes":null,"var_val_range":{"min":"1","max":"9"},"fid":"F3","sid":"895","survey_idno":"DANE-DIMPE-EDID-REGION-2024"}

Implementó una estrategia para racionalizar sus trámites.

El acceso a microdatos y Mam-up se considera como de tratamiento especial respecto a la reserva estadística por tanto estará sujeto a la reglamentación que para el efecto defina el Comité de Aseguramiento de la reserva estadística. Resolución 173 de 2008.

Explicó a sus servidores/as los alcances y medidas del Plan Anticorrupción y de Atención Ciudadana.

Durante los últimos doce meses, considera que la entidad:

c. Implementó una estrategia para racionalizar sus trámites. 

5	Totalmente de acuerdo
4	De acuerdo
3              Medianamente importante
2	En desacuerdo
1	Totalmente en desacuerdo
9              No tiene conocimiento / prefiere no contestar

Implementó una estrategia para mejorar la atención a la ciudadanía.

Esta pregunta hace referencia al conocimiento que tiene sobre algunos de los aspectos contenidos en el Plan Anticorrupción y de Atención al Ciudadano de sus entidades.

c.	Implementó una estrategia para racionalizar sus trámites: acciones realizadas por la entidad para realizar modificaciones tendientes a suprimir trámites, procedimientos o requisitos para acceder a productos o servicios de la administración pública o de interés público.

Servidores públicos pertenecientes al nivel central de las entidades de los poderes ejecutivo, legislativo y judicial; organismos de control; organismos autónomos; entes universitarios autónomos, de organización electoral y corporaciones autónomas regionales colombianas. (Vinculados por libre nombramiento y remoción, carrera administrativa y provisionalidad)
