{"file_id":"F4","vid":"V749","name":"B10","var_intrvl":"discrete","var_dcml":null,"var_wgt":null,"var_is_wgt":null,"loc_start_pos":null,"loc_end_pos":null,"loc_width":"8","loc_rec_seg_no":null,"labl":"Categorias de discapacidad","var_imputation":null,"var_security":null,"var_resp_unit":null,"var_analysis_unit":null,"var_qstn_preqtxt":null,"var_qstn_qstnlit":"Categorias de discapacidad\n\n1=Auditiva\n2=F\u00edsica\n3=Intelectual\n4=Visual\n5=Sordoceguera\n6=Psicosocial(mental)\n7=M\u00faltiple","var_qstn_postqtxt":null,"var_qstn_ivuinstr":null,"var_universe":"Servidoras(es) p\u00fablicos pertenecientes al nivel central de las entidades de los poderes ejecutivo, legislativo y judicial; organismos de control; organismos aut\u00f3nomos; entes universitarios aut\u00f3nomos; organizaci\u00f3n electoral; y corporaciones aut\u00f3nomas regionales.","var_universe_clusion":"I","var_sumstat":[{"value":"333","type":"vald","wgtd":null},{"value":"0","type":"invd","wgtd":null}],"var_txt":null,"var_catgry":[{"value":"1","labl":"Auditiva","is_missing":null,"stats":[{"value":"55","type":"freq","wgtd":null}]},{"value":"2","labl":"F\u00edsica","is_missing":null,"stats":[{"value":"178","type":"freq","wgtd":null}]},{"value":"3","labl":"Intelectual","is_missing":null,"stats":[{"value":"3","type":"freq","wgtd":null}]},{"value":"4","labl":"Visual","is_missing":null,"stats":[{"value":"65","type":"freq","wgtd":null}]},{"value":"5","labl":"Sordoceguera","is_missing":null,"stats":[{"value":"0","type":"freq","wgtd":null}]},{"value":"6","labl":"Psicosocial(mental)","is_missing":null,"stats":[{"value":"20","type":"freq","wgtd":null}]},{"value":"7","labl":"M\u00faltiple","is_missing":null,"stats":[{"value":"12","type":"freq","wgtd":null}]}],"var_codinstr":null,"var_concept":[],"var_format":{"type":"character","schema":"other","category":null,"name":null},"var_notes":null,"var_val_range":{"min":null,"max":null},"fid":"F4","sid":"897","survey_idno":"DANE-DIMPE-EDID-REGION-2025"}

Categorias de discapacidad

1=Auditiva
2=Física
3=Intelectual
4=Visual
5=Sordoceguera
6=Psicosocial(mental)
7=Múltiple

Servidoras(es) públicos pertenecientes al nivel central de las entidades de los poderes ejecutivo, legislativo y judicial; organismos de control; organismos autónomos; entes universitarios autónomos; organización electoral; y corporaciones autónomas regionales.

Física

Múltiple
